-- https://www.phpmyadmin.net/
--

START TRANSACTION;



--
-- Database: `gotravo_cms`
--

-- --------------------------------------------------------

--
-- Table structure for table `addresses`
--

CREATE TABLE `addresses` (
  `id` int(10) UNSIGNED NOT NULL,
  `customer_id` int(11) DEFAULT NULL,
  `address` text DEFAULT NULL,
  `deleted_at` timestamp NULL DEFAULT NULL,
  `created_at` timestamp NULL DEFAULT NULL,
  `updated_at` timestamp NULL DEFAULT NULL
) ENGINE=InnoDB DEFAULT CHARSET=utf8 COLLATE=utf8_unicode_ci;

--
-- Dumping data for table `addresses`
--

INSERT INTO `addresses` (`id`, `customer_id`, `address`, `deleted_at`, `created_at`, `updated_at`) VALUES
(1, 4, '368 Matilda Landing Apt. 901Prohaskatown, SD 24803', NULL, '2023-12-23 20:21:00', '2023-12-23 20:21:00'),
(2, 4, '887 Sabina ParkwayNorth Robbie, GA 83557-9858', NULL, '2023-12-23 20:21:00', '2023-12-23 20:21:00'),
(3, 9, 'Shibin Al Qanater', NULL, '2023-12-25 20:32:32', '2023-12-25 20:32:32'),
(4, 9, 'Paris', NULL, '2023-12-25 20:32:32', '2023-12-25 20:32:32'),
(5, 5, '28114 Bernhard SpringsMcDermottberg, GA 86108', NULL, '2023-12-25 21:37:43', '2023-12-25 21:37:43'),
(6, 5, '66878 Dora MountainsKenyastad, NY 63820', NULL, '2023-12-25 21:37:43', '2023-12-25 21:37:43'),
(7, 10, 'Home', NULL, '2024-01-15 19:04:25', '2024-01-15 19:04:25'),
(8, 10, 'Am Schöpfwerk 29/7/46', NULL, '2024-01-16 21:40:52', '2024-01-16 21:40:52'),
(9, 10, 'Am Schöpfwerk', NULL, '2024-01-16 21:40:52', '2024-01-16 21:40:52');

-- --------------------------------------------------------

--
-- Table structure for table `api_settings`
--

CREATE TABLE `api_settings` (
  `id` int(10) UNSIGNED NOT NULL,
  `key_name` varchar(255) DEFAULT NULL,
  `key_value` text DEFAULT NULL,
  `created_at` timestamp NULL DEFAULT NULL,
  `updated_at` timestamp NULL DEFAULT NULL,
  `deleted_at` timestamp NULL DEFAULT NULL
) ENGINE=InnoDB DEFAULT CHARSET=utf8 COLLATE=utf8_unicode_ci;

--
-- Dumping data for table `api_settings`
--

INSERT INTO `api_settings` (`id`, `key_name`, `key_value`, `created_at`, `updated_at`, `deleted_at`) VALUES
(1, 'api', '1', '2021-11-20 07:03:58', '2021-11-20 07:03:58', NULL),
(2, 'anyone_register', '0', '2021-11-20 07:03:58', '2021-11-20 07:03:58', NULL),
(3, 'region_availability', 'region one, region two, region three', '2021-11-20 07:03:58', '2021-11-20 07:03:58', NULL),
(4, 'driver_review', '0', '2021-11-20 07:03:58', '2021-11-20 07:03:58', NULL),
(5, 'booking', '3', '2021-11-20 07:03:58', '2021-11-20 07:03:58', NULL),
(6, 'cancel', '2', '2021-11-20 07:03:58', '2021-11-20 07:03:58', NULL),
(7, 'max_trip', '1', '2021-11-20 07:03:58', '2021-11-20 07:03:58', NULL),
(8, 'api_key', '', '2021-11-20 07:03:58', '2021-11-20 07:03:58', NULL),
(9, 'db_url', '', '2021-11-20 07:03:58', '2021-11-20 07:03:58', NULL),
(10, 'db_secret', '', '2021-11-20 07:03:58', '2021-11-20 07:03:58', NULL),
(11, 'server_key', '', '2021-11-20 07:03:58', '2021-11-20 07:03:58', NULL),
(12, 'google_api', '0', '2021-11-20 07:03:58', '2021-11-20 07:03:58', NULL);

-- --------------------------------------------------------

--
-- Table structure for table `bookings`
--

CREATE TABLE `bookings` (
  `id` int(10) UNSIGNED NOT NULL,
  `service_id` int(11) NOT NULL,
  `customer_id` int(11) DEFAULT NULL,
  `user_id` int(11) DEFAULT NULL,
  `vehicle_id` int(11) DEFAULT NULL,
  `driver_id` int(11) DEFAULT NULL,
  `pickup` timestamp NULL DEFAULT NULL,
  `dropoff` timestamp NULL DEFAULT NULL,
  `duration` int(11) DEFAULT NULL,
  `city_from_id` int(11) NOT NULL,
  `city_to_id` int(11) NOT NULL,
  `duration_id` int(11) NOT NULL,
  `pickup_addr` varchar(255) DEFAULT NULL,
  `dest_addr` varchar(255) DEFAULT NULL,
  `note` text DEFAULT NULL,
  `travellers` int(11) NOT NULL DEFAULT 1,
  `cancellation` int(11) NOT NULL DEFAULT 0,
  `status` int(11) NOT NULL DEFAULT 0,
  `payment` int(11) NOT NULL DEFAULT 0,
  `created_at` timestamp NULL DEFAULT NULL,
  `updated_at` timestamp NULL DEFAULT NULL,
  `deleted_at` timestamp NULL DEFAULT NULL
) ENGINE=InnoDB DEFAULT CHARSET=utf8 COLLATE=utf8_unicode_ci;

--
-- Dumping data for table `bookings`
--

INSERT INTO `bookings` (`id`, `service_id`, `customer_id`, `user_id`, `vehicle_id`, `driver_id`, `pickup`, `dropoff`, `duration`, `city_from_id`, `city_to_id`, `duration_id`, `pickup_addr`, `dest_addr`, `note`, `travellers`, `cancellation`, `status`, `payment`, `created_at`, `updated_at`, `deleted_at`) VALUES
(1, 0, 4, 1, 1, 6, '2021-11-09 23:29:07', '2021-11-10 10:26:56', 2880, 1, 2, 0, '368 Matilda Landing Apt. 901\nProhaskatown, SD 24803', '887 Sabina Parkway\nNorth Robbie, GA 83557-9858', 'sample note', 2, 0, 1, 1, '2021-11-20 07:03:41', '2024-01-11 12:47:15', '2024-01-11 12:47:15'),
(2, 3, 5, 1, 1, 7, '2021-10-26 07:53:04', '2021-10-27 10:42:16', 2880, 1, 1, 0, '28114 Bernhard Springs\nMcDermottberg, GA 86108', '66878 Dora Mountains\nKenyastad, NY 63820', 'sample note', 3, 0, 0, 0, '2021-11-20 07:03:41', '2024-01-11 12:47:15', '2024-01-11 12:47:15'),
(3, 0, 4, 1, 1, 8, '2023-12-23 08:20:34', '2023-12-24 11:20:52', 120, 2, 1, 0, '368 Matilda Landing Apt. 901Prohaskatown, SD 24803', '887 Sabina ParkwayNorth Robbie, GA 83557-9858', NULL, 1, 0, 0, 0, '2023-12-23 20:21:00', '2024-01-11 12:47:15', '2024-01-11 12:47:15'),
(4, 0, 4, 1, 1, 8, '2023-12-31 22:19:44', '2024-01-04 22:19:44', 5760, 1, 4, 0, '368 Matilda Landing Apt. 901Prohaskatown, SD 24803', '887 Sabina ParkwayNorth Robbie, GA 83557-9858', NULL, 1, 0, 0, 0, '2023-12-24 00:20:47', '2024-01-11 12:47:48', '2024-01-11 12:47:48'),
(5, 0, 9, 1, 1, 8, '2023-12-25 20:03:52', '2023-12-26 22:32:20', 1588, 1, 1, 0, 'Shibin Al Qanater', 'Paris', NULL, 1, 0, 0, 1, '2023-12-25 20:32:32', '2024-01-11 12:47:48', '2024-01-11 12:47:48'),
(6, 0, 5, 1, 1, 8, '2024-01-06 21:37:13', '2024-02-03 21:37:13', 40320, 0, 0, 0, '28114 Bernhard SpringsMcDermottberg, GA 86108', '66878 Dora MountainsKenyastad, NY 63820', NULL, 1, 0, 0, 0, '2023-12-25 21:39:26', '2024-01-11 12:47:48', '2024-01-11 12:47:48'),
(7, 0, 4, 1, 1, 8, '2023-12-27 21:47:20', '2023-12-29 23:47:29', 3000, 1, 4, 0, '368 Matilda Landing Apt. 901Prohaskatown, SD 24803', '887 Sabina ParkwayNorth Robbie, GA 83557-9858', NULL, 1, 0, 0, 0, '2023-12-25 21:48:36', '2024-01-11 12:47:48', '2024-01-11 12:47:48'),
(8, 0, 9, 1, 2, 8, '2024-05-01 22:49:22', '2024-07-18 22:49:22', 112320, 1, 4, 0, 'Shibin Al Qanater', 'Paris', NULL, 3, 0, 0, 0, '2023-12-25 22:53:10', '2024-01-11 12:47:48', '2024-01-11 12:47:48'),
(9, 4, 4, 1, 1, 8, '2024-01-06 16:33:25', '2024-01-06 18:33:38', 120, 1, 4, 0, '368 Matilda Landing Apt. 901Prohaskatown, SD 24803', '887 Sabina ParkwayNorth Robbie, GA 83557-9858', NULL, 1, 0, 0, 1, '2024-01-06 16:38:31', '2024-01-11 12:47:48', '2024-01-11 12:47:48'),
(10, 3, 4, 1, 2, 8, '2024-03-09 18:57:49', '2024-03-28 18:57:49', 27360, 1, 4, 0, '368 Matilda Landing Apt. 901Prohaskatown, SD 24803', '887 Sabina ParkwayNorth Robbie, GA 83557-9858', NULL, 1, 0, 0, 1, '2024-01-06 19:06:54', '2024-01-11 12:47:48', '2024-01-11 12:47:48'),
(11, 3, 4, 1, 1, 8, '2024-01-31 19:21:07', '2024-02-02 19:21:07', 2880, 1, 4, 0, '368 Matilda Landing Apt. 901Prohaskatown, SD 24803', '887 Sabina ParkwayNorth Robbie, GA 83557-9858', NULL, 1, 0, 0, 1, '2024-01-06 19:24:51', '2024-01-11 12:47:48', '2024-01-11 12:47:48'),
(12, 3, 4, 1, 3, 6, '2024-01-02 19:50:31', '2024-01-15 21:50:53', 18840, 5, 6, 0, '368 Matilda Landing Apt. 901Prohaskatown, SD 24803', '887 Sabina ParkwayNorth Robbie, GA 83557-9858', NULL, 1, 0, 1, 1, '2024-01-06 21:08:38', '2024-01-11 12:47:48', '2024-01-11 12:47:48'),
(13, 6, 4, 1, 3, NULL, '2024-01-11 23:07:52', '2024-01-15 01:08:04', 4440, 5, 0, 4, '368 Matilda Landing Apt. 901Prohaskatown, SD 24803', '887 Sabina ParkwayNorth Robbie, GA 83557-9858', NULL, 1, 0, 0, 0, '2024-01-08 00:20:24', '2024-01-11 12:47:48', '2024-01-11 12:47:48'),
(14, 5, 10, 1, 4, NULL, '2024-01-18 21:40:06', '2024-01-20 22:40:34', 2940, 67, 0, 8, 'Am Schöpfwerk 29/7/46', 'Am Schöpfwerk', NULL, 4, 0, 0, 1, '2024-01-16 21:43:45', '2024-01-16 21:44:11', NULL),
(15, 6, 10, 1, 3, NULL, '2024-02-27 21:49:59', '2024-03-01 21:49:59', 4320, 67, 0, 4, 'Am Schöpfwerk 29/7/46', 'Am Schöpfwerk', NULL, 1, 0, 0, 0, '2024-01-16 21:57:41', '2024-01-16 22:20:25', '2024-01-16 22:20:25');

-- --------------------------------------------------------

--
-- Table structure for table `bookings_meta`
--

CREATE TABLE `bookings_meta` (
  `id` int(10) UNSIGNED NOT NULL,
  `booking_id` int(10) UNSIGNED NOT NULL,
  `type` varchar(255) NOT NULL DEFAULT 'null',
  `key` varchar(255) NOT NULL,
  `value` text DEFAULT NULL,
  `deleted_at` timestamp NULL DEFAULT NULL,
  `created_at` timestamp NULL DEFAULT NULL,
  `updated_at` timestamp NULL DEFAULT NULL
) ENGINE=InnoDB DEFAULT CHARSET=utf8 COLLATE=utf8_unicode_ci;

--
-- Dumping data for table `bookings_meta`
--

INSERT INTO `bookings_meta` (`id`, `booking_id`, `type`, `key`, `value`, `deleted_at`, `created_at`, `updated_at`) VALUES
(1, 1, 'integer', 'tax_total', '500', NULL, '2021-11-20 07:03:51', '2021-11-20 07:03:51'),
(2, 1, 'integer', 'total_tax_percent', '0', NULL, '2021-11-20 07:03:51', '2021-11-20 07:03:51'),
(3, 1, 'integer', 'total_tax_charge_rs', '0', NULL, '2021-11-20 07:03:51', '2021-11-20 07:03:51'),
(4, 1, 'string', 'ride_status', 'Completed', NULL, '2021-11-20 07:03:52', '2021-11-20 07:03:52'),
(5, 1, 'string', 'journey_date', '10-11-2021', NULL, '2021-11-20 07:03:52', '2021-11-20 07:03:52'),
(6, 1, 'string', 'journey_time', '04:59:07', NULL, '2021-11-20 07:03:52', '2021-11-20 07:03:52'),
(7, 1, 'integer', 'customerid', '4', NULL, '2021-11-20 07:03:52', '2021-11-20 07:03:52'),
(8, 1, 'integer', 'vehicleid', '1', NULL, '2021-11-20 07:03:52', '2021-11-20 07:03:52'),
(9, 1, 'integer', 'day', '1', NULL, '2021-11-20 07:03:52', '2021-11-20 07:03:52'),
(10, 1, 'integer', 'mileage', '10', NULL, '2021-11-20 07:03:52', '2021-11-20 07:03:52'),
(11, 1, 'integer', 'waiting_time', '0', NULL, '2021-11-20 07:03:52', '2021-11-20 07:03:52'),
(12, 1, 'string', 'date', '2021-11-20', NULL, '2021-11-20 07:03:52', '2021-11-20 07:03:52'),
(13, 1, 'integer', 'total', '500', NULL, '2021-11-20 07:03:52', '2021-11-20 07:03:52'),
(14, 1, 'integer', 'receipt', '1', NULL, '2021-11-20 07:03:52', '2021-11-20 07:03:52'),
(15, 2, 'string', 'ride_status', 'Ongoing', NULL, '2021-11-20 07:03:52', '2023-12-23 21:34:45'),
(16, 2, 'string', 'journey_date', '26-10-2021', NULL, '2021-11-20 07:03:52', '2021-11-20 07:03:52'),
(17, 2, 'string', 'journey_time', '13:23:04', NULL, '2021-11-20 07:03:52', '2021-11-20 07:03:52'),
(18, 3, 'string', 'udf', 'N;', NULL, '2023-12-23 20:21:00', '2023-12-23 20:21:00'),
(19, 3, 'integer', 'accept_status', '1', NULL, '2023-12-23 20:21:00', '2023-12-23 20:21:00'),
(20, 3, 'string', 'ride_status', 'Upcoming', NULL, '2023-12-23 20:21:00', '2023-12-23 20:21:00'),
(21, 3, 'integer', 'booking_type', '1', NULL, '2023-12-23 20:21:00', '2023-12-23 20:21:00'),
(22, 3, 'string', 'journey_date', '23-12-2023', NULL, '2023-12-23 20:21:00', '2023-12-23 20:21:00'),
(23, 3, 'string', 'journey_time', '22:20:34', NULL, '2023-12-23 20:21:00', '2023-12-23 20:21:00'),
(24, 2, 'string', 'customerid', '5', NULL, '2023-12-23 21:34:45', '2023-12-23 21:34:45'),
(25, 2, 'string', 'vehicleid', '1', NULL, '2023-12-23 21:34:45', '2023-12-23 21:34:45'),
(26, 2, 'string', 'day', '1', NULL, '2023-12-23 21:34:45', '2023-12-23 21:34:45'),
(27, 2, 'string', 'mileage', '10', NULL, '2023-12-23 21:34:45', '2023-12-23 21:34:45'),
(28, 2, 'string', 'waiting_time', '0', NULL, '2023-12-23 21:34:45', '2023-12-23 21:34:45'),
(29, 2, 'string', 'date', '2023-12-23', NULL, '2023-12-23 21:34:45', '2023-12-23 21:34:45'),
(30, 2, 'double', 'total', '500', NULL, '2023-12-23 21:34:45', '2023-12-23 21:34:45'),
(31, 2, 'string', 'total_kms', '10', NULL, '2023-12-23 21:34:45', '2023-12-23 21:34:45'),
(32, 2, 'double', 'tax_total', '500', NULL, '2023-12-23 21:34:45', '2023-12-23 21:34:45'),
(33, 2, 'double', 'total_tax_percent', '0', NULL, '2023-12-23 21:34:45', '2023-12-23 21:34:45'),
(34, 2, 'double', 'total_tax_charge_rs', '0', NULL, '2023-12-23 21:34:45', '2023-12-23 21:34:45'),
(35, 2, 'integer', 'receipt', '1', NULL, '2023-12-23 21:34:46', '2023-12-23 21:34:46'),
(36, 4, 'string', 'udf', 'N;', NULL, '2023-12-24 00:20:47', '2023-12-24 00:20:47'),
(37, 4, 'integer', 'accept_status', '1', NULL, '2023-12-24 00:20:47', '2023-12-24 00:20:47'),
(38, 4, 'string', 'ride_status', 'Upcoming', NULL, '2023-12-24 00:20:47', '2023-12-24 00:20:47'),
(39, 4, 'integer', 'booking_type', '1', NULL, '2023-12-24 00:20:47', '2023-12-24 00:20:47'),
(40, 4, 'string', 'journey_date', '01-01-2024', NULL, '2023-12-24 00:20:47', '2023-12-24 00:20:47'),
(41, 4, 'string', 'journey_time', '00:19:44', NULL, '2023-12-24 00:20:47', '2023-12-24 00:20:47'),
(42, 5, 'string', 'udf', 'a:1:{s:4:\"lang\";s:2:\"en\";}', NULL, '2023-12-25 20:32:32', '2023-12-25 20:32:32'),
(43, 5, 'integer', 'accept_status', '1', NULL, '2023-12-25 20:32:32', '2023-12-25 20:32:32'),
(44, 5, 'string', 'ride_status', 'Completed', NULL, '2023-12-25 20:32:32', '2023-12-25 20:49:28'),
(45, 5, 'integer', 'booking_type', '1', NULL, '2023-12-25 20:32:32', '2023-12-25 20:32:32'),
(46, 5, 'string', 'journey_date', '25-12-2023', NULL, '2023-12-25 20:32:32', '2023-12-25 20:32:32'),
(47, 5, 'string', 'journey_time', '22:03:52', NULL, '2023-12-25 20:32:32', '2023-12-25 20:32:32'),
(48, 5, 'string', 'customerid', '9', NULL, '2023-12-25 20:46:28', '2023-12-25 20:46:28'),
(49, 5, 'string', 'vehicleid', '1', NULL, '2023-12-25 20:46:28', '2023-12-25 20:46:28'),
(50, 5, 'string', 'day', '1', NULL, '2023-12-25 20:46:28', '2023-12-25 20:46:28'),
(51, 5, 'string', 'mileage', '10', NULL, '2023-12-25 20:46:28', '2023-12-25 20:46:28'),
(52, 5, 'string', 'waiting_time', '0', NULL, '2023-12-25 20:46:28', '2023-12-25 20:46:28'),
(53, 5, 'string', 'date', '2023-12-25', NULL, '2023-12-25 20:46:28', '2023-12-25 20:46:28'),
(54, 5, 'double', 'total', '500', NULL, '2023-12-25 20:46:28', '2023-12-25 20:46:28'),
(55, 5, 'string', 'total_kms', '10', NULL, '2023-12-25 20:46:28', '2023-12-25 20:46:28'),
(56, 5, 'double', 'tax_total', '500', NULL, '2023-12-25 20:46:28', '2023-12-25 20:46:28'),
(57, 5, 'double', 'total_tax_percent', '0', NULL, '2023-12-25 20:46:28', '2023-12-25 20:46:28'),
(58, 5, 'double', 'total_tax_charge_rs', '0', NULL, '2023-12-25 20:46:28', '2023-12-25 20:46:28'),
(59, 5, 'integer', 'receipt', '1', NULL, '2023-12-25 20:46:28', '2023-12-25 20:46:28'),
(60, 5, 'string', 'payment_method', 'cash', NULL, '2023-12-25 20:49:50', '2023-12-25 20:49:50'),
(61, 6, 'integer', 'accept_status', '1', NULL, '2023-12-25 21:39:26', '2023-12-25 21:39:26'),
(62, 6, 'string', 'ride_status', 'Upcoming', NULL, '2023-12-25 21:39:26', '2023-12-25 21:39:26'),
(63, 6, 'integer', 'booking_type', '1', NULL, '2023-12-25 21:39:26', '2023-12-25 21:39:26'),
(64, 6, 'string', 'journey_date', '06-01-2024', NULL, '2023-12-25 21:39:26', '2023-12-25 21:39:26'),
(65, 6, 'string', 'journey_time', '23:37:13', NULL, '2023-12-25 21:39:26', '2023-12-25 21:39:26'),
(66, 6, 'integer', 'receipt', '1', NULL, '2023-12-25 21:39:26', '2023-12-25 21:39:26'),
(67, 6, 'string', 'day', '1', NULL, '2023-12-25 21:39:26', '2023-12-25 21:39:26'),
(68, 6, 'string', 'mileage', '10', NULL, '2023-12-25 21:39:26', '2023-12-25 21:39:26'),
(69, 6, 'string', 'waiting_time', '0', NULL, '2023-12-25 21:39:26', '2023-12-25 21:39:26'),
(70, 6, 'string', 'date', '2023-12-25', NULL, '2023-12-25 21:39:26', '2023-12-25 21:39:26'),
(71, 6, 'double', 'total', '500', NULL, '2023-12-25 21:39:26', '2023-12-25 21:39:26'),
(72, 6, 'string', 'total_kms', '10', NULL, '2023-12-25 21:39:26', '2023-12-25 21:39:26'),
(73, 6, 'double', 'tax_total', '500', NULL, '2023-12-25 21:39:26', '2023-12-25 21:39:26'),
(74, 6, 'double', 'total_tax_percent', '0', NULL, '2023-12-25 21:39:26', '2023-12-25 21:39:26'),
(75, 6, 'double', 'total_tax_charge_rs', '0', NULL, '2023-12-25 21:39:26', '2023-12-25 21:39:26'),
(76, 7, 'string', 'udf', 'N;', NULL, '2023-12-25 21:48:36', '2023-12-25 21:48:36'),
(77, 7, 'integer', 'accept_status', '1', NULL, '2023-12-25 21:48:36', '2023-12-25 21:48:36'),
(78, 7, 'string', 'ride_status', 'Upcoming', NULL, '2023-12-25 21:48:36', '2023-12-25 21:48:36'),
(79, 7, 'integer', 'booking_type', '1', NULL, '2023-12-25 21:48:36', '2023-12-25 21:48:36'),
(80, 7, 'string', 'journey_date', '27-12-2023', NULL, '2023-12-25 21:48:36', '2023-12-25 21:48:36'),
(81, 7, 'string', 'journey_time', '23:47:20', NULL, '2023-12-25 21:48:36', '2023-12-25 21:48:36'),
(82, 8, 'string', 'udf', 'N;', NULL, '2023-12-25 22:53:10', '2023-12-25 22:53:10'),
(83, 8, 'integer', 'accept_status', '1', NULL, '2023-12-25 22:53:10', '2023-12-25 22:53:10'),
(84, 8, 'string', 'ride_status', 'Ongoing', NULL, '2023-12-25 22:53:10', '2024-01-06 17:10:29'),
(85, 8, 'integer', 'booking_type', '1', NULL, '2023-12-25 22:53:10', '2023-12-25 22:53:10'),
(86, 8, 'string', 'journey_date', '02-05-2024', NULL, '2023-12-25 22:53:10', '2023-12-25 22:53:10'),
(87, 8, 'string', 'journey_time', '00:49:22', NULL, '2023-12-25 22:53:10', '2023-12-25 22:53:10'),
(88, 9, 'integer', 'accept_status', '1', NULL, '2024-01-06 16:38:32', '2024-01-06 16:38:32'),
(89, 9, 'string', 'ride_status', 'Upcoming', NULL, '2024-01-06 16:38:32', '2024-01-06 16:38:32'),
(90, 9, 'integer', 'booking_type', '1', NULL, '2024-01-06 16:38:32', '2024-01-06 16:38:32'),
(91, 9, 'string', 'journey_date', '06-01-2024', NULL, '2024-01-06 16:38:32', '2024-01-06 16:38:32'),
(92, 9, 'string', 'journey_time', '18:33:25', NULL, '2024-01-06 16:38:32', '2024-01-06 16:38:32'),
(93, 9, 'integer', 'receipt', '1', NULL, '2024-01-06 16:38:32', '2024-01-06 16:38:32'),
(94, 9, 'string', 'day', '1', NULL, '2024-01-06 16:38:32', '2024-01-06 16:38:32'),
(95, 9, 'string', 'mileage', '200', NULL, '2024-01-06 16:38:32', '2024-01-06 16:38:32'),
(96, 9, 'string', 'waiting_time', '18', NULL, '2024-01-06 16:38:32', '2024-01-06 16:38:32'),
(97, 9, 'string', 'date', '2024-01-06', NULL, '2024-01-06 16:38:32', '2024-01-06 16:38:32'),
(98, 9, 'double', 'total', '233', NULL, '2024-01-06 16:38:32', '2024-01-06 16:38:32'),
(99, 9, 'string', 'total_kms', '200', NULL, '2024-01-06 16:38:32', '2024-01-06 16:38:32'),
(100, 9, 'double', 'tax_total', '0', NULL, '2024-01-06 16:38:32', '2024-01-06 16:38:32'),
(101, 9, 'double', 'total_tax_percent', '0', NULL, '2024-01-06 16:38:32', '2024-01-06 16:38:32'),
(102, 9, 'double', 'total_tax_charge_rs', '0', NULL, '2024-01-06 16:38:32', '2024-01-06 16:38:32'),
(103, 9, 'string', 'payment_method', 'cash', NULL, '2024-01-06 16:46:52', '2024-01-06 16:46:52'),
(104, 8, 'string', 'customerid', '9', NULL, '2024-01-06 17:10:29', '2024-01-06 17:10:29'),
(105, 8, 'string', 'vehicleid', '2', NULL, '2024-01-06 17:10:29', '2024-01-06 17:10:29'),
(106, 8, 'NULL', 'day', NULL, NULL, '2024-01-06 17:10:29', '2024-01-06 17:10:29'),
(107, 8, 'NULL', 'mileage', NULL, NULL, '2024-01-06 17:10:29', '2024-01-06 17:10:29'),
(108, 8, 'NULL', 'waiting_time', NULL, NULL, '2024-01-06 17:10:29', '2024-01-06 17:10:29'),
(109, 8, 'string', 'date', '2024-01-06', NULL, '2024-01-06 17:10:29', '2024-01-06 17:10:29'),
(110, 8, 'double', 'total', '500', NULL, '2024-01-06 17:10:29', '2024-01-06 17:10:29'),
(111, 8, 'NULL', 'total_kms', NULL, NULL, '2024-01-06 17:10:29', '2024-01-06 17:10:29'),
(112, 8, 'double', 'tax_total', '500', NULL, '2024-01-06 17:10:29', '2024-01-06 17:10:29'),
(113, 8, 'double', 'total_tax_percent', '0', NULL, '2024-01-06 17:10:29', '2024-01-06 17:10:29'),
(114, 8, 'double', 'total_tax_charge_rs', '0', NULL, '2024-01-06 17:10:29', '2024-01-06 17:10:29'),
(115, 8, 'integer', 'receipt', '1', NULL, '2024-01-06 17:10:29', '2024-01-06 17:10:29'),
(116, 9, 'string', 'udf', 'N;', NULL, '2024-01-06 18:48:18', '2024-01-06 18:48:18'),
(117, 10, 'integer', 'accept_status', '1', NULL, '2024-01-06 19:06:54', '2024-01-06 19:06:54'),
(118, 10, 'string', 'ride_status', 'Upcoming', NULL, '2024-01-06 19:06:54', '2024-01-06 19:06:54'),
(119, 10, 'integer', 'booking_type', '1', NULL, '2024-01-06 19:06:54', '2024-01-06 19:06:54'),
(120, 10, 'string', 'journey_date', '09-03-2024', NULL, '2024-01-06 19:06:54', '2024-01-06 19:06:54'),
(121, 10, 'string', 'journey_time', '20:57:49', NULL, '2024-01-06 19:06:54', '2024-01-06 19:06:54'),
(122, 10, 'integer', 'receipt', '1', NULL, '2024-01-06 19:06:54', '2024-01-06 19:06:54'),
(123, 10, 'NULL', 'day', NULL, NULL, '2024-01-06 19:06:54', '2024-01-06 19:06:54'),
(124, 10, 'string', 'date', '2024-01-06', NULL, '2024-01-06 19:06:54', '2024-01-06 19:06:54'),
(125, 10, 'double', 'total', '0', NULL, '2024-01-06 19:06:54', '2024-01-06 19:06:54'),
(126, 10, 'double', 'tax_total', '100', NULL, '2024-01-06 19:06:54', '2024-01-06 19:06:54'),
(127, 10, 'string', 'payment_method', 'cash', NULL, '2024-01-06 19:07:08', '2024-01-06 19:07:08'),
(128, 10, 'string', 'udf', 'N;', NULL, '2024-01-06 19:07:37', '2024-01-06 19:07:37'),
(129, 11, 'integer', 'accept_status', '1', NULL, '2024-01-06 19:24:51', '2024-01-06 19:24:51'),
(130, 11, 'string', 'ride_status', 'Upcoming', NULL, '2024-01-06 19:24:51', '2024-01-06 19:24:51'),
(131, 11, 'integer', 'booking_type', '1', NULL, '2024-01-06 19:24:51', '2024-01-06 19:24:51'),
(132, 11, 'string', 'journey_date', '31-01-2024', NULL, '2024-01-06 19:24:51', '2024-01-06 19:24:51'),
(133, 11, 'string', 'journey_time', '21:21:07', NULL, '2024-01-06 19:24:51', '2024-01-06 19:24:51'),
(134, 11, 'integer', 'receipt', '1', NULL, '2024-01-06 19:24:51', '2024-01-06 19:24:51'),
(135, 11, 'NULL', 'day', NULL, NULL, '2024-01-06 19:24:51', '2024-01-06 19:24:51'),
(136, 11, 'string', 'date', '2024-01-06', NULL, '2024-01-06 19:24:51', '2024-01-06 19:24:51'),
(137, 11, 'double', 'total', '0', NULL, '2024-01-06 19:24:51', '2024-01-06 19:24:51'),
(138, 11, 'double', 'tax_total', '200', NULL, '2024-01-06 19:24:51', '2024-01-06 19:24:51'),
(139, 11, 'string', 'udf', 'N;', NULL, '2024-01-06 19:26:01', '2024-01-06 19:26:01'),
(140, 11, 'string', 'payment_method', 'cash', NULL, '2024-01-06 19:26:15', '2024-01-06 19:26:15'),
(141, 12, 'integer', 'accept_status', '1', NULL, '2024-01-06 21:08:38', '2024-01-06 21:08:38'),
(142, 12, 'string', 'ride_status', 'Completed', NULL, '2024-01-06 21:08:38', '2024-01-06 21:09:05'),
(143, 12, 'integer', 'booking_type', '1', NULL, '2024-01-06 21:08:38', '2024-01-06 21:08:38'),
(144, 12, 'string', 'journey_date', '02-01-2024', NULL, '2024-01-06 21:08:38', '2024-01-06 21:08:38'),
(145, 12, 'string', 'journey_time', '21:50:31', NULL, '2024-01-06 21:08:38', '2024-01-06 21:08:38'),
(146, 12, 'integer', 'receipt', '1', NULL, '2024-01-06 21:08:38', '2024-01-06 21:08:38'),
(147, 12, 'NULL', 'day', NULL, NULL, '2024-01-06 21:08:38', '2024-01-06 21:08:38'),
(148, 12, 'string', 'date', '2024-01-06', NULL, '2024-01-06 21:08:38', '2024-01-06 21:08:38'),
(149, 12, 'double', 'total', '0', NULL, '2024-01-06 21:08:38', '2024-01-06 21:08:38'),
(150, 12, 'double', 'tax_total', '2600', NULL, '2024-01-06 21:08:38', '2024-01-06 21:08:38'),
(151, 12, 'string', 'payment_method', 'cash', NULL, '2024-01-06 21:08:53', '2024-01-06 21:08:53'),
(152, 13, 'integer', 'accept_status', '1', NULL, '2024-01-08 00:20:24', '2024-01-08 00:20:24'),
(153, 13, 'string', 'ride_status', 'Upcoming', NULL, '2024-01-08 00:20:24', '2024-01-08 00:20:24'),
(154, 13, 'integer', 'booking_type', '1', NULL, '2024-01-08 00:20:24', '2024-01-08 00:20:24'),
(155, 13, 'string', 'journey_date', '12-01-2024', NULL, '2024-01-08 00:20:24', '2024-01-08 00:20:24'),
(156, 13, 'string', 'journey_time', '01:07:52', NULL, '2024-01-08 00:20:24', '2024-01-08 00:20:24'),
(157, 13, 'integer', 'receipt', '1', NULL, '2024-01-08 00:20:24', '2024-01-08 00:20:24'),
(158, 13, 'NULL', 'day', NULL, NULL, '2024-01-08 00:20:24', '2024-01-08 00:20:24'),
(159, 13, 'string', 'date', '2024-01-08', NULL, '2024-01-08 00:20:24', '2024-01-08 00:20:24'),
(160, 13, 'double', 'total', '0', NULL, '2024-01-08 00:20:24', '2024-01-08 00:20:24'),
(161, 13, 'double', 'tax_total', '7800', NULL, '2024-01-08 00:20:24', '2024-01-08 00:20:24'),
(162, 14, 'integer', 'accept_status', '1', NULL, '2024-01-16 21:43:45', '2024-01-16 21:43:45'),
(163, 14, 'string', 'ride_status', 'Upcoming', NULL, '2024-01-16 21:43:45', '2024-01-16 21:43:45'),
(164, 14, 'integer', 'booking_type', '1', NULL, '2024-01-16 21:43:45', '2024-01-16 21:43:45'),
(165, 14, 'string', 'journey_date', '18-01-2024', NULL, '2024-01-16 21:43:45', '2024-01-16 21:43:45'),
(166, 14, 'string', 'journey_time', '21:40:06', NULL, '2024-01-16 21:43:45', '2024-01-16 21:43:45'),
(167, 14, 'integer', 'receipt', '1', NULL, '2024-01-16 21:43:45', '2024-01-16 21:43:45'),
(168, 14, 'NULL', 'day', NULL, NULL, '2024-01-16 21:43:45', '2024-01-16 21:43:45'),
(169, 14, 'string', 'date', '2024-01-16', NULL, '2024-01-16 21:43:45', '2024-01-16 21:43:45'),
(170, 14, 'double', 'total', '0', NULL, '2024-01-16 21:43:45', '2024-01-16 21:43:45'),
(171, 14, 'double', 'tax_total', '660', NULL, '2024-01-16 21:43:45', '2024-01-16 21:43:45'),
(172, 14, 'string', 'payment_method', 'cash', NULL, '2024-01-16 21:44:11', '2024-01-16 21:44:11'),
(173, 15, 'integer', 'accept_status', '1', NULL, '2024-01-16 21:57:41', '2024-01-16 21:57:41'),
(174, 15, 'string', 'ride_status', 'Upcoming', NULL, '2024-01-16 21:57:41', '2024-01-16 21:57:41'),
(175, 15, 'integer', 'booking_type', '1', NULL, '2024-01-16 21:57:41', '2024-01-16 21:57:41'),
(176, 15, 'string', 'journey_date', '27-02-2024', NULL, '2024-01-16 21:57:41', '2024-01-16 21:57:41'),
(177, 15, 'string', 'journey_time', '21:49:59', NULL, '2024-01-16 21:57:41', '2024-01-16 21:57:41'),
(178, 15, 'integer', 'receipt', '1', NULL, '2024-01-16 21:57:41', '2024-01-16 21:57:41'),
(179, 15, 'NULL', 'day', NULL, NULL, '2024-01-16 21:57:41', '2024-01-16 21:57:41'),
(180, 15, 'string', 'date', '2024-01-16', NULL, '2024-01-16 21:57:41', '2024-01-16 21:57:41'),
(181, 15, 'double', 'total', '0', NULL, '2024-01-16 21:57:41', '2024-01-16 21:57:41'),
(182, 15, 'double', 'tax_total', '8450', NULL, '2024-01-16 21:57:41', '2024-01-16 21:57:41');

-- --------------------------------------------------------

--
-- Table structure for table `booking_income`
--

CREATE TABLE `booking_income` (
  `id` int(10) UNSIGNED NOT NULL,
  `booking_id` int(11) DEFAULT NULL,
  `income_id` int(11) DEFAULT NULL,
  `created_at` timestamp NULL DEFAULT NULL,
  `updated_at` timestamp NULL DEFAULT NULL,
  `deleted_at` timestamp NULL DEFAULT NULL
) ENGINE=InnoDB DEFAULT CHARSET=utf8 COLLATE=utf8_unicode_ci;

--
-- Dumping data for table `booking_income`
--

INSERT INTO `booking_income` (`id`, `booking_id`, `income_id`, `created_at`, `updated_at`, `deleted_at`) VALUES
(1, 1, 3, '2021-11-20 07:03:51', '2021-11-20 07:03:51', NULL),
(2, 2, 4, '2023-12-23 21:34:45', '2023-12-23 21:34:45', NULL),
(3, 5, 5, '2023-12-25 20:46:28', '2023-12-25 20:46:28', NULL),
(4, 6, 6, '2023-12-25 21:39:26', '2023-12-25 21:39:26', NULL),
(5, 9, 7, '2024-01-06 16:38:32', '2024-01-06 16:38:32', NULL),
(6, 8, 8, '2024-01-06 17:10:29', '2024-01-06 17:10:29', NULL),
(7, 10, 9, '2024-01-06 19:06:54', '2024-01-06 19:06:54', NULL),
(8, 11, 10, '2024-01-06 19:24:51', '2024-01-06 19:24:51', NULL),
(9, 12, 11, '2024-01-06 21:08:38', '2024-01-06 21:08:38', NULL),
(10, 13, 12, '2024-01-08 00:20:24', '2024-01-08 00:20:24', NULL),
(11, 14, 13, '2024-01-16 21:43:45', '2024-01-16 21:43:45', NULL),
(12, 15, 14, '2024-01-16 21:57:41', '2024-01-16 21:57:41', NULL);

-- --------------------------------------------------------

--
-- Table structure for table `booking_payments`
--

CREATE TABLE `booking_payments` (
  `id` int(10) UNSIGNED NOT NULL,
  `booking_id` int(11) DEFAULT NULL,
  `method` varchar(255) DEFAULT NULL,
  `transaction_id` varchar(255) DEFAULT NULL,
  `amount` double NOT NULL,
  `payment_status` varchar(255) DEFAULT NULL,
  `payment_details` text DEFAULT NULL,
  `created_at` timestamp NULL DEFAULT NULL,
  `updated_at` timestamp NULL DEFAULT NULL
) ENGINE=InnoDB DEFAULT CHARSET=utf8 COLLATE=utf8_unicode_ci;

--
-- Dumping data for table `booking_payments`
--

INSERT INTO `booking_payments` (`id`, `booking_id`, `method`, `transaction_id`, `amount`, `payment_status`, `payment_details`, `created_at`, `updated_at`) VALUES
(1, 5, 'cash', NULL, 500, '@lang(\'fleet.succeeded\')', NULL, '2023-12-25 20:49:50', '2023-12-25 20:49:50'),
(2, 9, 'cash', NULL, 0, '@lang(\'fleet.succeeded\')', NULL, '2024-01-06 16:46:52', '2024-01-06 16:46:52'),
(3, 10, 'cash', NULL, 100, '@lang(\'fleet.succeeded\')', NULL, '2024-01-06 19:07:08', '2024-01-06 19:07:08'),
(4, 11, 'cash', NULL, 200, '@lang(\'fleet.succeeded\')', NULL, '2024-01-06 19:26:15', '2024-01-06 19:26:15'),
(5, 12, 'cash', NULL, 2600, '@lang(\'fleet.succeeded\')', NULL, '2024-01-06 21:08:53', '2024-01-06 21:08:53'),
(6, 14, 'cash', NULL, 660, '@lang(\'fleet.succeeded\')', NULL, '2024-01-16 21:44:11', '2024-01-16 21:44:11');

-- --------------------------------------------------------

--
-- Table structure for table `booking_quotation`
--

CREATE TABLE `booking_quotation` (
  `id` bigint(20) UNSIGNED NOT NULL,
  `customer_id` int(11) DEFAULT NULL,
  `user_id` int(11) DEFAULT NULL,
  `vehicle_id` int(11) DEFAULT NULL,
  `driver_id` int(11) DEFAULT NULL,
  `pickup` timestamp NULL DEFAULT NULL,
  `dropoff` timestamp NULL DEFAULT NULL,
  `pickup_addr` varchar(255) DEFAULT NULL,
  `dest_addr` varchar(255) DEFAULT NULL,
  `duration` int(11) NOT NULL,
  `city_from_id` int(11) NOT NULL,
  `city_to_id` int(11) NOT NULL,
  `duration_id` int(11) NOT NULL,
  `service_id` int(11) NOT NULL,
  `note` text DEFAULT NULL,
  `travellers` int(11) NOT NULL DEFAULT 1,
  `status` int(11) NOT NULL DEFAULT 0,
  `payment` int(11) NOT NULL DEFAULT 0,
  `day` int(11) DEFAULT NULL,
  `mileage` double DEFAULT NULL,
  `waiting_time` int(11) DEFAULT NULL,
  `total` double DEFAULT NULL,
  `created_at` timestamp NULL DEFAULT NULL,
  `updated_at` timestamp NULL DEFAULT NULL,
  `deleted_at` timestamp NULL DEFAULT NULL,
  `tax_total` double(10,2) DEFAULT NULL,
  `total_tax_percent` double(10,2) DEFAULT NULL,
  `total_tax_charge_rs` double(10,2) DEFAULT NULL
) ENGINE=InnoDB DEFAULT CHARSET=utf8 COLLATE=utf8_unicode_ci;

--
-- Dumping data for table `booking_quotation`
--

INSERT INTO `booking_quotation` (`id`, `customer_id`, `user_id`, `vehicle_id`, `driver_id`, `pickup`, `dropoff`, `pickup_addr`, `dest_addr`, `duration`, `city_from_id`, `city_to_id`, `duration_id`, `service_id`, `note`, `travellers`, `status`, `payment`, `day`, `mileage`, `waiting_time`, `total`, `created_at`, `updated_at`, `deleted_at`, `tax_total`, `total_tax_percent`, `total_tax_charge_rs`) VALUES
(1, 5, 1, 1, 8, '2024-01-06 21:37:13', '2024-02-03 21:37:13', '28114 Bernhard SpringsMcDermottberg, GA 86108', '66878 Dora MountainsKenyastad, NY 63820', 0, 0, 0, 0, 0, NULL, 1, 0, 0, 1, 10, 0, 500, '2023-12-25 21:37:43', '2023-12-25 21:39:26', '2023-12-25 21:39:26', 500.00, 0.00, 0.00),
(2, 4, 1, 1, 8, '2024-02-10 21:41:35', '2024-03-09 21:41:35', '368 Matilda Landing Apt. 901Prohaskatown, SD 24803', '887 Sabina ParkwayNorth Robbie, GA 83557-9858', 0, 0, 0, 0, 0, NULL, 1, 1, 0, 1, 10, 0, 500, '2023-12-25 21:42:05', '2023-12-25 21:42:09', NULL, 500.00, 0.00, 0.00),
(3, 5, 1, 1, 8, '2024-02-22 21:43:04', '2024-03-21 21:43:04', '28114 Bernhard SpringsMcDermottberg, GA 86108', '66878 Dora MountainsKenyastad, NY 63820', 0, 0, 0, 0, 0, NULL, 1, 0, 0, 1, 10, 0, 500, '2023-12-25 21:43:39', '2023-12-25 21:43:39', NULL, 500.00, 0.00, 0.00),
(4, 5, 1, 1, 8, '2024-01-06 15:35:34', '2024-01-06 17:35:41', '28114 Bernhard SpringsMcDermottberg, GA 86108', '66878 Dora MountainsKenyastad, NY 63820', 0, 0, 0, 0, 0, NULL, 1, 0, 0, NULL, NULL, NULL, NULL, '2024-01-06 15:43:58', '2024-01-06 15:43:58', NULL, NULL, NULL, NULL),
(5, 5, 1, 1, 8, '2024-01-06 15:44:26', '2024-01-06 17:44:39', '28114 Bernhard SpringsMcDermottberg, GA 86108', '66878 Dora MountainsKenyastad, NY 63820', 0, 0, 0, 0, 0, NULL, 1, 0, 0, NULL, NULL, NULL, NULL, '2024-01-06 16:28:40', '2024-01-06 16:28:40', NULL, NULL, NULL, NULL),
(6, 5, 1, 1, 8, '2024-01-06 15:44:26', '2024-01-06 17:44:39', '28114 Bernhard SpringsMcDermottberg, GA 86108', '66878 Dora MountainsKenyastad, NY 63820', 0, 1, 4, 0, 3, NULL, 1, 0, 0, NULL, NULL, NULL, NULL, '2024-01-06 16:31:00', '2024-01-06 16:31:00', NULL, NULL, NULL, NULL),
(7, 4, 1, 1, 8, '2024-01-06 16:31:41', '2024-01-06 18:31:53', '368 Matilda Landing Apt. 901Prohaskatown, SD 24803', '887 Sabina ParkwayNorth Robbie, GA 83557-9858', 0, 4, 1, 0, 3, NULL, 1, 0, 0, NULL, NULL, NULL, NULL, '2024-01-06 16:31:55', '2024-01-06 16:31:55', NULL, NULL, NULL, NULL),
(8, 4, 1, 1, 8, '2024-01-06 16:33:25', '2024-01-06 18:33:38', '368 Matilda Landing Apt. 901Prohaskatown, SD 24803', '887 Sabina ParkwayNorth Robbie, GA 83557-9858', 0, 4, 1, 0, 3, NULL, 1, 0, 0, NULL, NULL, NULL, 233, '2024-01-06 16:33:40', '2024-01-06 16:38:32', '2024-01-06 16:38:32', 233.00, 0.00, 0.00),
(9, 4, 1, 1, 8, '2024-03-09 18:57:49', '2024-03-28 18:57:49', '368 Matilda Landing Apt. 901Prohaskatown, SD 24803', '887 Sabina ParkwayNorth Robbie, GA 83557-9858', 0, 1, 4, 0, 5, NULL, 1, 0, 0, NULL, NULL, NULL, NULL, '2024-01-06 18:59:12', '2024-01-06 18:59:12', NULL, NULL, NULL, NULL),
(10, 4, 1, 2, 8, '2024-03-09 18:57:49', '2024-03-28 18:57:49', '368 Matilda Landing Apt. 901Prohaskatown, SD 24803', '887 Sabina ParkwayNorth Robbie, GA 83557-9858', 0, 1, 4, 0, 3, NULL, 1, 0, 0, NULL, NULL, NULL, 100, '2024-01-06 19:00:32', '2024-01-06 19:06:54', '2024-01-06 19:06:54', 100.00, NULL, NULL),
(11, 4, 1, 2, NULL, '2024-01-26 19:13:52', '2024-01-26 21:14:13', '368 Matilda Landing Apt. 901Prohaskatown, SD 24803', '887 Sabina ParkwayNorth Robbie, GA 83557-9858', 0, 1, 4, 0, 3, NULL, 1, 0, 0, NULL, NULL, NULL, 0, '2024-01-06 19:15:15', '2024-01-06 19:15:15', NULL, 0.00, NULL, NULL),
(12, 4, 1, 2, NULL, '2024-01-06 19:16:08', '2024-01-30 21:16:20', '368 Matilda Landing Apt. 901Prohaskatown, SD 24803', '887 Sabina ParkwayNorth Robbie, GA 83557-9858', 0, 1, 4, 0, 3, NULL, 1, 0, 0, NULL, NULL, NULL, NULL, '2024-01-06 19:16:38', '2024-01-06 19:16:38', NULL, NULL, NULL, NULL),
(13, 4, 1, 2, NULL, '2024-01-06 19:16:08', '2024-01-30 21:16:20', '368 Matilda Landing Apt. 901Prohaskatown, SD 24803', '887 Sabina ParkwayNorth Robbie, GA 83557-9858', 0, 1, 4, 0, 3, NULL, 1, 0, 0, NULL, NULL, NULL, NULL, '2024-01-06 19:17:29', '2024-01-06 19:17:29', NULL, NULL, NULL, NULL),
(14, 4, 1, 2, NULL, '2024-01-06 19:16:08', '2024-01-30 21:16:20', '368 Matilda Landing Apt. 901Prohaskatown, SD 24803', '887 Sabina ParkwayNorth Robbie, GA 83557-9858', 0, 1, 4, 0, 3, NULL, 1, 0, 0, NULL, NULL, NULL, NULL, '2024-01-06 19:18:05', '2024-01-06 19:18:05', NULL, NULL, NULL, NULL),
(15, 4, 1, 2, NULL, '2024-01-06 19:16:08', '2024-01-30 21:16:20', '368 Matilda Landing Apt. 901Prohaskatown, SD 24803', '887 Sabina ParkwayNorth Robbie, GA 83557-9858', 0, 1, 4, 0, 3, NULL, 1, 0, 0, NULL, NULL, NULL, NULL, '2024-01-06 19:18:39', '2024-01-06 19:18:39', NULL, NULL, NULL, NULL),
(16, 4, 1, 2, NULL, '2024-01-06 19:16:08', '2024-01-30 21:16:20', '368 Matilda Landing Apt. 901Prohaskatown, SD 24803', '887 Sabina ParkwayNorth Robbie, GA 83557-9858', 0, 1, 4, 0, 3, NULL, 1, 0, 0, NULL, NULL, NULL, NULL, '2024-01-06 19:18:51', '2024-01-06 19:18:51', NULL, NULL, NULL, NULL),
(17, 4, 1, 2, NULL, '2024-01-06 19:16:08', '2024-01-30 21:16:20', '368 Matilda Landing Apt. 901Prohaskatown, SD 24803', '887 Sabina ParkwayNorth Robbie, GA 83557-9858', 0, 1, 4, 0, 3, NULL, 1, 0, 0, NULL, NULL, NULL, NULL, '2024-01-06 19:18:58', '2024-01-06 19:18:58', NULL, NULL, NULL, NULL),
(18, 4, 1, 2, NULL, '2024-01-06 19:16:08', '2024-01-30 21:16:20', '368 Matilda Landing Apt. 901Prohaskatown, SD 24803', '887 Sabina ParkwayNorth Robbie, GA 83557-9858', 0, 1, 4, 0, 3, NULL, 1, 0, 0, NULL, NULL, NULL, NULL, '2024-01-06 19:21:02', '2024-01-06 19:21:02', NULL, NULL, NULL, NULL),
(19, 4, 1, 1, NULL, '2024-01-31 19:21:07', '2024-02-02 19:21:07', '368 Matilda Landing Apt. 901Prohaskatown, SD 24803', '887 Sabina ParkwayNorth Robbie, GA 83557-9858', 0, 1, 4, 0, 3, NULL, 1, 0, 0, NULL, NULL, NULL, NULL, '2024-01-06 19:21:42', '2024-01-06 19:21:42', NULL, NULL, NULL, NULL),
(20, 4, 1, 1, NULL, '2024-01-31 19:21:07', '2024-02-02 19:21:07', '368 Matilda Landing Apt. 901Prohaskatown, SD 24803', '887 Sabina ParkwayNorth Robbie, GA 83557-9858', 2880, 1, 4, 0, 3, NULL, 1, 0, 0, NULL, NULL, NULL, NULL, '2024-01-06 19:23:45', '2024-01-06 19:23:45', NULL, NULL, NULL, NULL),
(21, 4, 1, 1, NULL, '2024-01-31 19:21:07', '2024-02-02 19:21:07', '368 Matilda Landing Apt. 901Prohaskatown, SD 24803', '887 Sabina ParkwayNorth Robbie, GA 83557-9858', 2880, 1, 4, 0, 3, NULL, 1, 0, 0, NULL, NULL, NULL, NULL, '2024-01-06 19:23:58', '2024-01-06 19:23:58', NULL, NULL, NULL, NULL),
(22, 4, 1, 1, NULL, '2024-01-31 19:21:07', '2024-02-02 19:21:07', '368 Matilda Landing Apt. 901Prohaskatown, SD 24803', '887 Sabina ParkwayNorth Robbie, GA 83557-9858', 2880, 1, 4, 0, 3, NULL, 1, 0, 0, NULL, NULL, NULL, 200, '2024-01-06 19:24:08', '2024-01-06 19:24:51', '2024-01-06 19:24:51', 200.00, NULL, NULL),
(23, 4, 1, 3, NULL, '2024-01-02 19:50:31', '2024-01-15 21:50:53', '368 Matilda Landing Apt. 901Prohaskatown, SD 24803', '887 Sabina ParkwayNorth Robbie, GA 83557-9858', 18840, 5, 6, 0, 3, NULL, 1, 1, 0, NULL, NULL, NULL, NULL, '2024-01-06 19:59:11', '2024-01-07 22:58:36', NULL, NULL, NULL, NULL),
(24, 4, 1, 3, NULL, '2024-01-02 19:50:31', '2024-01-15 21:50:53', '368 Matilda Landing Apt. 901Prohaskatown, SD 24803', '887 Sabina ParkwayNorth Robbie, GA 83557-9858', 18840, 5, 6, 0, 3, NULL, 1, 0, 0, NULL, NULL, NULL, NULL, '2024-01-06 20:01:50', '2024-01-06 20:01:50', NULL, NULL, NULL, NULL),
(25, 4, 1, 3, NULL, '2024-01-02 19:50:31', '2024-01-15 21:50:53', '368 Matilda Landing Apt. 901Prohaskatown, SD 24803', '887 Sabina ParkwayNorth Robbie, GA 83557-9858', 18840, 5, 6, 0, 3, NULL, 1, 0, 0, NULL, NULL, NULL, NULL, '2024-01-06 20:02:15', '2024-01-06 20:02:15', NULL, NULL, NULL, NULL),
(26, 4, 1, 3, NULL, '2024-01-02 19:50:31', '2024-01-15 21:50:53', '368 Matilda Landing Apt. 901Prohaskatown, SD 24803', '887 Sabina ParkwayNorth Robbie, GA 83557-9858', 18840, 5, 6, 0, 3, NULL, 1, 0, 0, NULL, NULL, NULL, NULL, '2024-01-06 20:03:44', '2024-01-06 20:03:44', NULL, NULL, NULL, NULL),
(27, 4, 1, 3, NULL, '2024-01-02 19:50:31', '2024-01-15 21:50:53', '368 Matilda Landing Apt. 901Prohaskatown, SD 24803', '887 Sabina ParkwayNorth Robbie, GA 83557-9858', 18840, 5, 6, 0, 3, NULL, 1, 0, 0, NULL, NULL, NULL, 2600, '2024-01-06 20:03:54', '2024-01-06 21:08:38', '2024-01-06 21:08:38', 2600.00, NULL, NULL),
(28, 4, 1, 2, 8, '2024-02-09 22:22:35', '2024-02-10 00:22:54', '368 Matilda Landing Apt. 901Prohaskatown, SD 24803', '887 Sabina ParkwayNorth Robbie, GA 83557-9858', 120, 5, 0, 5, 5, NULL, 1, 0, 0, NULL, NULL, NULL, 0, '2024-01-06 22:25:50', '2024-01-06 22:25:50', NULL, 0.00, NULL, NULL),
(29, 4, 1, 2, NULL, '2024-01-06 22:26:58', '2024-01-07 00:28:22', '368 Matilda Landing Apt. 901Prohaskatown, SD 24803', '887 Sabina ParkwayNorth Robbie, GA 83557-9858', 121, 5, 0, 5, 5, NULL, 1, 0, 0, NULL, NULL, NULL, NULL, '2024-01-06 22:28:42', '2024-01-06 22:28:42', NULL, NULL, NULL, NULL),
(30, 4, 1, 2, NULL, '2024-01-06 22:26:58', '2024-01-07 00:28:22', '368 Matilda Landing Apt. 901Prohaskatown, SD 24803', '887 Sabina ParkwayNorth Robbie, GA 83557-9858', 121, 5, 0, 5, 5, NULL, 1, 0, 0, NULL, NULL, NULL, NULL, '2024-01-06 22:29:21', '2024-01-06 22:29:21', NULL, NULL, NULL, NULL),
(31, 4, 1, 2, NULL, '2024-01-06 22:26:58', '2024-01-07 00:28:22', '368 Matilda Landing Apt. 901Prohaskatown, SD 24803', '887 Sabina ParkwayNorth Robbie, GA 83557-9858', 121, 5, 0, 5, 5, NULL, 1, 0, 0, NULL, NULL, NULL, NULL, '2024-01-06 22:29:29', '2024-01-06 22:29:29', NULL, NULL, NULL, NULL),
(32, 4, 1, 2, NULL, '2024-01-06 22:26:58', '2024-01-07 00:28:22', '368 Matilda Landing Apt. 901Prohaskatown, SD 24803', '887 Sabina ParkwayNorth Robbie, GA 83557-9858', 121, 5, 0, 5, 5, NULL, 1, 0, 0, NULL, NULL, NULL, NULL, '2024-01-06 22:30:04', '2024-01-06 22:30:04', NULL, NULL, NULL, NULL),
(33, 4, 1, 2, NULL, '2024-01-06 22:26:58', '2024-01-07 00:28:22', '368 Matilda Landing Apt. 901Prohaskatown, SD 24803', '887 Sabina ParkwayNorth Robbie, GA 83557-9858', 121, 5, 0, 5, 5, NULL, 1, 0, 0, NULL, NULL, NULL, NULL, '2024-01-06 22:31:48', '2024-01-06 22:31:48', NULL, NULL, NULL, NULL),
(34, 4, 1, 2, NULL, '2024-01-06 22:26:58', '2024-01-07 00:28:22', '368 Matilda Landing Apt. 901Prohaskatown, SD 24803', '887 Sabina ParkwayNorth Robbie, GA 83557-9858', 121, 5, 0, 5, 5, NULL, 1, 0, 0, NULL, NULL, NULL, NULL, '2024-01-06 22:34:46', '2024-01-06 22:34:46', NULL, NULL, NULL, NULL),
(35, 4, 1, 2, NULL, '2024-01-06 22:26:58', '2024-01-07 00:28:22', '368 Matilda Landing Apt. 901Prohaskatown, SD 24803', '887 Sabina ParkwayNorth Robbie, GA 83557-9858', 121, 5, 0, 5, 5, NULL, 1, 0, 0, NULL, NULL, NULL, NULL, '2024-01-06 22:35:37', '2024-01-06 22:35:37', NULL, NULL, NULL, NULL),
(36, 4, 1, 2, NULL, '2024-01-14 22:36:09', '2024-01-18 00:36:26', '368 Matilda Landing Apt. 901Prohaskatown, SD 24803', '887 Sabina ParkwayNorth Robbie, GA 83557-9858', 4440, 5, 0, 4, 5, NULL, 1, 0, 0, NULL, NULL, NULL, NULL, '2024-01-06 22:36:42', '2024-01-06 22:36:42', NULL, NULL, NULL, NULL),
(37, 4, 1, 2, NULL, '2024-01-14 22:37:56', '2024-01-18 00:38:19', '368 Matilda Landing Apt. 901Prohaskatown, SD 24803', '887 Sabina ParkwayNorth Robbie, GA 83557-9858', 4440, 5, 0, 5, 5, NULL, 1, 0, 0, NULL, NULL, NULL, NULL, '2024-01-06 22:38:24', '2024-01-06 22:38:24', NULL, NULL, NULL, NULL),
(38, 4, 1, 2, NULL, '2024-01-14 22:37:56', '2024-01-18 00:38:19', '368 Matilda Landing Apt. 901Prohaskatown, SD 24803', '887 Sabina ParkwayNorth Robbie, GA 83557-9858', 4440, 5, 0, 5, 5, NULL, 1, 0, 0, NULL, NULL, NULL, NULL, '2024-01-06 22:38:45', '2024-01-06 22:38:45', NULL, NULL, NULL, NULL),
(39, 4, 1, 2, NULL, '2024-01-14 22:37:56', '2024-01-18 00:38:19', '368 Matilda Landing Apt. 901Prohaskatown, SD 24803', '887 Sabina ParkwayNorth Robbie, GA 83557-9858', 4440, 5, 0, 5, 5, NULL, 1, 0, 0, NULL, NULL, NULL, NULL, '2024-01-06 22:39:42', '2024-01-06 22:39:42', NULL, NULL, NULL, NULL),
(40, 4, 1, 2, NULL, '2024-01-14 22:37:56', '2024-01-18 00:38:19', '368 Matilda Landing Apt. 901Prohaskatown, SD 24803', '887 Sabina ParkwayNorth Robbie, GA 83557-9858', 4440, 5, 0, 5, 5, NULL, 1, 0, 0, NULL, NULL, NULL, NULL, '2024-01-06 22:40:18', '2024-01-06 22:40:18', NULL, NULL, NULL, NULL),
(41, 4, 1, 2, NULL, '2024-01-14 22:37:56', '2024-01-18 00:38:19', '368 Matilda Landing Apt. 901Prohaskatown, SD 24803', '887 Sabina ParkwayNorth Robbie, GA 83557-9858', 4440, 5, 0, 5, 5, NULL, 1, 0, 0, NULL, NULL, NULL, NULL, '2024-01-06 22:41:15', '2024-01-06 22:41:15', NULL, NULL, NULL, NULL),
(42, 4, 1, 2, NULL, '2024-01-14 22:37:56', '2024-01-18 00:38:19', '368 Matilda Landing Apt. 901Prohaskatown, SD 24803', '887 Sabina ParkwayNorth Robbie, GA 83557-9858', 4440, 5, 0, 5, 5, NULL, 1, 0, 0, NULL, NULL, NULL, NULL, '2024-01-06 22:42:14', '2024-01-06 22:42:14', NULL, NULL, NULL, NULL),
(43, 4, 1, 2, NULL, '2024-01-14 22:37:56', '2024-01-18 00:38:19', '368 Matilda Landing Apt. 901Prohaskatown, SD 24803', '887 Sabina ParkwayNorth Robbie, GA 83557-9858', 4440, 5, 0, 5, 5, NULL, 1, 0, 0, NULL, NULL, NULL, NULL, '2024-01-06 22:42:28', '2024-01-06 22:42:28', NULL, NULL, NULL, NULL),
(44, 4, 1, 2, NULL, '2024-01-14 22:44:33', '2024-01-18 00:44:49', '368 Matilda Landing Apt. 901Prohaskatown, SD 24803', '887 Sabina ParkwayNorth Robbie, GA 83557-9858', 4440, 6, 0, 5, 5, NULL, 1, 0, 0, NULL, NULL, NULL, NULL, '2024-01-06 22:45:05', '2024-01-06 22:45:05', NULL, NULL, NULL, NULL),
(45, 4, 1, 2, NULL, '2024-01-14 22:44:33', '2024-01-18 00:44:49', '368 Matilda Landing Apt. 901Prohaskatown, SD 24803', '887 Sabina ParkwayNorth Robbie, GA 83557-9858', 4440, 6, 0, 5, 5, NULL, 1, 0, 0, NULL, NULL, NULL, 960, '2024-01-06 22:45:19', '2024-01-06 22:45:19', NULL, 960.00, NULL, NULL),
(46, 4, 1, 2, NULL, '2024-01-14 22:45:26', '2024-01-18 00:45:41', '368 Matilda Landing Apt. 901Prohaskatown, SD 24803', '887 Sabina ParkwayNorth Robbie, GA 83557-9858', 4440, 6, 0, 4, 5, NULL, 1, 0, 0, NULL, NULL, NULL, 1760, '2024-01-06 22:45:49', '2024-01-06 22:45:49', NULL, 1760.00, NULL, NULL),
(47, 4, 1, 2, NULL, '2024-01-09 22:55:42', '2024-01-18 00:55:57', '368 Matilda Landing Apt. 901Prohaskatown, SD 24803', '887 Sabina ParkwayNorth Robbie, GA 83557-9858', 11640, 7, 0, 6, 5, NULL, 1, 0, 0, NULL, NULL, NULL, 6300, '2024-01-06 22:56:12', '2024-01-06 22:56:12', NULL, 6300.00, NULL, NULL),
(48, 4, 1, 2, NULL, '2024-01-06 22:59:08', '2024-01-08 00:59:24', '368 Matilda Landing Apt. 901Prohaskatown, SD 24803', '887 Sabina ParkwayNorth Robbie, GA 83557-9858', 1560, 5, 5, 0, 4, NULL, 1, 0, 0, NULL, NULL, NULL, 55, '2024-01-06 22:59:33', '2024-01-06 22:59:33', NULL, 55.00, NULL, NULL),
(49, 4, 1, 2, 8, '2024-01-08 21:56:31', '2024-01-08 23:56:45', '368 Matilda Landing Apt. 901Prohaskatown, SD 24803', '887 Sabina ParkwayNorth Robbie, GA 83557-9858', 120, 1, 0, 1, 6, NULL, 1, 0, 0, NULL, NULL, NULL, NULL, '2024-01-07 22:17:49', '2024-01-07 22:17:49', NULL, NULL, NULL, NULL),
(50, 4, 1, 2, 8, '2024-01-08 21:56:31', '2024-01-08 23:56:45', '368 Matilda Landing Apt. 901Prohaskatown, SD 24803', '887 Sabina ParkwayNorth Robbie, GA 83557-9858', 120, 1, 0, 1, 6, NULL, 1, 0, 0, NULL, NULL, NULL, NULL, '2024-01-07 22:18:37', '2024-01-07 22:18:37', NULL, NULL, NULL, NULL),
(51, 4, 1, 2, 8, '2024-01-08 21:56:31', '2024-01-08 23:56:45', '368 Matilda Landing Apt. 901Prohaskatown, SD 24803', '887 Sabina ParkwayNorth Robbie, GA 83557-9858', 120, 1, 0, 1, 6, NULL, 1, 0, 0, NULL, NULL, NULL, NULL, '2024-01-07 22:18:47', '2024-01-07 22:18:47', NULL, NULL, NULL, NULL),
(52, 4, 1, 2, 8, '2024-01-08 21:56:31', '2024-01-08 23:56:45', '368 Matilda Landing Apt. 901Prohaskatown, SD 24803', '887 Sabina ParkwayNorth Robbie, GA 83557-9858', 120, 1, 0, 1, 6, NULL, 1, 0, 0, NULL, NULL, NULL, NULL, '2024-01-07 22:21:30', '2024-01-07 22:21:30', NULL, NULL, NULL, NULL),
(53, 4, 1, 2, 8, '2024-01-08 21:56:31', '2024-01-08 23:56:45', '368 Matilda Landing Apt. 901Prohaskatown, SD 24803', '887 Sabina ParkwayNorth Robbie, GA 83557-9858', 120, 1, 0, 1, 6, NULL, 1, 0, 0, NULL, NULL, NULL, NULL, '2024-01-07 22:22:07', '2024-01-07 22:22:07', NULL, NULL, NULL, NULL),
(54, 4, 1, 2, 8, '2024-01-08 21:56:31', '2024-01-08 23:56:45', '368 Matilda Landing Apt. 901Prohaskatown, SD 24803', '887 Sabina ParkwayNorth Robbie, GA 83557-9858', 120, 1, 0, 1, 6, NULL, 1, 0, 0, NULL, NULL, NULL, NULL, '2024-01-07 22:22:36', '2024-01-07 22:22:36', NULL, NULL, NULL, NULL),
(55, 4, 1, 2, 8, '2024-01-08 21:56:31', '2024-01-08 23:56:45', '368 Matilda Landing Apt. 901Prohaskatown, SD 24803', '887 Sabina ParkwayNorth Robbie, GA 83557-9858', 120, 1, 0, 1, 6, NULL, 1, 0, 0, NULL, NULL, NULL, NULL, '2024-01-07 22:23:12', '2024-01-07 22:23:12', NULL, NULL, NULL, NULL),
(56, 4, 1, 2, 8, '2024-01-08 21:56:31', '2024-01-08 23:56:45', '368 Matilda Landing Apt. 901Prohaskatown, SD 24803', '887 Sabina ParkwayNorth Robbie, GA 83557-9858', 120, 1, 0, 1, 6, NULL, 1, 0, 0, NULL, NULL, NULL, NULL, '2024-01-07 22:35:23', '2024-01-07 22:35:23', NULL, NULL, NULL, NULL),
(57, 4, 1, 2, 8, '2024-01-08 21:56:31', '2024-01-08 23:56:45', '368 Matilda Landing Apt. 901Prohaskatown, SD 24803', '887 Sabina ParkwayNorth Robbie, GA 83557-9858', 120, 1, 0, 1, 6, NULL, 1, 0, 0, NULL, NULL, NULL, NULL, '2024-01-07 22:35:42', '2024-01-07 22:35:42', NULL, NULL, NULL, NULL),
(58, 4, 1, 2, 8, '2024-01-08 21:56:31', '2024-01-08 23:56:45', '368 Matilda Landing Apt. 901Prohaskatown, SD 24803', '887 Sabina ParkwayNorth Robbie, GA 83557-9858', 120, 1, 0, 1, 6, NULL, 1, 0, 0, NULL, NULL, NULL, NULL, '2024-01-07 22:36:54', '2024-01-07 22:36:54', NULL, NULL, NULL, NULL),
(59, 4, 1, 2, 8, '2024-01-08 21:56:31', '2024-01-08 23:56:45', '368 Matilda Landing Apt. 901Prohaskatown, SD 24803', '887 Sabina ParkwayNorth Robbie, GA 83557-9858', 120, 1, 0, 1, 6, NULL, 1, 0, 0, NULL, NULL, NULL, NULL, '2024-01-07 22:37:37', '2024-01-07 22:37:37', NULL, NULL, NULL, NULL),
(60, 4, 1, 2, 8, '2024-01-08 21:56:31', '2024-01-08 23:56:45', '368 Matilda Landing Apt. 901Prohaskatown, SD 24803', '887 Sabina ParkwayNorth Robbie, GA 83557-9858', 120, 1, 0, 1, 6, NULL, 1, 0, 0, NULL, NULL, NULL, NULL, '2024-01-07 22:38:08', '2024-01-07 22:38:08', NULL, NULL, NULL, NULL),
(61, 4, 1, 3, NULL, '2024-01-11 23:07:52', '2024-01-15 01:08:04', '368 Matilda Landing Apt. 901Prohaskatown, SD 24803', '887 Sabina ParkwayNorth Robbie, GA 83557-9858', 4440, 5, 0, 4, 6, NULL, 1, 1, 0, NULL, NULL, NULL, NULL, '2024-01-07 23:09:18', '2024-01-07 23:28:44', NULL, NULL, NULL, NULL),
(62, 4, 1, 3, NULL, '2024-01-11 23:07:52', '2024-01-15 01:08:04', '368 Matilda Landing Apt. 901Prohaskatown, SD 24803', '887 Sabina ParkwayNorth Robbie, GA 83557-9858', 4440, 5, 0, 4, 6, NULL, 1, 0, 0, NULL, NULL, NULL, NULL, '2024-01-07 23:09:48', '2024-01-07 23:09:48', NULL, NULL, NULL, NULL),
(63, 4, 1, 3, NULL, '2024-01-11 23:07:52', '2024-01-15 01:08:04', '368 Matilda Landing Apt. 901Prohaskatown, SD 24803', '887 Sabina ParkwayNorth Robbie, GA 83557-9858', 4440, 5, 0, 4, 6, NULL, 1, 0, 0, NULL, NULL, NULL, NULL, '2024-01-07 23:12:05', '2024-01-07 23:12:05', NULL, NULL, NULL, NULL),
(64, 4, 1, 3, NULL, '2024-01-11 23:07:52', '2024-01-15 01:08:04', '368 Matilda Landing Apt. 901Prohaskatown, SD 24803', '887 Sabina ParkwayNorth Robbie, GA 83557-9858', 4440, 5, 0, 4, 6, NULL, 1, 0, 0, NULL, NULL, NULL, NULL, '2024-01-07 23:13:13', '2024-01-07 23:13:13', NULL, NULL, NULL, NULL),
(65, 4, 1, 3, NULL, '2024-01-11 23:07:52', '2024-01-15 01:08:04', '368 Matilda Landing Apt. 901Prohaskatown, SD 24803', '887 Sabina ParkwayNorth Robbie, GA 83557-9858', 4440, 5, 0, 4, 6, NULL, 1, 0, 0, NULL, NULL, NULL, NULL, '2024-01-07 23:17:21', '2024-01-07 23:17:21', NULL, NULL, NULL, NULL),
(66, 4, 1, 3, NULL, '2024-01-11 23:07:52', '2024-01-15 01:08:04', '368 Matilda Landing Apt. 901Prohaskatown, SD 24803', '887 Sabina ParkwayNorth Robbie, GA 83557-9858', 4440, 5, 0, 4, 6, NULL, 1, 0, 0, NULL, NULL, NULL, NULL, '2024-01-07 23:18:09', '2024-01-07 23:18:09', NULL, NULL, NULL, NULL),
(67, 4, 1, 3, NULL, '2024-01-11 23:07:52', '2024-01-15 01:08:04', '368 Matilda Landing Apt. 901Prohaskatown, SD 24803', '887 Sabina ParkwayNorth Robbie, GA 83557-9858', 4440, 5, 0, 4, 6, NULL, 1, 0, 0, NULL, NULL, NULL, NULL, '2024-01-07 23:20:11', '2024-01-07 23:20:11', NULL, NULL, NULL, NULL),
(68, 4, 1, 3, NULL, '2024-01-11 23:07:52', '2024-01-15 01:08:04', '368 Matilda Landing Apt. 901Prohaskatown, SD 24803', '887 Sabina ParkwayNorth Robbie, GA 83557-9858', 4440, 5, 0, 4, 6, NULL, 1, 0, 0, NULL, NULL, NULL, NULL, '2024-01-07 23:20:32', '2024-01-07 23:20:32', NULL, NULL, NULL, NULL),
(69, 4, 1, 3, NULL, '2024-01-11 23:07:52', '2024-01-15 01:08:04', '368 Matilda Landing Apt. 901Prohaskatown, SD 24803', '887 Sabina ParkwayNorth Robbie, GA 83557-9858', 4440, 5, 0, 4, 6, NULL, 1, 0, 0, NULL, NULL, NULL, NULL, '2024-01-07 23:25:23', '2024-01-07 23:25:23', NULL, NULL, NULL, NULL),
(70, 4, 1, 3, NULL, '2024-01-11 23:07:52', '2024-01-15 01:08:04', '368 Matilda Landing Apt. 901Prohaskatown, SD 24803', '887 Sabina ParkwayNorth Robbie, GA 83557-9858', 4440, 5, 0, 4, 6, NULL, 1, 0, 0, NULL, NULL, NULL, 7800, '2024-01-07 23:26:57', '2024-01-07 23:26:57', NULL, 7800.00, NULL, NULL),
(71, 10, 1, 4, NULL, '2024-01-16 22:51:03', '2024-01-31 23:51:20', 'Hotel', 'Hotel', 21660, 13, 13, 0, 3, NULL, 3, 0, 0, NULL, NULL, NULL, NULL, '2024-01-14 22:51:59', '2024-01-14 22:51:59', NULL, NULL, NULL, NULL),
(72, 4, 1, 3, NULL, '2024-01-16 22:49:32', '2024-01-31 22:49:32', NULL, NULL, 21600, 4, 6, 0, 3, NULL, 4, 0, 0, NULL, NULL, NULL, NULL, '2024-01-14 22:52:14', '2024-01-14 22:52:14', NULL, NULL, NULL, NULL),
(73, 10, 1, 3, NULL, '2024-01-17 19:03:41', '2024-01-17 20:04:05', 'Home', 'Home', 60, 13, 0, 8, 5, NULL, 1, 0, 0, NULL, NULL, NULL, 220, '2024-01-15 19:04:25', '2024-01-15 19:04:25', NULL, 220.00, NULL, NULL),
(74, 10, 1, 4, NULL, '2024-01-18 21:40:06', '2024-01-20 22:40:34', 'Am Schöpfwerk 29/7/46', 'Am Schöpfwerk', 2940, 67, 0, 8, 5, NULL, 4, 0, 0, NULL, NULL, NULL, 660, '2024-01-16 21:40:52', '2024-01-16 21:43:45', '2024-01-16 21:43:45', 660.00, NULL, NULL),
(75, 10, 1, 3, NULL, '2024-02-27 21:49:59', '2024-03-01 21:49:59', 'Am Schöpfwerk 29/7/46', 'Am Schöpfwerk', 4320, 67, 0, 4, 6, NULL, 1, 0, 0, NULL, NULL, NULL, 8450, '2024-01-16 21:56:20', '2024-01-16 21:57:41', '2024-01-16 21:57:41', 8450.00, NULL, NULL),
(76, 10, 1, 3, NULL, '2024-02-27 22:20:39', '2024-03-01 23:21:24', 'Am Schöpfwerk 29/7/46', 'Am Schöpfwerk', 4380, 67, 0, 4, 6, NULL, 1, 0, 0, NULL, NULL, NULL, 6800, '2024-01-16 22:23:00', '2024-01-16 22:23:00', NULL, 6800.00, NULL, NULL),
(77, 10, 1, 3, NULL, '2024-01-18 22:28:28', '2024-01-24 23:28:40', 'Am Schöpfwerk 29/7/46', 'Am Schöpfwerk', 8700, 67, 67, 0, 3, NULL, 1, 0, 0, NULL, NULL, NULL, 1200, '2024-01-16 22:29:21', '2024-01-16 22:29:21', NULL, 1200.00, NULL, NULL),
(78, 4, 1, 3, NULL, '2024-01-20 22:41:20', '2024-01-23 00:41:27', NULL, NULL, 3000, 67, 0, 4, 6, NULL, 1, 0, 0, NULL, NULL, NULL, NULL, '2024-01-20 22:41:30', '2024-01-20 22:41:30', NULL, NULL, NULL, NULL),
(79, 4, 1, 3, NULL, '2024-01-20 22:41:20', '2024-01-23 00:41:27', NULL, NULL, 3000, 67, 0, 4, 6, NULL, 1, 0, 0, NULL, NULL, NULL, NULL, '2024-01-20 22:42:04', '2024-01-20 22:42:04', NULL, NULL, NULL, NULL),
(80, 4, 1, 3, NULL, '2024-01-20 22:41:20', '2024-01-23 00:41:27', NULL, NULL, 3000, 67, 0, 4, 6, NULL, 1, 0, 0, NULL, NULL, NULL, NULL, '2024-01-20 22:42:28', '2024-01-20 22:42:28', NULL, NULL, NULL, NULL),
(81, 4, 1, 3, NULL, '2024-01-20 22:41:20', '2024-01-24 00:41:27', NULL, NULL, 4440, 67, 69, 4, 6, NULL, 1, 0, 0, NULL, NULL, NULL, NULL, '2024-01-20 22:44:09', '2024-01-20 22:44:09', NULL, NULL, NULL, NULL);

-- --------------------------------------------------------

--
-- Table structure for table `chat_settings`
--

CREATE TABLE `chat_settings` (
  `id` bigint(20) UNSIGNED NOT NULL,
  `name` varchar(255) DEFAULT NULL,
  `value` varchar(255) DEFAULT NULL,
  `created_at` timestamp NULL DEFAULT NULL,
  `updated_at` timestamp NULL DEFAULT NULL,
  `deleted_at` timestamp NULL DEFAULT NULL
) ENGINE=InnoDB DEFAULT CHARSET=utf8 COLLATE=utf8_unicode_ci;

--
-- Dumping data for table `chat_settings`
--

INSERT INTO `chat_settings` (`id`, `name`, `value`, `created_at`, `updated_at`, `deleted_at`) VALUES
(1, 'pusher_app_id', '', '2022-01-23 23:35:30', '2022-01-24 00:02:32', NULL),
(2, 'pusher_app_key', '', '2022-01-23 23:35:30', '2022-01-24 00:02:32', NULL),
(3, 'pusher_app_secret', '', '2022-01-23 23:35:30', '2022-01-24 00:02:32', NULL),
(4, 'pusher_app_cluster', '', '2022-01-23 23:35:30', '2022-01-24 00:02:32', NULL);

-- --------------------------------------------------------

--
-- Table structure for table `city`
--

CREATE TABLE `city` (
  `id` int(11) NOT NULL,
  `name` varchar(255) NOT NULL,
  `parent_id` int(11) DEFAULT NULL,
  `type` enum('Airprt','Trainstation','Hotel','City') DEFAULT NULL,
  `deleted_at` timestamp NULL DEFAULT NULL,
  `created_at` timestamp NULL DEFAULT NULL,
  `updated_at` timestamp NULL DEFAULT NULL
) ENGINE=InnoDB DEFAULT CHARSET=utf8 COLLATE=utf8_general_ci;

--
-- Dumping data for table `city`
--

INSERT INTO `city` (`id`, `name`, `parent_id`, `type`, `deleted_at`, `created_at`, `updated_at`) VALUES
(67, 'Vienna', NULL, NULL, NULL, '2024-01-15 22:44:44', '2024-01-15 22:44:44'),
(68, 'Salzburg', NULL, NULL, NULL, '2024-01-15 22:46:39', '2024-01-15 22:46:39'),
(69, 'Zell am See', NULL, NULL, NULL, '2024-01-15 22:46:54', '2024-01-15 22:46:54'),
(70, 'Hallstatt', NULL, NULL, NULL, '2024-01-15 22:47:17', '2024-01-15 22:47:17'),
(71, 'Innsbruck', NULL, NULL, NULL, '2024-01-15 22:47:34', '2024-01-15 22:47:34'),
(72, 'Geneva', NULL, NULL, NULL, '2024-01-15 22:47:44', '2024-01-15 22:47:44'),
(73, 'Interlaken', NULL, NULL, NULL, '2024-01-15 22:47:54', '2024-01-15 22:47:54'),
(74, 'Zurich', NULL, NULL, NULL, '2024-01-15 22:48:05', '2024-01-15 22:48:05'),
(75, 'Basel', NULL, NULL, NULL, '2024-01-15 22:48:15', '2024-01-15 22:48:15'),
(76, 'Bern', NULL, NULL, NULL, '2024-01-15 22:48:25', '2024-01-15 22:48:25'),
(77, 'Lausanne', NULL, NULL, NULL, '2024-01-15 22:48:36', '2024-01-15 22:48:36'),
(78, 'Luzern', NULL, NULL, NULL, '2024-01-15 22:48:44', '2024-01-15 22:48:44'),
(79, 'Courchevel', NULL, NULL, NULL, '2024-01-15 22:48:52', '2024-01-15 22:48:52'),
(80, 'Megeve', NULL, NULL, NULL, '2024-01-15 22:49:00', '2024-01-15 22:49:00'),
(81, 'Chamonix', NULL, NULL, NULL, '2024-01-15 22:49:08', '2024-01-15 22:49:08'),
(82, 'Paris', NULL, NULL, NULL, '2024-01-15 22:49:24', '2024-01-15 22:49:24'),
(83, 'Evian', NULL, NULL, NULL, '2024-01-15 22:49:53', '2024-01-15 22:49:53'),
(84, 'Nice', NULL, NULL, NULL, '2024-01-15 22:50:02', '2024-01-15 22:50:02'),
(85, 'Cannes', NULL, NULL, NULL, '2024-01-15 22:50:18', '2024-01-15 22:50:18'),
(86, 'Monaco', NULL, NULL, NULL, '2024-01-15 22:52:17', '2024-01-15 22:52:17'),
(87, 'Annecy', NULL, NULL, NULL, '2024-01-15 22:52:24', '2024-01-15 22:52:24'),
(88, 'Milano', NULL, NULL, NULL, '2024-01-15 22:52:30', '2024-01-15 22:52:30'),
(89, 'Venice', NULL, NULL, NULL, '2024-01-15 22:52:37', '2024-01-15 22:52:37'),
(90, 'Pisa', NULL, NULL, NULL, '2024-01-15 22:52:45', '2024-01-15 22:52:45'),
(91, 'Genoa', NULL, NULL, NULL, '2024-01-15 22:52:52', '2024-01-15 22:52:52'),
(92, 'Florence', NULL, NULL, NULL, '2024-01-15 22:53:30', '2024-01-15 22:53:30'),
(93, 'Naples', NULL, NULL, NULL, '2024-01-15 22:53:37', '2024-01-15 22:53:37'),
(94, 'Rome', NULL, NULL, NULL, '2024-01-15 22:54:02', '2024-01-15 22:54:02'),
(95, 'Portofino', NULL, NULL, NULL, '2024-01-15 22:54:45', '2024-01-15 22:54:45'),
(96, 'Amsterdam', NULL, NULL, NULL, '2024-01-15 22:54:52', '2024-01-15 23:16:58'),
(97, 'Rotterdam', NULL, NULL, NULL, '2024-01-15 22:54:59', '2024-01-15 22:54:59'),
(98, 'London', NULL, NULL, NULL, '2024-01-15 22:55:14', '2024-01-15 22:55:14'),
(99, 'Malaga', NULL, NULL, NULL, '2024-01-15 22:55:21', '2024-01-15 22:55:21'),
(100, 'Barcelona', NULL, NULL, NULL, '2024-01-15 22:55:28', '2024-01-15 22:55:28'),
(101, 'Madrid', NULL, NULL, NULL, '2024-01-15 22:55:36', '2024-01-15 22:55:36'),
(102, 'Munich', NULL, NULL, NULL, '2024-01-15 22:55:43', '2024-01-15 22:55:43'),
(103, 'Berlin', NULL, NULL, NULL, '2024-01-15 22:55:49', '2024-01-15 22:55:49'),
(104, 'Dusseldorf', NULL, NULL, NULL, '2024-01-15 22:55:56', '2024-01-15 22:55:56'),
(105, 'Hamburg', NULL, NULL, NULL, '2024-01-15 22:56:04', '2024-01-15 22:56:04'),
(106, 'Cologne', NULL, NULL, NULL, '2024-01-15 22:56:12', '2024-01-15 22:56:12'),
(107, 'Frankfurt', NULL, NULL, NULL, '2024-01-15 22:56:19', '2024-01-15 22:56:19'),
(108, 'Prague', NULL, NULL, NULL, '2024-01-15 22:56:26', '2024-01-15 22:56:26'),
(109, 'Lisbon', NULL, NULL, NULL, '2024-01-15 22:56:34', '2024-01-15 22:56:34'),
(110, 'Warsaw', NULL, NULL, NULL, '2024-01-15 22:56:57', '2024-01-15 22:56:57'),
(111, 'Athen', NULL, NULL, NULL, '2024-01-15 22:57:05', '2024-01-15 22:57:05'),
(112, 'Budapest', NULL, NULL, NULL, '2024-01-15 22:57:13', '2024-01-15 22:57:13'),
(113, 'Oslo', NULL, NULL, NULL, '2024-01-15 22:57:19', '2024-01-15 22:57:19'),
(114, 'Ljubljana', NULL, NULL, NULL, '2024-01-15 22:57:26', '2024-01-15 22:57:26'),
(115, 'Bratislava', NULL, NULL, NULL, '2024-01-15 22:57:32', '2024-01-15 22:57:32'),
(116, 'Sarajevo', NULL, NULL, NULL, '2024-01-15 22:57:39', '2024-01-15 22:57:39'),
(117, 'Brussels', NULL, NULL, NULL, '2024-01-15 22:57:46', '2024-01-15 22:57:46');

-- --------------------------------------------------------

--
-- Table structure for table `city_distance`
--

CREATE TABLE `city_distance` (
  `id` int(11) NOT NULL,
  `city_from_id` int(11) NOT NULL,
  `city_to_id` int(11) NOT NULL,
  `distance` int(11) NOT NULL,
  `deleted_at` timestamp NULL DEFAULT NULL,
  `created_at` timestamp NULL DEFAULT NULL,
  `updated_at` timestamp NULL DEFAULT NULL
) ENGINE=InnoDB DEFAULT CHARSET=utf8 COLLATE=utf8_general_ci;

--
-- Dumping data for table `city_distance`
--

INSERT INTO `city_distance` (`id`, `city_from_id`, `city_to_id`, `distance`, `deleted_at`, `created_at`, `updated_at`) VALUES
(12, 67, 26, 30, '2024-01-22 10:40:16', '2024-01-15 23:04:05', '2024-01-22 10:40:16'),
(13, 67, 68, 300, NULL, '2024-01-15 23:04:33', '2024-01-15 23:04:33'),
(14, 67, 69, 380, NULL, '2024-01-15 23:04:51', '2024-01-15 23:04:51'),
(15, 67, 70, 298, NULL, '2024-01-15 23:05:09', '2024-01-15 23:05:09'),
(16, 67, 71, 550, NULL, '2024-01-15 23:05:24', '2024-01-15 23:05:24'),
(17, 67, 72, 1045, NULL, '2024-01-15 23:05:44', '2024-01-15 23:05:44'),
(18, 67, 73, 850, NULL, '2024-01-15 23:05:59', '2024-01-15 23:05:59'),
(19, 67, 74, 770, NULL, '2024-01-15 23:06:27', '2024-01-15 23:06:27'),
(20, 67, 75, 830, NULL, '2024-01-15 23:06:50', '2024-01-15 23:06:50'),
(21, 67, 76, 860, NULL, '2024-01-15 23:07:17', '2024-01-15 23:07:17'),
(22, 67, 77, 970, NULL, '2024-01-15 23:07:36', '2024-01-15 23:07:36'),
(23, 67, 78, 800, NULL, '2024-01-15 23:07:51', '2024-01-15 23:07:51'),
(24, 67, 79, 1220, NULL, '2024-01-15 23:08:09', '2024-01-15 23:08:09'),
(25, 67, 80, 1123, NULL, '2024-01-15 23:08:27', '2024-01-15 23:08:27'),
(26, 67, 81, 1094, NULL, '2024-01-15 23:08:52', '2024-01-15 23:08:52'),
(27, 67, 82, 1240, NULL, '2024-01-15 23:09:13', '2024-01-15 23:09:13'),
(28, 67, 83, 985, NULL, '2024-01-15 23:09:46', '2024-01-15 23:09:46'),
(29, 67, 84, 1170, NULL, '2024-01-15 23:10:06', '2024-01-15 23:10:06'),
(30, 67, 85, 1215, NULL, '2024-01-15 23:10:27', '2024-01-15 23:10:27'),
(31, 67, 86, 1165, NULL, '2024-01-15 23:10:46', '2024-01-15 23:10:46'),
(32, 67, 87, 1050, NULL, '2024-01-15 23:11:10', '2024-01-15 23:11:10'),
(33, 67, 88, 870, NULL, '2024-01-15 23:11:30', '2024-01-15 23:11:30'),
(34, 67, 89, 610, NULL, '2024-01-15 23:11:48', '2024-01-15 23:11:48'),
(35, 67, 90, 900, NULL, '2024-01-15 23:12:06', '2024-01-15 23:12:06'),
(36, 67, 91, 999, NULL, '2024-01-15 23:12:25', '2024-01-15 23:12:25'),
(37, 67, 92, 1000, NULL, '2024-01-15 23:12:45', '2024-01-15 23:12:45'),
(38, 67, 93, 1370, NULL, '2024-01-15 23:15:23', '2024-01-15 23:15:23'),
(39, 67, 94, 1130, NULL, '2024-01-15 23:15:41', '2024-01-15 23:15:41'),
(40, 67, 95, 1020, NULL, '2024-01-15 23:16:04', '2024-01-15 23:16:04'),
(41, 67, 96, 1190, NULL, '2024-01-15 23:17:35', '2024-01-15 23:17:35'),
(42, 67, 97, 1200, NULL, '2024-01-15 23:17:52', '2024-01-15 23:17:52'),
(43, 67, 98, 1450, NULL, '2024-01-15 23:18:11', '2024-01-15 23:18:11'),
(44, 67, 99, 2750, NULL, '2024-01-15 23:18:26', '2024-01-15 23:18:26'),
(45, 67, 100, 1780, NULL, '2024-01-15 23:18:48', '2024-01-15 23:18:48'),
(46, 67, 101, 2400, NULL, '2024-01-15 23:19:02', '2024-01-15 23:19:02'),
(47, 67, 102, 402, NULL, '2024-01-15 23:19:20', '2024-01-15 23:19:20'),
(48, 67, 103, 700, NULL, '2024-01-15 23:19:37', '2024-01-15 23:19:37'),
(49, 67, 104, 940, NULL, '2024-01-15 23:19:54', '2024-01-15 23:19:54'),
(50, 67, 105, 980, NULL, '2024-01-15 23:20:15', '2024-01-15 23:20:15'),
(51, 67, 106, 950, NULL, '2024-01-15 23:20:34', '2024-01-15 23:20:34'),
(52, 67, 107, 790, NULL, '2024-01-15 23:20:50', '2024-01-15 23:20:50'),
(53, 67, 108, 335, NULL, '2024-01-15 23:21:12', '2024-01-15 23:21:12'),
(54, 67, 109, 2850, NULL, '2024-01-15 23:21:37', '2024-01-15 23:21:37'),
(55, 67, 110, 680, NULL, '2024-01-15 23:21:57', '2024-01-15 23:21:57'),
(56, 67, 111, 1800, NULL, '2024-01-15 23:22:32', '2024-01-15 23:22:32'),
(57, 67, 112, 250, NULL, '2024-01-15 23:22:51', '2024-01-15 23:22:51'),
(58, 67, 113, 1700, NULL, '2024-01-15 23:23:06', '2024-01-15 23:23:06'),
(59, 67, 114, 390, NULL, '2024-01-15 23:23:27', '2024-01-15 23:23:27'),
(60, 67, 115, 80, NULL, '2024-01-15 23:23:42', '2024-01-15 23:23:42'),
(61, 67, 116, 780, NULL, '2024-01-15 23:24:01', '2024-01-15 23:24:01'),
(62, 67, 117, 1110, NULL, '2024-01-15 23:24:23', '2024-01-15 23:24:23'),
(63, 68, 69, 90, NULL, '2024-01-15 23:33:37', '2024-01-15 23:33:37'),
(64, 68, 70, 85, NULL, '2024-01-16 00:55:42', '2024-01-16 00:55:42'),
(65, 68, 71, 190, NULL, '2024-01-16 00:56:17', '2024-01-16 00:56:17'),
(66, 68, 72, 730, NULL, '2024-01-16 00:57:19', '2024-01-16 00:57:19'),
(67, 68, 73, 575, NULL, '2024-01-16 00:58:08', '2024-01-16 00:58:08'),
(68, 68, 74, 455, NULL, '2024-01-16 00:58:42', '2024-01-16 00:58:42'),
(69, 68, 75, 540, NULL, '2024-01-16 00:59:17', '2024-01-16 00:59:17'),
(70, 68, 77, 677, NULL, '2024-01-16 00:59:53', '2024-01-16 00:59:53'),
(71, 68, 78, 495, NULL, '2024-01-16 01:00:24', '2024-01-16 01:00:24'),
(72, 68, 79, 903, NULL, '2024-01-16 01:01:05', '2024-01-16 01:01:05'),
(73, 68, 80, 840, NULL, '2024-01-16 01:01:37', '2024-01-16 01:01:37'),
(74, 68, 81, 780, NULL, '2024-01-16 01:02:23', '2024-01-16 01:02:23'),
(75, 68, 82, 1020, NULL, '2024-01-16 01:04:48', '2024-01-16 01:04:48'),
(76, 68, 83, 720, NULL, '2024-01-16 01:05:20', '2024-01-16 01:05:20'),
(77, 68, 84, 920, NULL, '2024-01-16 01:05:58', '2024-01-16 01:05:58'),
(78, 68, 85, 980, NULL, '2024-01-16 01:06:28', '2024-01-16 01:06:28'),
(79, 68, 86, 900, NULL, '2024-01-16 01:07:03', '2024-01-16 01:07:03'),
(80, 68, 87, 820, NULL, '2024-01-16 01:07:47', '2024-01-16 01:07:47'),
(81, 68, 88, 595, NULL, '2024-01-16 01:09:20', '2024-01-16 01:09:20'),
(82, 68, 89, 450, NULL, '2024-01-16 01:10:06', '2024-01-16 01:10:06'),
(83, 68, 90, 750, NULL, '2024-01-16 01:10:58', '2024-01-16 01:10:58'),
(84, 68, 91, 780, NULL, '2024-01-16 01:11:26', '2024-01-16 01:11:26'),
(85, 68, 92, 680, NULL, '2024-01-16 01:12:09', '2024-01-16 01:12:09'),
(86, 68, 93, 1139, NULL, '2024-01-16 01:12:42', '2024-01-16 01:12:42'),
(87, 68, 94, 940, NULL, '2024-01-16 01:13:11', '2024-01-16 01:13:11'),
(88, 68, 95, 750, NULL, '2024-01-16 01:14:01', '2024-01-16 01:14:01'),
(89, 68, 96, 972, NULL, '2024-01-16 01:14:42', '2024-01-16 01:14:42'),
(90, 68, 97, 987, NULL, '2024-01-16 01:16:36', '2024-01-16 01:16:36'),
(91, 68, 98, 1294, NULL, '2024-01-16 01:17:43', '2024-01-16 01:17:43'),
(92, 68, 99, 2473, NULL, '2024-01-16 01:19:00', '2024-01-16 01:19:00'),
(93, 68, 100, 1510, NULL, '2024-01-16 01:19:37', '2024-01-16 01:19:37'),
(94, 68, 101, 2114, NULL, '2024-01-16 01:20:25', '2024-01-16 01:20:25'),
(95, 68, 102, 145, NULL, '2024-01-16 01:20:53', '2024-01-16 01:20:53'),
(96, 68, 103, 735, NULL, '2024-01-16 01:21:54', '2024-01-16 01:21:54'),
(97, 68, 104, 763, NULL, '2024-01-16 01:22:36', '2024-01-16 01:22:36'),
(98, 68, 105, 899, NULL, '2024-01-16 01:23:21', '2024-01-16 01:23:21'),
(99, 68, 106, 740, NULL, '2024-01-16 01:24:30', '2024-01-16 01:24:30'),
(100, 68, 106, 740, '2024-01-16 01:26:01', '2024-01-16 01:25:55', '2024-01-16 01:26:01'),
(101, 68, 107, 540, NULL, '2024-01-16 01:26:45', '2024-01-16 01:26:45'),
(102, 68, 108, 375, NULL, '2024-01-16 01:27:29', '2024-01-16 01:27:29'),
(103, 68, 109, 2620, NULL, '2024-01-16 01:28:19', '2024-01-16 01:28:19'),
(104, 68, 110, 970, NULL, '2024-01-16 01:28:45', '2024-01-16 01:28:45'),
(105, 68, 111, 1904, NULL, '2024-01-16 01:29:17', '2024-01-16 01:29:17'),
(106, 68, 112, 544, NULL, '2024-01-16 01:30:02', '2024-01-16 01:30:02'),
(107, 68, 113, 1738, NULL, '2024-01-16 01:30:44', '2024-01-16 01:30:44'),
(108, 68, 114, 278, NULL, '2024-01-16 01:31:30', '2024-01-16 01:31:30'),
(109, 68, 115, 380, NULL, '2024-01-16 01:32:02', '2024-01-16 01:32:02'),
(110, 68, 116, 824, NULL, '2024-01-16 01:32:34', '2024-01-16 01:32:34'),
(111, 68, 117, 888, NULL, '2024-01-16 01:33:02', '2024-01-16 01:33:02'),
(112, 69, 70, 111, NULL, '2024-01-16 01:35:11', '2024-01-16 01:35:11'),
(113, 69, 71, 141, NULL, '2024-01-16 01:35:48', '2024-01-16 01:35:48'),
(114, 69, 72, 705, NULL, '2024-01-16 01:36:22', '2024-01-16 01:36:22'),
(115, 69, 73, 511, NULL, '2024-01-16 01:37:22', '2024-01-16 01:37:22'),
(116, 69, 74, 422, NULL, '2024-01-16 01:38:12', '2024-01-16 01:38:12'),
(117, 69, 75, 512, NULL, '2024-01-16 01:38:47', '2024-01-16 01:38:47'),
(118, 69, 76, 547, NULL, '2024-01-16 01:39:17', '2024-01-16 01:39:17'),
(119, 69, 78, 445, NULL, '2024-01-16 01:40:28', '2024-01-16 01:40:28'),
(120, 69, 79, 831, NULL, '2024-01-16 01:41:10', '2024-01-16 01:41:10'),
(121, 69, 81, 720, NULL, '2024-01-16 01:43:06', '2024-01-16 01:43:06'),
(122, 69, 80, 753, NULL, '2024-01-16 01:43:56', '2024-01-16 01:43:56'),
(123, 69, 82, 997, NULL, '2024-01-16 01:44:34', '2024-01-16 01:45:04'),
(124, 69, 83, 671, NULL, '2024-01-16 01:45:45', '2024-01-16 01:45:45'),
(125, 69, 84, 834, NULL, '2024-01-16 01:48:07', '2024-01-16 01:48:07'),
(126, 69, 85, 868, NULL, '2024-01-16 01:48:54', '2024-01-16 01:48:54'),
(127, 69, 86, 821, NULL, '2024-01-16 01:53:55', '2024-01-16 01:53:55'),
(128, 69, 87, 743, NULL, '2024-01-16 01:54:41', '2024-01-16 01:54:41'),
(129, 69, 88, 529, NULL, '2024-01-16 01:55:14', '2024-01-16 01:55:14'),
(130, 69, 89, 316, NULL, '2024-01-16 01:55:58', '2024-01-16 01:56:12'),
(131, 69, 90, 618, NULL, '2024-01-16 01:56:58', '2024-01-16 01:56:58'),
(132, 69, 91, 645, NULL, '2024-01-16 01:57:52', '2024-01-16 01:57:52'),
(133, 69, 92, 566, NULL, '2024-01-16 01:58:27', '2024-01-16 01:58:27'),
(134, 69, 93, 1024, NULL, '2024-01-16 01:59:01', '2024-01-16 01:59:01'),
(135, 69, 94, 825, NULL, '2024-01-16 01:59:49', '2024-01-16 01:59:49'),
(136, 69, 95, 693, NULL, '2024-01-16 02:00:43', '2024-01-16 02:00:43'),
(137, 69, 96, 993, NULL, '2024-01-16 02:02:35', '2024-01-16 02:02:35'),
(138, 69, 97, 1002, NULL, '2024-01-16 02:04:50', '2024-01-16 02:04:50'),
(139, 69, 98, 1316, NULL, '2024-01-16 02:05:39', '2024-01-16 02:05:39'),
(140, 69, 99, 2449, NULL, '2024-01-16 02:06:16', '2024-01-16 02:06:16'),
(141, 69, 100, 1485, NULL, '2024-01-16 02:06:46', '2024-01-16 02:06:46'),
(142, 69, 101, 2090, NULL, '2024-01-16 02:07:18', '2024-01-16 02:07:18'),
(143, 69, 102, 167, NULL, '2024-01-16 02:07:48', '2024-01-16 02:07:48'),
(144, 69, 103, 757, NULL, '2024-01-16 02:08:16', '2024-01-16 02:08:16'),
(145, 69, 104, 785, NULL, '2024-01-16 02:08:53', '2024-01-16 02:08:53'),
(146, 69, 105, 947, NULL, '2024-01-16 02:09:28', '2024-01-16 02:09:28'),
(147, 69, 106, 743, NULL, '2024-01-16 02:10:02', '2024-01-16 02:10:02'),
(148, 69, 107, 562, NULL, '2024-01-16 02:10:41', '2024-01-16 02:10:41'),
(149, 69, 108, 458, NULL, '2024-01-16 02:11:19', '2024-01-16 02:11:19'),
(150, 69, 109, 2547, NULL, '2024-01-16 02:12:16', '2024-01-16 02:12:16'),
(151, 69, 110, 1018, NULL, '2024-01-16 02:12:45', '2024-01-16 02:12:45'),
(152, 69, 111, 1905, NULL, '2024-01-16 02:13:15', '2024-01-16 02:13:15'),
(153, 69, 113, 1757, NULL, '2024-01-16 02:14:12', '2024-01-16 02:14:12'),
(154, 69, 112, 584, NULL, '2024-01-16 02:14:55', '2024-01-16 02:14:55'),
(155, 69, 114, 282, NULL, '2024-01-16 02:15:22', '2024-01-16 02:15:22'),
(156, 69, 115, 464, NULL, '2024-01-16 02:15:47', '2024-01-16 02:15:47'),
(157, 69, 116, 819, NULL, '2024-01-16 02:16:22', '2024-01-16 02:16:22'),
(158, 69, 117, 909, NULL, '2024-01-16 02:16:57', '2024-01-16 02:16:57'),
(159, 70, 71, 247, NULL, '2024-01-16 16:22:01', '2024-01-16 16:22:01'),
(160, 70, 72, 790, NULL, '2024-01-16 16:22:40', '2024-01-16 16:22:40'),
(161, 70, 73, 617, NULL, '2024-01-16 16:23:42', '2024-01-16 16:23:42'),
(162, 70, 74, 513, NULL, '2024-01-16 16:24:35', '2024-01-16 16:24:35'),
(163, 70, 75, 597, NULL, '2024-01-16 16:25:12', '2024-01-16 16:25:12'),
(164, 70, 76, 631, NULL, '2024-01-16 16:26:09', '2024-01-16 16:26:09'),
(165, 70, 76, 631, '2024-01-16 16:33:06', '2024-01-16 16:28:11', '2024-01-16 16:33:06'),
(166, 70, 77, 733, '2024-01-16 16:29:45', '2024-01-16 16:28:39', '2024-01-16 16:29:45'),
(167, 70, 77, 733, NULL, '2024-01-16 16:29:38', '2024-01-16 16:29:38'),
(168, 70, 78, 551, NULL, '2024-01-16 16:32:44', '2024-01-16 16:32:44'),
(169, 70, 79, 963, NULL, '2024-01-16 16:34:56', '2024-01-16 16:34:56'),
(170, 70, 80, 870, NULL, '2024-01-16 16:35:38', '2024-01-16 16:35:38'),
(171, 70, 81, 804, NULL, '2024-01-16 16:36:03', '2024-01-16 16:36:03'),
(172, 70, 82, 1048, NULL, '2024-01-16 16:36:39', '2024-01-16 16:36:39'),
(173, 70, 83, 755, NULL, '2024-01-16 16:37:10', '2024-01-16 16:37:10'),
(174, 70, 84, 940, NULL, '2024-01-16 16:37:50', '2024-01-16 16:37:50'),
(175, 70, 85, 974, NULL, '2024-01-16 16:38:14', '2024-01-16 16:38:14'),
(176, 70, 86, 927, NULL, '2024-01-16 16:38:43', '2024-01-16 16:38:43'),
(177, 70, 87, 827, NULL, '2024-01-16 16:40:00', '2024-01-16 16:40:00'),
(178, 70, 88, 635, NULL, '2024-01-16 16:53:03', '2024-01-16 16:53:03'),
(179, 70, 89, 425, NULL, '2024-01-16 16:54:55', '2024-01-16 16:54:55'),
(180, 70, 90, 742, NULL, '2024-01-16 16:55:38', '2024-01-16 16:55:38'),
(181, 70, 91, 770, NULL, '2024-01-16 16:56:06', '2024-01-16 16:56:06'),
(182, 70, 92, 675, NULL, '2024-01-16 16:56:31', '2024-01-16 16:56:31'),
(183, 70, 93, 1140, NULL, '2024-01-16 16:57:41', '2024-01-16 16:57:41'),
(184, 70, 94, 941, NULL, '2024-01-16 16:59:52', '2024-01-16 16:59:52'),
(185, 70, 95, 799, NULL, '2024-01-16 17:01:01', '2024-01-16 17:01:01'),
(186, 70, 96, 1032, NULL, '2024-01-16 17:01:36', '2024-01-16 17:01:36'),
(187, 70, 97, 1046, NULL, '2024-01-16 17:02:09', '2024-01-16 17:02:09'),
(188, 70, 98, 1322, NULL, '2024-01-16 17:03:19', '2024-01-16 17:03:19'),
(189, 70, 99, 2535, NULL, '2024-01-16 17:03:43', '2024-01-16 17:03:43'),
(190, 70, 100, 1572, NULL, '2024-01-16 17:04:12', '2024-01-16 17:04:12'),
(191, 70, 101, 2176, NULL, '2024-01-16 17:04:39', '2024-01-16 17:04:39'),
(192, 70, 102, 205, NULL, '2024-01-16 17:05:31', '2024-01-16 17:05:31'),
(193, 70, 103, 716, NULL, '2024-01-16 17:05:56', '2024-01-16 17:06:19'),
(194, 70, 104, 823, NULL, '2024-01-16 17:06:45', '2024-01-16 17:06:45'),
(195, 70, 105, 985, NULL, '2024-01-16 17:07:06', '2024-01-16 17:07:06'),
(196, 70, 106, 781, NULL, '2024-01-16 17:07:39', '2024-01-16 17:07:39'),
(197, 70, 107, 600, NULL, '2024-01-16 17:08:01', '2024-01-16 17:08:01'),
(198, 70, 108, 367, NULL, '2024-01-16 17:08:30', '2024-01-16 17:08:30'),
(199, 70, 109, 2640, NULL, '2024-01-16 17:09:02', '2024-01-16 17:09:02'),
(200, 70, 110, 963, NULL, '2024-01-16 17:09:31', '2024-01-16 17:09:31'),
(201, 70, 111, 1844, NULL, '2024-01-16 17:09:54', '2024-01-16 17:09:54'),
(202, 70, 112, 502, NULL, '2024-01-16 17:10:27', '2024-01-16 17:10:27'),
(203, 70, 113, 1789, NULL, '2024-01-16 17:10:51', '2024-01-16 17:10:51'),
(204, 70, 114, 271, NULL, '2024-01-16 17:11:18', '2024-01-16 17:11:18'),
(205, 70, 115, 366, NULL, '2024-01-16 17:11:51', '2024-01-16 17:11:51'),
(206, 70, 116, 758, NULL, '2024-01-16 17:13:52', '2024-01-16 17:13:52'),
(207, 70, 117, 948, NULL, '2024-01-16 17:14:54', '2024-01-16 17:14:54'),
(208, 71, 72, 557, NULL, '2024-01-16 17:17:10', '2024-01-16 17:17:10'),
(209, 71, 73, 374, NULL, '2024-01-16 17:20:46', '2024-01-16 17:20:46'),
(210, 71, 74, 291, NULL, '2024-01-16 17:21:08', '2024-01-16 17:21:08'),
(211, 71, 75, 375, NULL, '2024-01-16 17:21:26', '2024-01-16 17:21:26'),
(212, 71, 76, 407, NULL, '2024-01-16 17:21:45', '2024-01-16 17:21:45'),
(213, 71, 77, 509, NULL, '2024-01-16 17:22:13', '2024-01-16 17:22:13'),
(214, 71, 78, 308, NULL, '2024-01-16 17:22:33', '2024-01-16 17:22:33'),
(215, 71, 79, 734, NULL, '2024-01-16 17:23:07', '2024-01-16 17:23:07'),
(216, 71, 80, 648, NULL, '2024-01-16 17:23:25', '2024-01-16 17:23:25'),
(217, 71, 81, 582, NULL, '2024-01-16 17:23:50', '2024-01-16 17:23:50'),
(218, 71, 82, 630, NULL, '2024-01-16 17:24:32', '2024-01-16 17:24:32'),
(219, 71, 83, 530, NULL, '2024-01-16 17:24:50', '2024-01-16 17:24:50'),
(220, 71, 84, 700, NULL, '2024-01-16 17:25:07', '2024-01-16 17:25:07'),
(221, 71, 85, 638, NULL, '2024-01-16 17:25:25', '2024-01-16 17:25:25'),
(222, 71, 86, 687, NULL, '2024-01-16 17:25:45', '2024-01-16 17:25:45'),
(223, 71, 87, 595, NULL, '2024-01-16 17:26:14', '2024-01-16 17:26:14'),
(224, 71, 88, 295, NULL, '2024-01-16 17:33:43', '2024-01-16 17:33:43'),
(225, 71, 89, 320, NULL, '2024-01-16 17:33:59', '2024-01-16 17:33:59'),
(226, 71, 90, 560, NULL, '2024-01-16 17:34:37', '2024-01-16 17:34:37'),
(227, 71, 91, 530, NULL, '2024-01-16 17:34:57', '2024-01-16 17:34:57'),
(228, 71, 92, 501, NULL, '2024-01-16 17:35:16', '2024-01-16 17:35:16'),
(229, 71, 93, 959, NULL, '2024-01-16 17:35:41', '2024-01-16 17:35:41'),
(230, 71, 94, 870, NULL, '2024-01-16 17:35:59', '2024-01-16 17:35:59'),
(231, 71, 95, 559, NULL, '2024-01-16 17:36:22', '2024-01-16 17:36:22'),
(232, 71, 96, 890, NULL, '2024-01-16 17:38:56', '2024-01-16 17:38:56'),
(233, 71, 97, 944, NULL, '2024-01-16 17:39:52', '2024-01-16 17:39:52'),
(234, 71, 98, 630, NULL, '2024-01-16 17:41:24', '2024-01-16 17:41:24'),
(235, 71, 99, 1970, NULL, '2024-01-16 17:41:48', '2024-01-16 17:41:48'),
(236, 71, 100, 1000, NULL, '2024-01-16 17:42:23', '2024-01-16 17:42:23'),
(237, 71, 101, 1600, NULL, '2024-01-16 17:42:52', '2024-01-16 17:42:52'),
(238, 71, 102, 430, NULL, '2024-01-16 17:43:47', '2024-01-16 17:43:47'),
(239, 71, 103, 985, NULL, '2024-01-16 17:44:06', '2024-01-16 17:44:06'),
(240, 71, 104, 721, NULL, '2024-01-16 17:44:55', '2024-01-16 17:44:55'),
(241, 71, 105, 910, NULL, '2024-01-16 17:45:19', '2024-01-16 17:45:19'),
(242, 71, 106, 679, NULL, '2024-01-16 17:45:41', '2024-01-16 17:45:41'),
(243, 71, 107, 517, NULL, '2024-01-16 17:45:57', '2024-01-16 17:45:57'),
(244, 71, 108, 805, NULL, '2024-01-16 17:46:13', '2024-01-16 17:46:13'),
(245, 71, 109, 2418, NULL, '2024-01-16 17:46:29', '2024-01-16 17:46:29'),
(246, 71, 110, 1152, NULL, '2024-01-16 17:46:47', '2024-01-16 17:46:47'),
(247, 71, 110, 1152, NULL, '2024-01-16 17:47:09', '2024-01-16 17:47:09'),
(248, 71, 111, 2074, NULL, '2024-01-16 17:47:52', '2024-01-16 17:47:52'),
(249, 71, 112, 725, NULL, '2024-01-16 17:48:38', '2024-01-16 17:48:38'),
(250, 71, 113, 1769, NULL, '2024-01-16 17:49:03', '2024-01-16 17:49:03'),
(251, 71, 114, 385, NULL, '2024-01-16 17:49:26', '2024-01-16 17:49:26'),
(252, 71, 115, 563, NULL, '2024-01-16 17:49:58', '2024-01-16 17:49:58'),
(253, 71, 116, 921, NULL, '2024-01-16 17:50:19', '2024-01-16 17:50:19'),
(254, 71, 117, 829, NULL, '2024-01-16 17:50:37', '2024-01-16 17:50:37'),
(255, 72, 73, 216, NULL, '2024-01-16 18:13:04', '2024-01-16 18:13:04'),
(256, 72, 74, 285, NULL, '2024-01-16 18:15:01', '2024-01-16 18:15:01'),
(257, 73, 75, 258, NULL, '2024-01-16 18:15:22', '2024-01-16 18:15:22'),
(258, 72, 76, 159, NULL, '2024-01-16 18:15:48', '2024-01-16 18:15:48'),
(259, 72, 77, 64, NULL, '2024-01-16 18:16:22', '2024-01-16 18:16:22'),
(260, 72, 78, 265, NULL, '2024-01-16 18:16:42', '2024-01-16 18:16:42'),
(261, 72, 79, 145, NULL, '2024-01-16 18:17:00', '2024-01-16 18:17:00'),
(262, 72, 80, 69, NULL, '2024-01-16 18:18:09', '2024-01-16 18:18:09'),
(263, 72, 81, 82, NULL, '2024-01-16 18:18:39', '2024-01-16 18:18:39'),
(264, 72, 82, 540, NULL, '2024-01-16 18:19:19', '2024-01-16 18:19:19'),
(265, 72, 83, 44, NULL, '2024-01-16 18:21:12', '2024-01-16 18:21:12'),
(266, 72, 84, 534, NULL, '2024-01-16 18:21:29', '2024-01-16 18:21:29'),
(267, 72, 85, 593, NULL, '2024-01-16 18:21:50', '2024-01-16 18:21:50'),
(268, 72, 86, 521, NULL, '2024-01-16 18:22:07', '2024-01-16 18:22:07'),
(269, 72, 87, 50, NULL, '2024-01-16 18:22:27', '2024-01-16 18:22:27'),
(270, 72, 88, 318, NULL, '2024-01-16 18:22:52', '2024-01-16 18:22:52'),
(271, 72, 89, 578, NULL, '2024-01-16 18:23:14', '2024-01-16 18:23:14'),
(272, 72, 90, 537, NULL, '2024-01-16 18:23:35', '2024-01-16 18:23:35'),
(273, 72, 91, 381, NULL, '2024-01-16 18:23:56', '2024-01-16 18:23:56'),
(274, 72, 92, 630, NULL, '2024-01-16 18:24:13', '2024-01-16 18:24:13'),
(275, 72, 93, 1088, NULL, '2024-01-16 18:24:36', '2024-01-16 18:24:36'),
(276, 72, 94, 889, NULL, '2024-01-16 18:24:58', '2024-01-16 18:24:58'),
(277, 72, 95, 413, NULL, '2024-01-16 18:25:46', '2024-01-16 18:25:46'),
(278, 72, 96, 971, NULL, '2024-01-16 18:26:03', '2024-01-16 18:26:03'),
(279, 72, 97, 850, NULL, '2024-01-16 18:26:22', '2024-01-16 18:26:22'),
(280, 72, 98, 927, NULL, '2024-01-16 18:26:39', '2024-01-16 18:26:39'),
(281, 72, 99, 1748, NULL, '2024-01-16 18:26:56', '2024-01-16 18:26:56'),
(282, 72, 100, 783, NULL, '2024-01-16 18:27:36', '2024-01-16 18:27:36'),
(283, 72, 101, 1396, NULL, '2024-01-16 18:28:00', '2024-01-16 18:28:00'),
(284, 72, 102, 584, NULL, '2024-01-16 18:31:04', '2024-01-16 18:31:04'),
(285, 72, 103, 1113, NULL, '2024-01-16 18:31:29', '2024-01-16 18:31:29'),
(286, 72, 104, 779, NULL, '2024-01-16 18:32:00', '2024-01-16 18:32:00'),
(287, 72, 105, 1061, NULL, '2024-01-16 18:32:22', '2024-01-16 18:32:22'),
(288, 72, 106, 737, NULL, '2024-01-16 18:32:52', '2024-01-16 18:32:52'),
(289, 72, 107, 575, NULL, '2024-01-16 18:33:23', '2024-01-16 18:33:23'),
(290, 72, 108, 961, NULL, '2024-01-16 18:33:52', '2024-01-16 18:33:52'),
(291, 72, 109, 1854, NULL, '2024-01-16 18:34:16', '2024-01-16 18:34:16'),
(292, 72, 110, 1598, NULL, '2024-01-16 18:35:05', '2024-01-16 18:35:05'),
(293, 72, 111, 2424, NULL, '2024-01-16 18:35:33', '2024-01-16 18:35:33'),
(294, 72, 112, 1267, NULL, '2024-01-16 18:35:59', '2024-01-16 18:35:59'),
(295, 72, 113, 1874, NULL, '2024-01-16 18:36:28', '2024-01-16 18:36:28'),
(296, 72, 114, 805, NULL, '2024-01-16 18:36:51', '2024-01-16 18:36:51'),
(297, 72, 115, 1102, NULL, '2024-01-16 18:37:23', '2024-01-16 18:37:23'),
(298, 72, 116, 1338, NULL, '2024-01-16 18:38:19', '2024-01-16 18:38:19'),
(299, 72, 117, 768, NULL, '2024-01-16 18:38:42', '2024-01-16 18:38:42'),
(300, 73, 74, 119, NULL, '2024-01-16 18:59:46', '2024-01-16 18:59:46'),
(301, 73, 75, 153, NULL, '2024-01-16 19:01:34', '2024-01-16 19:01:34'),
(302, 73, 76, 57, NULL, '2024-01-16 19:01:55', '2024-01-16 19:01:55'),
(303, 73, 77, 163, NULL, '2024-01-16 19:02:25', '2024-01-16 19:02:25'),
(304, 73, 78, 69, NULL, '2024-01-16 19:02:53', '2024-01-16 19:02:53'),
(305, 73, 79, 404, NULL, '2024-01-16 19:03:14', '2024-01-16 19:03:14'),
(306, 73, 80, 299, NULL, '2024-01-16 19:03:36', '2024-01-16 19:03:36'),
(307, 73, 81, 233, NULL, '2024-01-16 19:04:04', '2024-01-16 19:04:04'),
(308, 73, 82, 628, NULL, '2024-01-16 19:04:24', '2024-01-16 19:04:24'),
(309, 73, 83, 184, NULL, '2024-01-16 19:06:16', '2024-01-16 19:06:16'),
(310, 73, 84, 603, NULL, '2024-01-16 19:06:38', '2024-01-16 19:06:38'),
(311, 73, 85, 638, NULL, '2024-01-16 19:06:54', '2024-01-16 19:06:54'),
(312, 73, 86, 590, NULL, '2024-01-16 19:07:07', '2024-01-16 19:07:07'),
(313, 73, 87, 256, NULL, '2024-01-16 19:07:27', '2024-01-16 19:07:27'),
(314, 73, 88, 294, NULL, '2024-01-16 19:08:27', '2024-01-16 19:08:27'),
(315, 73, 89, 554, NULL, '2024-01-16 19:11:25', '2024-01-16 19:11:25'),
(316, 73, 90, 575, NULL, '2024-01-16 19:11:40', '2024-01-16 19:11:40'),
(317, 73, 91, 433, NULL, '2024-01-16 19:12:01', '2024-01-16 19:12:01'),
(318, 73, 92, 608, NULL, '2024-01-16 19:12:19', '2024-01-16 19:12:19'),
(319, 73, 93, 1067, NULL, '2024-01-16 19:12:45', '2024-01-16 19:12:45'),
(320, 73, 94, 668, NULL, '2024-01-16 19:13:12', '2024-01-16 19:13:12'),
(321, 73, 95, 462, NULL, '2024-01-16 19:13:32', '2024-01-16 19:13:32'),
(322, 73, 96, 886, NULL, '2024-01-16 19:14:08', '2024-01-16 19:14:08'),
(323, 73, 97, 847, NULL, '2024-01-16 19:14:27', '2024-01-16 19:14:27'),
(324, 73, 98, 1011, NULL, '2024-01-16 19:14:53', '2024-01-16 19:14:53'),
(325, 73, 99, 1964, NULL, '2024-01-16 19:15:17', '2024-01-16 19:15:17'),
(326, 73, 100, 1001, NULL, '2024-01-16 19:15:32', '2024-01-16 19:15:32'),
(327, 73, 101, 1605, NULL, '2024-01-16 19:15:49', '2024-01-16 19:15:49'),
(328, 73, 102, 437, NULL, '2024-01-16 19:16:12', '2024-01-16 19:16:12'),
(329, 73, 103, 978, NULL, '2024-01-16 19:16:33', '2024-01-16 19:16:33'),
(330, 73, 104, 678, NULL, '2024-01-16 19:16:54', '2024-01-16 19:16:54'),
(331, 73, 105, 959, NULL, '2024-01-16 19:17:10', '2024-01-16 19:17:10'),
(332, 73, 106, 635, NULL, '2024-01-16 19:17:28', '2024-01-16 19:17:28'),
(333, 73, 107, 474, NULL, '2024-01-16 19:17:42', '2024-01-16 19:17:42'),
(334, 73, 108, 807, NULL, '2024-01-16 19:17:56', '2024-01-16 19:17:56'),
(335, 73, 109, 2069, NULL, '2024-01-16 19:18:16', '2024-01-16 19:18:16'),
(336, 73, 110, 1463, NULL, '2024-01-16 19:18:38', '2024-01-16 19:18:38'),
(337, 73, 111, 2400, NULL, '2024-01-16 19:19:09', '2024-01-16 19:19:09'),
(338, 73, 112, 1094, NULL, '2024-01-16 19:19:31', '2024-01-16 19:19:31'),
(339, 73, 113, 1777, NULL, '2024-01-16 19:19:46', '2024-01-16 19:19:46'),
(340, 73, 114, 779, NULL, '2024-01-16 19:20:05', '2024-01-16 19:20:05'),
(341, 73, 115, 931, NULL, '2024-01-16 19:20:22', '2024-01-16 19:20:22'),
(342, 73, 116, 1314, NULL, '2024-01-16 19:20:43', '2024-01-16 19:20:43'),
(343, 73, 117, 710, NULL, '2024-01-16 19:20:59', '2024-01-16 19:20:59'),
(344, 74, 75, 85, NULL, '2024-01-16 19:22:12', '2024-01-16 19:22:12'),
(345, 74, 76, 122, NULL, '2024-01-16 19:22:31', '2024-01-16 19:22:31'),
(346, 74, 77, 224, NULL, '2024-01-16 19:22:57', '2024-01-16 19:22:57'),
(347, 74, 78, 52, NULL, '2024-01-16 19:23:19', '2024-01-16 19:23:19'),
(348, 74, 79, 403, NULL, '2024-01-16 19:23:41', '2024-01-16 19:23:41'),
(349, 74, 80, 328, NULL, '2024-01-16 19:24:08', '2024-01-16 19:24:08'),
(350, 74, 81, 294, NULL, '2024-01-16 19:24:34', '2024-01-16 19:24:34'),
(351, 74, 82, 593, NULL, '2024-01-16 19:24:50', '2024-01-16 19:24:50'),
(352, 74, 83, 245, NULL, '2024-01-16 19:25:07', '2024-01-16 19:25:07'),
(353, 74, 84, 590, NULL, '2024-01-16 19:25:26', '2024-01-16 19:25:26'),
(354, 74, 85, 624, NULL, '2024-01-16 19:25:43', '2024-01-16 19:25:43'),
(355, 74, 86, 577, NULL, '2024-01-16 19:26:22', '2024-01-16 19:26:22'),
(356, 74, 87, 317, NULL, '2024-01-16 19:26:41', '2024-01-16 19:26:41'),
(357, 74, 88, 280, NULL, '2024-01-16 19:26:56', '2024-01-16 19:26:56'),
(358, 74, 89, 538, NULL, '2024-01-16 19:27:15', '2024-01-16 19:27:15'),
(359, 74, 90, 572, NULL, '2024-01-16 19:27:31', '2024-01-16 19:27:31'),
(360, 74, 91, 419, NULL, '2024-01-16 19:28:59', '2024-01-16 19:28:59'),
(361, 74, 92, 595, NULL, '2024-01-16 19:29:18', '2024-01-16 19:29:18'),
(362, 74, 93, 1053, NULL, '2024-01-16 19:29:44', '2024-01-16 19:29:44'),
(363, 74, 94, 854, NULL, '2024-01-16 19:30:14', '2024-01-16 19:30:14'),
(364, 74, 95, 448, NULL, '2024-01-16 19:30:44', '2024-01-16 19:30:44'),
(365, 74, 96, 810, NULL, '2024-01-16 19:31:09', '2024-01-16 19:31:09'),
(366, 74, 97, 763, NULL, '2024-01-16 19:31:32', '2024-01-16 19:31:32'),
(367, 74, 98, 946, NULL, '2024-01-16 19:33:15', '2024-01-16 19:33:15'),
(368, 74, 99, 2025, NULL, '2024-01-16 19:33:34', '2024-01-16 19:33:34'),
(369, 74, 100, 1060, NULL, '2024-01-16 19:33:58', '2024-01-16 19:33:58'),
(370, 74, 101, 1661, NULL, '2024-01-16 19:34:16', '2024-01-16 19:34:16'),
(371, 74, 102, 310, NULL, '2024-01-16 19:34:45', '2024-01-16 19:34:45'),
(372, 74, 103, 843, NULL, '2024-01-16 19:37:36', '2024-01-16 19:37:36'),
(373, 74, 91, 419, '2024-01-16 19:42:31', '2024-01-16 19:41:06', '2024-01-16 19:42:31'),
(374, 74, 92, 595, '2024-01-16 19:42:37', '2024-01-16 19:41:38', '2024-01-16 19:42:37'),
(375, 74, 104, 601, NULL, '2024-01-16 19:44:06', '2024-01-16 19:44:06'),
(376, 74, 105, 869, NULL, '2024-01-16 19:46:46', '2024-01-16 19:46:46'),
(377, 74, 106, 559, NULL, '2024-01-16 19:47:16', '2024-01-16 19:47:16'),
(378, 74, 107, 397, NULL, '2024-01-16 19:53:59', '2024-01-16 19:53:59'),
(379, 74, 108, 683, NULL, '2024-01-16 19:54:36', '2024-01-16 19:54:36'),
(380, 74, 109, 2130, NULL, '2024-01-16 19:56:09', '2024-01-16 19:56:09'),
(381, 74, 110, 1339, NULL, '2024-01-16 19:56:37', '2024-01-16 19:56:37'),
(382, 74, 111, 2126, NULL, '2024-01-16 19:57:44', '2024-01-16 19:57:44'),
(383, 74, 112, 969, NULL, '2024-01-16 19:58:20', '2024-01-16 19:58:20'),
(384, 74, 113, 1696, NULL, '2024-01-16 19:58:49', '2024-01-16 19:58:49'),
(385, 74, 114, 716, NULL, '2024-01-16 20:00:00', '2024-01-16 20:00:00'),
(386, 74, 115, 807, NULL, '2024-01-16 20:00:24', '2024-01-16 20:00:24'),
(387, 74, 116, 1253, NULL, '2024-01-16 20:00:58', '2024-01-16 20:00:58'),
(388, 74, 117, 626, NULL, '2024-01-16 20:01:19', '2024-01-16 20:01:19'),
(389, 75, 76, 99, NULL, '2024-01-16 20:02:21', '2024-01-16 20:02:21'),
(390, 75, 77, 201, NULL, '2024-01-16 20:03:12', '2024-01-16 20:03:12'),
(391, 75, 78, 100, NULL, '2024-01-16 20:03:38', '2024-01-16 20:03:38'),
(392, 75, 79, 443, NULL, '2024-01-16 20:04:00', '2024-01-16 20:04:00'),
(393, 75, 80, 338, NULL, '2024-01-16 20:04:19', '2024-01-16 20:04:19'),
(394, 75, 81, 272, NULL, '2024-01-16 20:04:47', '2024-01-16 20:04:47'),
(395, 75, 82, 509, NULL, '2024-01-16 20:05:06', '2024-01-16 20:05:06'),
(396, 75, 83, 223, NULL, '2024-01-16 20:05:37', '2024-01-16 20:05:37'),
(397, 75, 84, 651, NULL, '2024-01-16 20:05:57', '2024-01-16 20:05:57'),
(398, 75, 85, 685, NULL, '2024-01-16 20:06:27', '2024-01-16 20:06:27'),
(399, 75, 86, 638, NULL, '2024-01-16 20:06:55', '2024-01-16 20:06:55'),
(400, 75, 87, 295, NULL, '2024-01-16 20:07:13', '2024-01-16 20:07:13'),
(401, 75, 88, 342, NULL, '2024-01-16 20:07:39', '2024-01-16 20:08:23'),
(402, 75, 89, 602, NULL, '2024-01-16 20:09:09', '2024-01-16 20:09:09'),
(403, 75, 90, 622, NULL, '2024-01-16 20:09:43', '2024-01-16 20:09:43'),
(404, 75, 91, 481, NULL, '2024-01-16 20:10:02', '2024-01-16 20:10:02'),
(405, 75, 92, 656, NULL, '2024-01-16 20:10:35', '2024-01-16 20:10:35'),
(406, 75, 93, 1114, NULL, '2024-01-16 20:13:38', '2024-01-16 20:13:38'),
(407, 75, 94, 628, NULL, '2024-01-16 20:14:20', '2024-01-16 20:14:20'),
(408, 75, 95, 510, NULL, '2024-01-16 20:15:13', '2024-01-16 20:15:13'),
(409, 75, 96, 740, NULL, '2024-01-16 20:15:38', '2024-01-16 20:15:38'),
(410, 75, 97, 698, NULL, '2024-01-16 20:15:58', '2024-01-16 20:15:58'),
(411, 75, 98, 862, NULL, '2024-01-16 20:16:25', '2024-01-16 20:16:25'),
(412, 75, 99, 2001, NULL, '2024-01-16 20:17:12', '2024-01-16 20:17:12'),
(413, 75, 100, 1036, NULL, '2024-01-16 20:17:40', '2024-01-16 20:17:40'),
(414, 75, 101, 1577, NULL, '2024-01-16 20:18:07', '2024-01-16 20:18:07'),
(415, 75, 102, 395, NULL, '2024-01-16 20:18:25', '2024-01-16 20:18:25'),
(416, 75, 103, 865, NULL, '2024-01-16 20:18:58', '2024-01-16 20:18:58'),
(417, 75, 104, 531, NULL, '2024-01-16 20:19:20', '2024-01-16 20:19:20'),
(418, 75, 105, 813, NULL, '2024-01-16 20:19:51', '2024-01-16 20:19:51'),
(419, 75, 106, 489, NULL, '2024-01-16 20:20:26', '2024-01-16 20:20:26'),
(420, 75, 107, 327, NULL, '2024-01-16 20:21:04', '2024-01-16 20:21:04'),
(421, 75, 108, 713, NULL, '2024-01-16 20:21:23', '2024-01-16 20:21:23'),
(422, 75, 109, 2039, NULL, '2024-01-16 20:21:49', '2024-01-16 20:21:49'),
(423, 75, 110, 1350, NULL, '2024-01-16 20:22:11', '2024-01-16 20:22:11'),
(424, 75, 111, 2448, NULL, '2024-01-16 20:22:33', '2024-01-16 20:22:33'),
(425, 75, 112, 1054, NULL, '2024-01-16 20:22:52', '2024-01-16 20:23:37'),
(426, 75, 113, 1627, NULL, '2024-01-16 20:24:00', '2024-01-16 20:24:00'),
(427, 75, 114, 828, NULL, '2024-01-16 20:24:16', '2024-01-16 20:24:16'),
(428, 75, 115, 891, NULL, '2024-01-16 20:24:38', '2024-01-16 20:24:38'),
(429, 75, 116, 1362, NULL, '2024-01-16 20:25:06', '2024-01-16 20:25:06'),
(430, 75, 117, 561, NULL, '2024-01-16 20:25:25', '2024-01-16 20:25:25'),
(431, 76, 77, 106, NULL, '2024-01-16 20:26:14', '2024-01-16 20:26:14'),
(432, 76, 78, 110, NULL, '2024-01-16 20:26:45', '2024-01-16 20:26:45'),
(433, 76, 79, 303, NULL, '2024-01-16 20:27:06', '2024-01-16 20:27:45'),
(434, 76, 80, 243, NULL, '2024-01-16 20:27:31', '2024-01-16 20:27:31'),
(435, 76, 81, 177, NULL, '2024-01-16 20:28:23', '2024-01-16 20:28:23'),
(436, 76, 82, 564, NULL, '2024-01-16 20:29:32', '2024-01-16 20:29:32'),
(437, 76, 83, 128, NULL, '2024-01-16 20:29:51', '2024-01-16 20:29:51'),
(438, 76, 84, 607, NULL, '2024-01-16 20:30:17', '2024-01-16 20:30:17'),
(439, 76, 85, 641, NULL, '2024-01-16 20:30:34', '2024-01-16 20:30:34'),
(440, 76, 86, 594, NULL, '2024-01-16 20:30:52', '2024-01-16 20:30:52'),
(441, 76, 87, 200, NULL, '2024-01-16 20:31:12', '2024-01-16 20:31:12'),
(442, 76, 88, 352, NULL, '2024-01-16 20:32:00', '2024-01-16 20:32:00'),
(443, 76, 89, 610, NULL, '2024-01-16 20:32:28', '2024-01-16 20:32:52'),
(444, 76, 90, 609, NULL, '2024-01-16 20:33:11', '2024-01-16 20:33:11'),
(445, 76, 91, 454, NULL, '2024-01-16 20:33:33', '2024-01-16 20:33:33'),
(446, 76, 92, 592, NULL, '2024-01-16 20:34:05', '2024-01-16 20:34:05'),
(447, 76, 93, 1122, NULL, '2024-01-16 20:34:30', '2024-01-16 20:34:30'),
(448, 76, 94, 851, NULL, '2024-01-16 20:55:26', '2024-01-16 20:55:48'),
(449, 76, 95, 486, NULL, '2024-01-16 20:56:17', '2024-01-16 20:56:17'),
(450, 76, 96, 833, NULL, '2024-01-16 20:56:41', '2024-01-16 20:56:41'),
(451, 76, 97, 784, NULL, '2024-01-16 20:56:56', '2024-01-16 20:56:56'),
(452, 76, 98, 958, NULL, '2024-01-16 20:57:13', '2024-01-16 20:57:13'),
(453, 76, 99, 1906, NULL, '2024-01-16 20:57:37', '2024-01-16 20:57:55'),
(454, 76, 100, 941, NULL, '2024-01-16 21:00:45', '2024-01-16 21:00:45'),
(455, 76, 101, 1546, NULL, '2024-01-16 21:01:06', '2024-01-16 21:01:06'),
(456, 76, 102, 429, NULL, '2024-01-16 21:02:28', '2024-01-16 21:02:28'),
(457, 76, 103, 958, NULL, '2024-01-16 21:02:51', '2024-01-16 21:02:51'),
(458, 76, 104, 625, NULL, '2024-01-16 21:03:05', '2024-01-16 21:03:05'),
(459, 76, 105, 906, NULL, '2024-01-16 21:04:18', '2024-01-16 21:04:18'),
(460, 76, 106, 582, NULL, '2024-01-16 21:04:56', '2024-01-16 21:04:56'),
(461, 76, 107, 421, NULL, '2024-01-16 21:05:14', '2024-01-16 21:05:14'),
(462, 76, 108, 806, NULL, '2024-01-16 21:05:35', '2024-01-16 21:05:35'),
(463, 76, 109, 2012, NULL, '2024-01-16 21:06:02', '2024-01-16 21:06:02'),
(464, 76, 110, 1443, NULL, '2024-01-16 21:06:32', '2024-01-16 21:06:32'),
(465, 76, 111, 2458, NULL, '2024-01-16 21:07:09', '2024-01-16 21:07:09'),
(466, 76, 112, 1110, NULL, '2024-01-16 21:10:22', '2024-01-16 21:10:22'),
(467, 76, 114, 765, NULL, '2024-01-16 21:10:48', '2024-01-16 21:10:48'),
(468, 76, 115, 947, NULL, '2024-01-16 21:11:12', '2024-01-16 21:11:12'),
(469, 76, 116, 1372, NULL, '2024-01-16 21:11:31', '2024-01-16 21:11:31'),
(470, 76, 117, 639, NULL, '2024-01-16 21:11:49', '2024-01-16 21:11:49'),
(471, 77, 78, 198, NULL, '2024-01-16 23:08:56', '2024-01-16 23:08:56'),
(472, 77, 79, 207, NULL, '2024-01-16 23:09:34', '2024-01-16 23:09:34'),
(473, 77, 80, 147, NULL, '2024-01-16 23:09:52', '2024-01-16 23:09:52'),
(474, 77, 81, 115, NULL, '2024-01-16 23:10:15', '2024-01-16 23:10:15'),
(475, 77, 82, 519, NULL, '2024-01-16 23:11:37', '2024-01-16 23:11:37'),
(476, 77, 83, 67, NULL, '2024-01-16 23:12:07', '2024-01-16 23:12:07'),
(477, 77, 84, 546, NULL, '2024-01-16 23:12:51', '2024-01-16 23:12:51'),
(478, 77, 85, 652, NULL, '2024-01-16 23:13:12', '2024-01-16 23:13:12'),
(479, 77, 86, 532, NULL, '2024-01-16 23:14:22', '2024-01-16 23:14:22'),
(480, 77, 87, 104, NULL, '2024-01-16 23:14:43', '2024-01-16 23:14:43'),
(481, 77, 88, 330, NULL, '2024-01-16 23:15:07', '2024-01-16 23:15:07'),
(482, 77, 89, 590, NULL, '2024-01-16 23:15:37', '2024-01-16 23:15:37'),
(483, 77, 90, 548, NULL, '2024-01-16 23:16:01', '2024-01-16 23:16:01'),
(484, 77, 91, 392, NULL, '2024-01-16 23:16:37', '2024-01-16 23:16:37'),
(485, 77, 92, 633, NULL, '2024-01-16 23:16:55', '2024-01-16 23:16:55'),
(486, 77, 93, 1099, NULL, '2024-01-16 23:17:20', '2024-01-16 23:17:20'),
(487, 77, 94, 900, NULL, '2024-01-16 23:17:40', '2024-01-16 23:17:40'),
(488, 77, 95, 424, NULL, '2024-01-16 23:18:00', '2024-01-16 23:18:00'),
(489, 77, 96, 835, NULL, '2024-01-16 23:18:30', '2024-01-16 23:18:30'),
(490, 77, 97, 781, NULL, '2024-01-16 23:19:00', '2024-01-16 23:19:00'),
(491, 77, 98, 932, NULL, '2024-01-16 23:19:29', '2024-01-16 23:19:29'),
(492, 77, 99, 1810, NULL, '2024-01-16 23:20:06', '2024-01-16 23:20:06'),
(493, 77, 100, 845, NULL, '2024-01-16 23:20:35', '2024-01-16 23:20:59'),
(494, 77, 101, 1450, NULL, '2024-01-16 23:21:28', '2024-01-16 23:21:28'),
(495, 77, 102, 531, NULL, '2024-01-16 23:21:48', '2024-01-16 23:21:48'),
(496, 77, 103, 1065, NULL, '2024-01-16 23:22:15', '2024-01-16 23:22:15'),
(497, 77, 104, 727, NULL, '2024-01-16 23:22:51', '2024-01-16 23:22:51'),
(498, 77, 105, 1008, NULL, '2024-01-16 23:24:27', '2024-01-16 23:24:27'),
(499, 77, 106, 684, NULL, '2024-01-16 23:24:50', '2024-01-16 23:24:50'),
(500, 77, 107, 523, NULL, '2024-01-16 23:25:10', '2024-01-16 23:25:10'),
(501, 77, 109, 1917, NULL, '2024-01-16 23:26:16', '2024-01-16 23:26:16'),
(502, 77, 108, 904, NULL, '2024-01-16 23:27:50', '2024-01-16 23:27:50'),
(503, 77, 110, 1917, NULL, '2024-01-16 23:28:22', '2024-01-16 23:28:22'),
(504, 77, 111, 2430, NULL, '2024-01-16 23:28:57', '2024-01-16 23:28:57'),
(505, 77, 112, 1193, NULL, '2024-01-16 23:30:11', '2024-01-16 23:30:11'),
(506, 77, 113, 1837, NULL, '2024-01-16 23:30:35', '2024-01-16 23:30:35'),
(507, 77, 114, 811, NULL, '2024-01-16 23:30:56', '2024-01-16 23:30:56'),
(508, 77, 115, 1028, NULL, '2024-01-16 23:31:19', '2024-01-16 23:31:19'),
(509, 77, 116, 1344, NULL, '2024-01-16 23:31:37', '2024-01-16 23:31:56'),
(510, 77, 117, 644, NULL, '2024-01-16 23:32:15', '2024-01-16 23:32:15'),
(511, 77, 79, 362, '2024-01-16 23:35:16', '2024-01-16 23:33:19', '2024-01-16 23:35:16'),
(512, 78, 79, 362, NULL, '2024-01-16 23:34:03', '2024-01-16 23:34:03'),
(513, 78, 80, 317, NULL, '2024-01-16 23:34:29', '2024-01-16 23:34:29'),
(514, 78, 81, 241, NULL, '2024-01-16 23:34:53', '2024-01-16 23:34:53'),
(515, 78, 82, 606, NULL, '2024-01-16 23:35:42', '2024-01-16 23:35:42'),
(516, 78, 83, 234, NULL, '2024-01-16 23:36:19', '2024-01-16 23:36:19'),
(517, 78, 84, 555, NULL, '2024-01-16 23:37:03', '2024-01-16 23:37:20'),
(518, 78, 85, 589, NULL, '2024-01-16 23:37:51', '2024-01-16 23:37:51'),
(519, 78, 86, 542, NULL, '2024-01-16 23:38:14', '2024-01-16 23:38:14'),
(520, 78, 87, 303, NULL, '2024-01-16 23:38:42', '2024-01-16 23:38:42'),
(521, 78, 88, 246, NULL, '2024-01-16 23:39:19', '2024-01-16 23:39:19'),
(522, 78, 89, 500, NULL, '2024-01-16 23:39:59', '2024-01-16 23:39:59'),
(523, 78, 90, 526, NULL, '2024-01-16 23:40:20', '2024-01-16 23:40:20'),
(524, 78, 91, 384, NULL, '2024-01-16 23:40:40', '2024-01-16 23:40:40'),
(525, 78, 92, 558, NULL, '2024-01-16 23:41:04', '2024-01-16 23:41:04'),
(526, 78, 93, 1015, NULL, '2024-01-16 23:41:39', '2024-01-16 23:41:39'),
(527, 78, 94, 820, NULL, '2024-01-16 23:42:18', '2024-01-16 23:42:18'),
(528, 78, 95, 413, NULL, '2024-01-16 23:42:45', '2024-01-16 23:42:45'),
(529, 78, 96, 836, NULL, '2024-01-16 23:43:12', '2024-01-16 23:43:12'),
(530, 78, 96, 836, NULL, '2024-01-16 23:44:08', '2024-01-16 23:44:08'),
(531, 78, 97, 777, NULL, '2024-01-16 23:44:30', '2024-01-16 23:44:30'),
(532, 78, 98, 959, NULL, '2024-01-16 23:44:52', '2024-01-16 23:44:52'),
(533, 78, 99, 2012, NULL, '2024-01-16 23:45:14', '2024-01-16 23:45:14'),
(534, 78, 100, 1047, NULL, '2024-01-16 23:46:16', '2024-01-16 23:46:16'),
(535, 78, 101, 1652, NULL, '2024-01-16 23:46:48', '2024-01-16 23:46:48'),
(536, 78, 102, 368, NULL, '2024-01-16 23:47:43', '2024-01-16 23:47:43'),
(537, 78, 103, 912, NULL, '2024-01-16 23:48:07', '2024-01-16 23:48:07'),
(538, 78, 104, 626, NULL, '2024-01-16 23:48:31', '2024-01-16 23:48:31'),
(539, 78, 105, 907, NULL, '2024-01-16 23:48:49', '2024-01-16 23:48:49'),
(540, 78, 106, 583, NULL, '2024-01-16 23:49:19', '2024-01-16 23:49:19'),
(541, 78, 107, 422, NULL, '2024-01-16 23:49:45', '2024-01-16 23:49:45'),
(542, 78, 108, 741, NULL, '2024-01-16 23:50:05', '2024-01-16 23:50:05'),
(543, 78, 109, 2112, NULL, '2024-01-16 23:50:26', '2024-01-16 23:50:26'),
(544, 78, 110, 1397, NULL, '2024-01-16 23:50:46', '2024-01-16 23:50:46'),
(545, 78, 111, 2349, NULL, '2024-01-16 23:51:11', '2024-01-16 23:51:11'),
(546, 78, 112, 1028, NULL, '2024-01-16 23:51:32', '2024-01-16 23:51:32'),
(547, 78, 113, 1737, NULL, '2024-01-16 23:51:57', '2024-01-16 23:51:57'),
(548, 78, 114, 730, NULL, '2024-01-16 23:52:15', '2024-01-16 23:52:15'),
(549, 78, 115, 865, NULL, '2024-01-16 23:52:34', '2024-01-16 23:52:34'),
(550, 78, 116, 1268, NULL, '2024-01-16 23:52:56', '2024-01-16 23:52:56'),
(551, 78, 117, 638, NULL, '2024-01-16 23:53:22', '2024-01-16 23:53:22'),
(552, 79, 80, 87, NULL, '2024-01-17 21:54:26', '2024-01-17 21:54:26'),
(553, 79, 81, 119, NULL, '2024-01-17 21:54:58', '2024-01-17 21:54:58'),
(554, 79, 82, 695, NULL, '2024-01-17 21:55:43', '2024-01-17 21:55:43'),
(555, 79, 83, 186, NULL, '2024-01-17 21:56:17', '2024-01-17 21:56:17'),
(556, 79, 84, 218, NULL, '2024-01-17 21:56:36', '2024-01-17 21:56:36'),
(557, 79, 85, 488, NULL, '2024-01-17 21:57:00', '2024-01-17 21:57:00'),
(558, 79, 86, 505, NULL, '2024-01-17 21:57:39', '2024-01-17 21:57:39'),
(559, 79, 87, 98, NULL, '2024-01-17 21:57:58', '2024-01-17 21:57:58'),
(560, 79, 88, 375, NULL, '2024-01-17 21:58:30', '2024-01-17 21:58:30'),
(561, 79, 89, 647, NULL, '2024-01-17 21:59:07', '2024-01-17 21:59:07'),
(562, 79, 90, 566, NULL, '2024-01-17 21:59:25', '2024-01-17 21:59:25'),
(563, 79, 91, 410, NULL, '2024-01-17 21:59:41', '2024-01-17 21:59:41'),
(564, 79, 92, 669, NULL, '2024-01-17 21:59:58', '2024-01-17 21:59:58'),
(565, 79, 93, 1128, NULL, '2024-01-17 22:00:30', '2024-01-17 22:00:30'),
(566, 79, 94, 928, NULL, '2024-01-17 22:00:45', '2024-01-17 22:00:45'),
(567, 79, 95, 442, NULL, '2024-01-17 22:01:15', '2024-01-17 22:01:15'),
(568, 79, 96, 1121, NULL, '2024-01-17 22:01:35', '2024-01-17 22:01:35'),
(569, 79, 97, 1062, NULL, '2024-01-17 22:01:58', '2024-01-17 22:01:58'),
(570, 79, 98, 1142, NULL, '2024-01-17 22:02:17', '2024-01-17 22:02:17'),
(571, 79, 99, 1735, NULL, '2024-01-17 22:02:36', '2024-01-17 22:02:36'),
(572, 79, 100, 770, NULL, '2024-01-17 22:02:52', '2024-01-17 22:02:52'),
(573, 79, 101, 1360, NULL, '2024-01-17 22:03:10', '2024-01-17 22:03:10'),
(574, 79, 102, 724, NULL, '2024-01-17 22:03:31', '2024-01-17 22:03:31'),
(575, 79, 103, 1253, NULL, '2024-01-17 22:03:56', '2024-01-17 22:03:56'),
(576, 79, 104, 919, NULL, '2024-01-17 22:04:12', '2024-01-17 22:04:12'),
(577, 79, 105, 1201, NULL, '2024-01-17 22:04:36', '2024-01-17 22:04:36'),
(578, 79, 106, 877, NULL, '2024-01-17 22:04:59', '2024-01-17 22:04:59'),
(579, 79, 107, 715, NULL, '2024-01-17 22:05:27', '2024-01-17 22:05:47'),
(580, 79, 108, 1101, NULL, '2024-01-17 22:06:07', '2024-01-17 22:06:07'),
(581, 79, 108, 1101, NULL, '2024-01-17 22:06:27', '2024-01-17 22:06:27'),
(582, 79, 109, 1926, NULL, '2024-01-17 22:07:35', '2024-01-17 22:07:35'),
(583, 79, 110, 1738, NULL, '2024-01-17 22:08:05', '2024-01-17 22:08:05'),
(584, 79, 111, 2488, NULL, '2024-01-17 22:08:24', '2024-01-17 22:08:24'),
(585, 79, 112, 1330, NULL, '2024-01-17 22:08:45', '2024-01-17 22:08:45'),
(586, 79, 113, 2078, NULL, '2024-01-17 22:09:04', '2024-01-17 22:09:04'),
(587, 79, 114, 874, NULL, '2024-01-17 22:09:27', '2024-01-17 22:09:27'),
(588, 79, 115, 1225, NULL, '2024-01-17 22:09:48', '2024-01-17 22:09:48'),
(589, 79, 116, 1406, NULL, '2024-01-17 22:10:05', '2024-01-17 22:10:23'),
(590, 79, 117, 917, NULL, '2024-01-17 22:10:44', '2024-01-17 22:10:44'),
(591, 80, 81, 32, NULL, '2024-01-17 22:27:41', '2024-01-17 22:27:41'),
(592, 80, 82, 603, NULL, '2024-01-17 22:28:21', '2024-01-17 22:28:21'),
(593, 80, 83, 100, NULL, '2024-01-17 22:28:51', '2024-01-17 22:28:51'),
(594, 80, 84, 490, NULL, '2024-01-17 22:29:12', '2024-01-17 22:29:12'),
(595, 80, 85, 558, NULL, '2024-01-17 22:29:29', '2024-01-17 22:29:29'),
(596, 80, 86, 480, NULL, '2024-01-17 22:29:46', '2024-01-17 22:29:46'),
(597, 80, 87, 59, NULL, '2024-01-17 22:30:08', '2024-01-17 22:30:08'),
(598, 80, 88, 269, NULL, '2024-01-17 22:30:49', '2024-01-17 22:30:49'),
(599, 80, 89, 529, NULL, '2024-01-17 22:31:09', '2024-01-17 22:31:09'),
(600, 80, 90, 495, NULL, '2024-01-17 22:31:28', '2024-01-17 22:31:28'),
(601, 80, 91, 343, NULL, '2024-01-17 22:31:46', '2024-01-17 22:31:46'),
(602, 80, 92, 581, NULL, '2024-01-17 22:32:30', '2024-01-17 22:32:30'),
(603, 80, 93, 1039, NULL, '2024-01-17 23:09:53', '2024-01-17 23:09:53'),
(604, 80, 94, 840, NULL, '2024-01-17 23:10:38', '2024-01-17 23:10:38'),
(605, 80, 95, 372, NULL, '2024-01-17 23:11:17', '2024-01-17 23:11:17'),
(606, 80, 96, 1040, NULL, '2024-01-17 23:12:05', '2024-01-17 23:12:05'),
(607, 80, 97, 981, NULL, '2024-01-17 23:12:27', '2024-01-17 23:12:27'),
(608, 80, 98, 1055, NULL, '2024-01-17 23:12:47', '2024-01-17 23:12:47'),
(609, 80, 99, 1715, NULL, '2024-01-17 23:13:16', '2024-01-17 23:13:16'),
(610, 80, 100, 752, NULL, '2024-01-17 23:13:42', '2024-01-17 23:13:42'),
(611, 80, 101, 1357, NULL, '2024-01-17 23:14:02', '2024-01-17 23:14:02'),
(612, 80, 102, 633, NULL, '2024-01-17 23:14:43', '2024-01-17 23:14:43'),
(613, 80, 103, 1197, NULL, '2024-01-17 23:15:10', '2024-01-17 23:15:10'),
(614, 80, 104, 863, NULL, '2024-01-17 23:15:30', '2024-01-17 23:15:30'),
(615, 80, 105, 1144, NULL, '2024-01-17 23:17:02', '2024-01-17 23:17:02'),
(616, 80, 106, 820, NULL, '2024-01-17 23:17:46', '2024-01-17 23:17:46'),
(617, 80, 107, 625, NULL, '2024-01-17 23:18:16', '2024-01-17 23:18:16'),
(618, 80, 108, 1040, NULL, '2024-01-17 23:18:42', '2024-01-17 23:18:42'),
(619, 80, 109, 1906, NULL, '2024-01-17 23:19:18', '2024-01-17 23:19:18'),
(620, 80, 110, 1682, NULL, '2024-01-17 23:19:59', '2024-01-17 23:19:59'),
(621, 80, 111, 2375, NULL, '2024-01-17 23:20:30', '2024-01-17 23:20:30'),
(622, 80, 112, 1218, NULL, '2024-01-17 23:20:55', '2024-01-17 23:20:55'),
(623, 80, 113, 1974, NULL, '2024-01-17 23:21:50', '2024-01-17 23:21:50'),
(624, 80, 114, 756, NULL, '2024-01-17 23:22:12', '2024-01-17 23:22:12'),
(625, 80, 115, 1185, NULL, '2024-01-17 23:22:29', '2024-01-17 23:22:29'),
(626, 80, 116, 1289, NULL, '2024-01-17 23:22:49', '2024-01-17 23:22:49'),
(627, 80, 117, 836, NULL, '2024-01-17 23:23:14', '2024-01-17 23:23:14'),
(628, 81, 82, 616, NULL, '2024-01-17 23:24:34', '2024-01-17 23:24:34'),
(629, 81, 83, 110, NULL, '2024-01-17 23:24:56', '2024-01-17 23:24:56'),
(630, 81, 84, 497, NULL, '2024-01-17 23:25:21', '2024-01-17 23:25:21'),
(631, 81, 85, 463, NULL, '2024-01-17 23:25:47', '2024-01-17 23:25:47'),
(632, 81, 86, 453, NULL, '2024-01-17 23:26:07', '2024-01-17 23:26:07'),
(633, 81, 87, 101, NULL, '2024-01-17 23:26:31', '2024-01-17 23:26:31'),
(634, 81, 88, 242, NULL, '2024-01-17 23:26:45', '2024-01-17 23:26:59'),
(635, 81, 89, 502, NULL, '2024-01-17 23:27:35', '2024-01-17 23:27:35'),
(636, 81, 90, 520, NULL, '2024-01-17 23:27:52', '2024-01-17 23:27:52'),
(637, 81, 91, 319, NULL, '2024-01-17 23:28:26', '2024-01-17 23:28:26'),
(638, 81, 92, 553, NULL, '2024-01-17 23:28:44', '2024-01-17 23:28:44'),
(639, 81, 93, 1011, NULL, '2024-01-17 23:29:16', '2024-01-17 23:29:16'),
(640, 81, 94, 812, NULL, '2024-01-17 23:29:47', '2024-01-17 23:29:47'),
(641, 81, 95, 336, NULL, '2024-01-17 23:30:22', '2024-01-17 23:30:22'),
(642, 81, 96, 1003, NULL, '2024-01-17 23:30:59', '2024-01-17 23:30:59'),
(643, 81, 97, 946, NULL, '2024-01-17 23:31:19', '2024-01-17 23:31:19'),
(644, 81, 98, 1068, NULL, '2024-01-17 23:31:42', '2024-01-17 23:31:42'),
(645, 81, 99, 1750, NULL, '2024-01-17 23:32:26', '2024-01-17 23:32:26'),
(646, 81, 100, 785, NULL, '2024-01-17 23:32:47', '2024-01-17 23:32:47'),
(647, 81, 101, 1390, NULL, '2024-01-17 23:33:10', '2024-01-17 23:33:10'),
(648, 81, 102, 581, NULL, '2024-01-17 23:33:29', '2024-01-17 23:33:29'),
(649, 81, 103, 1131, NULL, '2024-01-17 23:33:50', '2024-01-17 23:33:50'),
(650, 81, 105, 1079, NULL, '2024-01-17 23:34:09', '2024-01-17 23:34:09'),
(651, 81, 104, 797, NULL, '2024-01-17 23:34:54', '2024-01-17 23:34:54'),
(652, 81, 106, 755, NULL, '2024-01-17 23:35:21', '2024-01-17 23:35:42'),
(653, 81, 107, 593, NULL, '2024-01-17 23:36:02', '2024-01-17 23:36:02'),
(654, 81, 108, 974, NULL, '2024-01-17 23:36:36', '2024-01-17 23:36:36'),
(655, 81, 109, 1922, NULL, '2024-01-17 23:37:35', '2024-01-17 23:37:35'),
(656, 81, 110, 1616, NULL, '2024-01-17 23:37:58', '2024-01-17 23:37:58'),
(657, 81, 111, 1964, NULL, '2024-01-17 23:38:21', '2024-01-17 23:38:21'),
(658, 81, 112, 1190, NULL, '2024-01-17 23:38:39', '2024-01-17 23:38:39'),
(659, 81, 113, 1893, NULL, '2024-01-17 23:39:04', '2024-01-17 23:39:04'),
(660, 81, 114, 728, NULL, '2024-01-17 23:39:27', '2024-01-17 23:39:27'),
(661, 81, 115, 1098, NULL, '2024-01-17 23:39:44', '2024-01-17 23:39:44'),
(662, 81, 116, 1262, NULL, '2024-01-17 23:40:02', '2024-01-17 23:40:02'),
(663, 81, 117, 849, NULL, '2024-01-17 23:40:23', '2024-01-17 23:40:23'),
(664, 82, 83, 597, NULL, '2024-01-17 23:41:32', '2024-01-17 23:41:32'),
(665, 82, 84, 941, NULL, '2024-01-17 23:42:02', '2024-01-17 23:42:02'),
(666, 82, 85, 914, NULL, '2024-01-17 23:42:32', '2024-01-17 23:42:44'),
(667, 82, 86, 963, NULL, '2024-01-17 23:43:06', '2024-01-17 23:43:06'),
(668, 82, 87, 551, NULL, '2024-01-17 23:43:25', '2024-01-17 23:43:25'),
(669, 82, 88, 850, NULL, '2024-01-17 23:43:45', '2024-01-17 23:43:45'),
(670, 82, 89, 1110, NULL, '2024-01-17 23:44:33', '2024-01-17 23:44:33'),
(671, 82, 90, 1136, NULL, '2024-01-17 23:44:55', '2024-01-17 23:44:55'),
(672, 82, 91, 979, NULL, '2024-01-17 23:45:21', '2024-01-17 23:45:21'),
(673, 82, 92, 1163, NULL, '2024-01-17 23:45:48', '2024-01-17 23:46:35'),
(674, 82, 93, 1622, NULL, '2024-01-17 23:46:54', '2024-01-17 23:46:54'),
(675, 82, 94, 1423, NULL, '2024-01-17 23:47:14', '2024-01-17 23:47:38'),
(676, 82, 95, 1013, NULL, '2024-01-17 23:48:03', '2024-01-17 23:48:03'),
(677, 82, 96, 507, NULL, '2024-01-17 23:48:29', '2024-01-17 23:48:29'),
(678, 82, 97, 448, NULL, '2024-01-17 23:48:55', '2024-01-17 23:48:55'),
(679, 82, 98, 469, NULL, '2024-01-17 23:49:13', '2024-01-17 23:49:13'),
(680, 82, 99, 1794, NULL, '2024-01-17 23:49:32', '2024-01-17 23:49:32'),
(681, 82, 100, 1038, NULL, '2024-01-17 23:49:50', '2024-01-17 23:49:50'),
(682, 82, 101, 1279, NULL, '2024-01-17 23:50:16', '2024-01-17 23:50:16'),
(683, 82, 102, 842, NULL, '2024-01-17 23:50:34', '2024-01-17 23:50:34'),
(684, 82, 103, 1058, NULL, '2024-01-17 23:50:57', '2024-01-17 23:50:57'),
(685, 82, 104, 499, NULL, '2024-01-17 23:51:15', '2024-01-17 23:51:15'),
(686, 82, 105, 904, NULL, '2024-01-17 23:51:42', '2024-01-17 23:51:42'),
(687, 82, 106, 501, NULL, '2024-01-17 23:51:59', '2024-01-17 23:51:59'),
(688, 82, 107, 572, NULL, '2024-01-17 23:52:20', '2024-01-17 23:52:20'),
(689, 82, 108, 1031, NULL, '2024-01-17 23:52:51', '2024-01-17 23:52:51'),
(690, 82, 109, 1738, NULL, '2024-01-17 23:53:16', '2024-01-17 23:53:16'),
(691, 82, 110, 1591, NULL, '2024-01-17 23:53:36', '2024-01-17 23:53:36'),
(692, 82, 111, 2949, NULL, '2024-01-17 23:53:53', '2024-01-17 23:53:53'),
(693, 82, 112, 1484, NULL, '2024-01-17 23:54:20', '2024-01-17 23:54:42'),
(694, 82, 113, 1705, NULL, '2024-01-17 23:55:00', '2024-01-17 23:55:00'),
(695, 82, 114, 1250, NULL, '2024-01-17 23:55:17', '2024-01-17 23:55:17'),
(696, 82, 115, 1322, NULL, '2024-01-17 23:55:38', '2024-01-17 23:55:38'),
(697, 82, 116, 1790, NULL, '2024-01-17 23:55:54', '2024-01-17 23:55:54'),
(698, 82, 117, 312, NULL, '2024-01-17 23:56:13', '2024-01-17 23:56:13'),
(699, 83, 84, 571, NULL, '2024-01-17 23:56:54', '2024-01-17 23:56:54'),
(700, 83, 85, 636, NULL, '2024-01-17 23:57:14', '2024-01-17 23:57:14'),
(701, 83, 86, 558, NULL, '2024-01-17 23:57:47', '2024-01-17 23:57:47'),
(702, 83, 87, 88, NULL, '2024-01-17 23:58:07', '2024-01-17 23:58:07'),
(703, 83, 89, 610, NULL, '2024-01-17 23:58:32', '2024-01-17 23:58:32'),
(704, 83, 90, 553, NULL, '2024-01-17 23:58:52', '2024-01-17 23:59:23'),
(705, 83, 91, 387, NULL, '2024-01-17 23:59:41', '2024-01-17 23:59:41'),
(706, 83, 92, 661, NULL, '2024-01-18 00:00:20', '2024-01-18 00:00:20'),
(707, 83, 93, 1120, NULL, '2024-01-18 00:00:42', '2024-01-18 00:00:42'),
(708, 83, 94, 920, NULL, '2024-01-18 00:00:59', '2024-01-18 00:00:59'),
(709, 83, 95, 430, NULL, '2024-01-18 00:01:24', '2024-01-18 00:01:24'),
(710, 83, 96, 956, NULL, '2024-01-18 00:01:44', '2024-01-18 00:01:44'),
(711, 83, 97, 842, NULL, '2024-01-18 00:02:00', '2024-01-18 00:02:00'),
(712, 83, 98, 1041, NULL, '2024-01-18 00:02:33', '2024-01-18 00:02:33'),
(713, 83, 99, 1794, NULL, '2024-01-18 00:03:12', '2024-01-18 00:03:12'),
(714, 83, 101, 1435, NULL, '2024-01-18 00:03:53', '2024-01-18 00:03:53'),
(715, 83, 100, 831, NULL, '2024-01-18 00:04:19', '2024-01-18 00:04:19'),
(716, 83, 102, 552, NULL, '2024-01-18 00:04:59', '2024-01-18 00:04:59');
INSERT INTO `city_distance` (`id`, `city_from_id`, `city_to_id`, `distance`, `deleted_at`, `created_at`, `updated_at`) VALUES
(717, 83, 103, 1081, NULL, '2024-01-18 00:05:19', '2024-01-18 00:05:19'),
(718, 83, 104, 747, NULL, '2024-01-18 00:05:35', '2024-01-18 00:05:35'),
(719, 83, 105, 1029, NULL, '2024-01-18 00:05:59', '2024-01-18 00:05:59'),
(720, 83, 106, 705, NULL, '2024-01-18 00:06:21', '2024-01-18 00:06:40'),
(721, 83, 107, 543, NULL, '2024-01-18 00:06:57', '2024-01-18 00:06:57'),
(722, 83, 108, 925, NULL, '2024-01-18 00:07:17', '2024-01-18 00:07:39'),
(723, 83, 109, 1903, NULL, '2024-01-18 00:07:57', '2024-01-18 00:07:57'),
(724, 83, 110, 1566, NULL, '2024-01-18 00:08:19', '2024-01-18 00:08:19'),
(725, 83, 111, 2456, NULL, '2024-01-18 00:08:36', '2024-01-18 00:08:36'),
(726, 83, 112, 1232, NULL, '2024-01-18 00:08:56', '2024-01-18 00:08:56'),
(727, 83, 113, 1858, NULL, '2024-01-18 00:09:20', '2024-01-18 00:09:20'),
(728, 83, 115, 1070, NULL, '2024-01-18 00:09:43', '2024-01-18 00:09:43'),
(729, 83, 114, 837, NULL, '2024-01-18 00:10:13', '2024-01-18 00:10:13'),
(730, 83, 116, 1370, NULL, '2024-01-18 00:10:34', '2024-01-18 00:10:34'),
(731, 83, 117, 705, NULL, '2024-01-18 00:10:56', '2024-01-18 00:10:56'),
(732, 84, 85, 33, NULL, '2024-01-18 00:13:57', '2024-01-18 00:13:57'),
(733, 84, 86, 20, NULL, '2024-01-18 00:14:27', '2024-01-18 00:14:27'),
(734, 84, 87, 580, NULL, '2024-01-18 00:14:44', '2024-01-18 00:14:44'),
(735, 84, 88, 317, NULL, '2024-01-18 00:15:00', '2024-01-18 00:15:00'),
(736, 84, 89, 569, NULL, '2024-01-18 00:15:19', '2024-01-18 00:15:19'),
(737, 84, 90, 351, NULL, '2024-01-18 00:15:50', '2024-01-18 00:15:50'),
(738, 84, 91, 195, NULL, '2024-01-18 00:16:10', '2024-01-18 00:16:10'),
(739, 84, 92, 422, NULL, '2024-01-18 00:16:26', '2024-01-18 00:16:26'),
(740, 84, 93, 892, NULL, '2024-01-18 00:16:45', '2024-01-18 00:16:45'),
(741, 84, 94, 693, NULL, '2024-01-18 00:16:45', '2024-01-18 00:17:07'),
(742, 84, 95, 227, NULL, '2024-01-18 00:17:39', '2024-01-18 00:17:39'),
(743, 84, 96, 1386, NULL, '2024-01-18 00:17:56', '2024-01-18 00:17:56'),
(744, 84, 97, 1327, NULL, '2024-01-18 00:18:39', '2024-01-18 00:18:39'),
(745, 84, 98, 1392, NULL, '2024-01-18 00:19:05', '2024-01-18 00:19:05'),
(746, 84, 99, 1625, NULL, '2024-01-18 00:20:34', '2024-01-18 00:20:34'),
(747, 84, 100, 662, NULL, '2024-01-18 00:20:54', '2024-01-18 00:20:54'),
(748, 84, 101, 1263, NULL, '2024-01-18 00:21:13', '2024-01-18 00:21:13'),
(749, 84, 102, 804, NULL, '2024-01-18 00:21:32', '2024-01-18 00:21:32'),
(750, 84, 103, 1348, NULL, '2024-01-18 00:21:56', '2024-01-18 00:21:56'),
(751, 84, 104, 1178, NULL, '2024-01-18 00:22:17', '2024-01-18 00:22:17'),
(752, 84, 105, 1413, NULL, '2024-01-18 00:22:35', '2024-01-18 00:22:35'),
(753, 84, 106, 1147, NULL, '2024-01-18 00:22:59', '2024-01-18 00:22:59'),
(754, 84, 107, 973, NULL, '2024-01-18 00:23:15', '2024-01-18 00:23:15'),
(755, 84, 108, 1177, NULL, '2024-01-18 00:23:34', '2024-01-18 00:23:34'),
(756, 84, 109, 1816, NULL, '2024-01-18 00:24:12', '2024-01-18 00:24:12'),
(757, 84, 110, 1830, NULL, '2024-01-18 00:24:30', '2024-01-18 00:24:30'),
(758, 84, 111, 1965, NULL, '2024-01-18 00:24:58', '2024-01-18 00:24:58'),
(759, 84, 112, 1257, NULL, '2024-01-18 00:25:19', '2024-01-18 00:25:30'),
(760, 84, 113, 2248, NULL, '2024-01-18 00:26:19', '2024-01-18 00:26:19'),
(761, 84, 114, 795, NULL, '2024-01-18 00:26:53', '2024-01-18 00:26:53'),
(762, 84, 115, 1231, NULL, '2024-01-18 00:27:13', '2024-01-18 00:27:13'),
(763, 84, 116, 1329, NULL, '2024-01-18 00:27:38', '2024-01-18 00:27:38'),
(764, 84, 117, 1182, NULL, '2024-01-18 00:27:58', '2024-01-18 00:27:58'),
(765, 85, 86, 55, NULL, '2024-01-18 00:28:35', '2024-01-18 00:28:35'),
(766, 85, 87, 553, NULL, '2024-01-18 00:28:56', '2024-01-18 00:28:56'),
(767, 85, 88, 352, NULL, '2024-01-18 00:29:18', '2024-01-18 00:29:18'),
(768, 85, 89, 603, NULL, '2024-01-18 00:30:03', '2024-01-18 00:30:03'),
(769, 85, 90, 385, NULL, '2024-01-18 00:31:15', '2024-01-18 00:31:15'),
(770, 85, 91, 230, NULL, '2024-01-18 00:31:32', '2024-01-18 00:31:32'),
(771, 85, 92, 457, NULL, '2024-01-18 00:31:54', '2024-01-18 00:32:17'),
(772, 85, 93, 926, NULL, '2024-01-18 00:32:34', '2024-01-18 00:32:34'),
(773, 85, 94, 727, NULL, '2024-01-18 00:32:52', '2024-01-18 00:32:52'),
(774, 85, 95, 262, NULL, '2024-01-18 00:33:14', '2024-01-18 00:33:14'),
(775, 85, 96, 1359, NULL, '2024-01-18 00:33:35', '2024-01-18 00:33:35'),
(776, 85, 97, 1300, NULL, '2024-01-18 00:33:50', '2024-01-18 00:33:50'),
(777, 85, 98, 1365, NULL, '2024-01-18 00:34:09', '2024-01-18 00:34:09'),
(778, 85, 99, 1598, NULL, '2024-01-18 00:34:44', '2024-01-18 00:34:44'),
(779, 85, 100, 635, NULL, '2024-01-18 00:35:08', '2024-01-18 00:35:08'),
(780, 85, 101, 1235, NULL, '2024-01-18 00:35:26', '2024-01-18 00:35:26'),
(781, 85, 102, 839, NULL, '2024-01-18 00:35:42', '2024-01-18 00:35:42'),
(782, 85, 103, 1382, NULL, '2024-01-18 00:36:00', '2024-01-18 00:36:00'),
(783, 85, 103, 1382, '2024-01-18 00:36:53', '2024-01-18 00:36:06', '2024-01-18 00:36:53'),
(784, 85, 104, 1184, NULL, '2024-01-18 00:36:34', '2024-01-18 00:36:34'),
(785, 85, 105, 1454, NULL, '2024-01-18 00:37:21', '2024-01-18 00:37:21'),
(786, 85, 106, 1168, NULL, '2024-01-18 00:37:36', '2024-01-18 00:37:36'),
(787, 85, 107, 1008, NULL, '2024-01-18 00:37:53', '2024-01-18 00:37:53'),
(788, 85, 108, 1212, NULL, '2024-01-18 00:38:12', '2024-01-18 00:38:12'),
(789, 85, 109, 1789, NULL, '2024-01-18 00:38:34', '2024-01-18 00:38:34'),
(790, 85, 110, 1864, NULL, '2024-01-18 00:38:55', '2024-01-18 00:38:55'),
(791, 85, 110, 2015, '2024-01-18 00:39:45', '2024-01-18 00:39:10', '2024-01-18 00:39:45'),
(792, 85, 111, 2015, NULL, '2024-01-18 00:39:27', '2024-01-18 00:39:27'),
(793, 85, 112, 1288, NULL, '2024-01-18 00:40:01', '2024-01-18 00:40:01'),
(794, 85, 113, 2283, NULL, '2024-01-18 00:40:22', '2024-01-18 00:40:22'),
(795, 85, 114, 826, NULL, '2024-01-18 00:41:05', '2024-01-18 00:41:05'),
(796, 85, 115, 1266, NULL, '2024-01-18 00:41:25', '2024-01-18 00:41:25'),
(797, 85, 116, 1363, NULL, '2024-01-18 00:41:47', '2024-01-18 00:41:47'),
(798, 85, 117, 1155, NULL, '2024-01-18 00:42:20', '2024-01-18 00:42:20'),
(799, 86, 87, 604, NULL, '2024-01-22 23:54:12', '2024-01-22 23:54:12'),
(800, 86, 88, 303, NULL, '2024-01-22 23:54:47', '2024-01-22 23:54:47'),
(801, 86, 89, 556, NULL, '2024-01-22 23:55:09', '2024-01-22 23:55:09'),
(802, 86, 90, 338, NULL, '2024-01-22 23:55:30', '2024-01-22 23:55:30'),
(803, 86, 91, 182, NULL, '2024-01-22 23:55:55', '2024-01-22 23:55:55'),
(804, 86, 92, 409, NULL, '2024-01-22 23:56:14', '2024-01-22 23:56:14'),
(805, 86, 93, 879, NULL, '2024-01-22 23:56:46', '2024-01-22 23:56:46'),
(806, 86, 94, 680, NULL, '2024-01-22 23:57:07', '2024-01-22 23:57:07'),
(807, 86, 95, 215, NULL, '2024-01-22 23:57:26', '2024-01-22 23:57:26'),
(808, 86, 96, 1414, NULL, '2024-01-23 00:01:28', '2024-01-23 00:01:28'),
(809, 86, 97, 1355, NULL, '2024-01-23 00:01:44', '2024-01-23 00:01:44'),
(810, 86, 98, 884, NULL, '2024-01-23 00:02:01', '2024-01-23 00:02:01'),
(811, 86, 99, 1649, NULL, '2024-01-23 00:02:18', '2024-01-23 00:02:18'),
(812, 86, 100, 684, NULL, '2024-01-23 00:02:36', '2024-01-23 00:02:36'),
(813, 86, 101, 1285, NULL, '2024-01-23 00:02:55', '2024-01-23 00:02:55'),
(814, 86, 102, 792, NULL, '2024-01-23 00:03:14', '2024-01-23 00:03:14'),
(815, 86, 103, 1336, NULL, '2024-01-23 00:03:32', '2024-01-23 00:03:32'),
(816, 86, 104, 1169, NULL, '2024-01-23 00:04:14', '2024-01-23 00:04:14'),
(817, 86, 105, 1407, NULL, '2024-01-23 00:04:43', '2024-01-23 00:04:43'),
(818, 86, 106, 1134, NULL, '2024-01-23 00:05:10', '2024-01-23 00:05:10'),
(819, 86, 107, 960, NULL, '2024-01-23 00:05:35', '2024-01-23 00:05:35'),
(820, 86, 108, 1165, NULL, '2024-01-23 00:05:51', '2024-01-23 00:05:51'),
(821, 86, 109, 1840, NULL, '2024-01-23 00:06:15', '2024-01-23 00:06:15'),
(822, 86, 110, 1871, NULL, '2024-01-23 00:06:30', '2024-01-23 00:06:30'),
(823, 86, 111, 1952, NULL, '2024-01-23 00:06:48', '2024-01-23 00:06:48'),
(824, 86, 112, 1240, NULL, '2024-01-23 00:07:07', '2024-01-23 00:07:07'),
(825, 86, 113, 2236, NULL, '2024-01-23 00:07:28', '2024-01-23 00:07:28'),
(826, 86, 114, 783, NULL, '2024-01-23 00:07:57', '2024-01-23 00:07:57'),
(827, 86, 115, 1219, NULL, '2024-01-23 00:08:15', '2024-01-23 00:08:15'),
(828, 86, 116, 1316, NULL, '2024-01-23 00:08:48', '2024-01-23 00:08:48'),
(829, 86, 117, 1218, NULL, '2024-01-23 00:09:29', '2024-01-23 00:09:29'),
(830, 87, 88, 337, NULL, '2024-01-23 00:14:22', '2024-01-23 00:14:22'),
(831, 87, 89, 597, NULL, '2024-01-23 00:14:49', '2024-01-23 00:14:49'),
(832, 87, 90, 564, NULL, '2024-01-23 00:15:11', '2024-01-23 00:15:11'),
(833, 87, 91, 412, NULL, '2024-01-23 00:15:37', '2024-01-23 00:15:37'),
(834, 87, 92, 649, NULL, '2024-01-23 00:15:57', '2024-01-23 00:15:57'),
(835, 87, 93, 1107, NULL, '2024-01-23 00:16:16', '2024-01-23 00:16:16'),
(836, 87, 94, 908, NULL, '2024-01-23 00:16:34', '2024-01-23 00:16:34'),
(837, 87, 96, 997, NULL, '2024-01-23 00:16:56', '2024-01-23 00:16:56'),
(838, 87, 95, 441, NULL, '2024-01-23 00:17:30', '2024-01-23 00:17:30'),
(839, 87, 97, 939, NULL, '2024-01-23 00:17:51', '2024-01-23 00:17:51'),
(840, 87, 98, 1013, NULL, '2024-01-23 00:18:08', '2024-01-23 00:18:08'),
(841, 87, 99, 1712, NULL, '2024-01-23 00:18:32', '2024-01-23 00:18:32'),
(842, 87, 100, 749, NULL, '2024-01-23 00:19:03', '2024-01-23 00:19:03'),
(843, 87, 101, 1353, NULL, '2024-01-23 00:19:27', '2024-01-23 00:19:27'),
(844, 87, 102, 625, NULL, '2024-01-23 00:19:50', '2024-01-23 00:19:50'),
(845, 87, 103, 1154, NULL, '2024-01-23 00:20:10', '2024-01-23 00:20:10'),
(846, 87, 104, 821, NULL, '2024-01-23 00:20:29', '2024-01-23 00:20:29'),
(847, 87, 105, 1102, NULL, '2024-01-23 00:20:59', '2024-01-23 00:20:59'),
(848, 87, 106, 778, NULL, '2024-01-23 00:21:20', '2024-01-23 00:21:20'),
(849, 87, 107, 617, NULL, '2024-01-23 00:21:36', '2024-01-23 00:21:36'),
(850, 87, 108, 998, NULL, '2024-01-23 00:21:52', '2024-01-23 00:21:52'),
(851, 87, 109, 1843, NULL, '2024-01-23 00:22:15', '2024-01-23 00:22:15'),
(852, 87, 110, 1639, NULL, '2024-01-23 00:22:32', '2024-01-23 00:22:32'),
(853, 87, 111, 2444, NULL, '2024-01-23 00:22:51', '2024-01-23 00:22:51'),
(854, 87, 112, 1286, NULL, '2024-01-23 00:23:13', '2024-01-23 00:23:13'),
(855, 87, 113, 1931, NULL, '2024-01-23 00:23:31', '2024-01-23 00:23:31'),
(856, 87, 114, 824, NULL, '2024-01-23 00:23:51', '2024-01-23 00:23:51'),
(857, 87, 115, 1122, NULL, '2024-01-23 00:24:13', '2024-01-23 00:24:13'),
(858, 87, 116, 1357, NULL, '2024-01-23 00:24:37', '2024-01-23 00:24:37'),
(859, 87, 117, 757, NULL, '2024-01-23 00:24:57', '2024-01-23 00:24:57'),
(860, 88, 89, 267, NULL, '2024-01-23 00:25:59', '2024-01-23 00:25:59'),
(861, 88, 90, 282, NULL, '2024-01-23 00:26:26', '2024-01-23 00:26:26'),
(862, 88, 91, 165, NULL, '2024-01-23 00:26:45', '2024-01-23 00:26:45'),
(863, 88, 92, 305, NULL, '2024-01-23 00:27:01', '2024-01-23 00:27:01'),
(864, 88, 93, 771, NULL, '2024-01-23 00:27:21', '2024-01-23 00:27:21'),
(865, 88, 94, 574, NULL, '2024-01-23 00:27:37', '2024-01-23 00:27:37'),
(866, 88, 95, 197, NULL, '2024-01-23 00:28:09', '2024-01-23 00:28:09'),
(867, 88, 96, 1076, NULL, '2024-01-23 00:28:47', '2024-01-23 00:28:47'),
(868, 88, 98, 1200, NULL, '2024-01-23 00:29:06', '2024-01-23 00:29:06'),
(869, 88, 97, 1038, NULL, '2024-01-23 00:29:42', '2024-01-23 00:29:42'),
(870, 88, 99, 1947, NULL, '2024-01-23 00:30:01', '2024-01-23 00:30:01'),
(871, 88, 100, 981, NULL, '2024-01-23 00:30:22', '2024-01-23 00:30:22'),
(872, 88, 101, 1570, NULL, '2024-01-23 00:30:47', '2024-01-23 00:30:47'),
(873, 88, 102, 495, NULL, '2024-01-23 00:31:21', '2024-01-23 00:31:21'),
(874, 88, 103, 1039, NULL, '2024-01-23 00:31:39', '2024-01-23 00:31:39'),
(875, 88, 104, 868, NULL, '2024-01-23 00:31:57', '2024-01-23 00:31:57'),
(876, 88, 105, 1110, NULL, '2024-01-23 00:32:27', '2024-01-23 00:32:27'),
(877, 88, 106, 826, NULL, '2024-01-23 00:32:46', '2024-01-23 00:32:46'),
(878, 88, 107, 664, NULL, '2024-01-23 00:33:01', '2024-01-23 00:33:01'),
(879, 88, 108, 868, NULL, '2024-01-23 00:33:44', '2024-01-23 00:33:44'),
(880, 88, 109, 2137, NULL, '2024-01-23 00:34:23', '2024-01-23 00:34:23'),
(881, 88, 110, 1524, NULL, '2024-01-23 00:34:42', '2024-01-23 00:34:42'),
(882, 88, 111, 1847, NULL, '2024-01-23 00:35:01', '2024-01-23 00:35:01'),
(883, 88, 112, 958, NULL, '2024-01-23 00:35:20', '2024-01-23 00:35:20'),
(884, 88, 113, 1939, NULL, '2024-01-23 00:35:39', '2024-01-23 00:35:39'),
(885, 88, 114, 496, NULL, '2024-01-23 00:36:08', '2024-01-23 00:36:08'),
(886, 88, 115, 932, NULL, '2024-01-23 00:36:48', '2024-01-23 00:36:48'),
(887, 88, 116, 1029, NULL, '2024-01-23 00:37:12', '2024-01-23 00:37:12'),
(888, 88, 117, 878, NULL, '2024-01-23 00:37:36', '2024-01-23 00:37:36'),
(889, 89, 90, 328, NULL, '2024-01-23 00:42:28', '2024-01-23 00:42:28'),
(890, 89, 91, 419, NULL, '2024-01-23 00:42:56', '2024-01-23 00:42:56'),
(891, 89, 92, 261, NULL, '2024-01-23 00:43:27', '2024-01-23 00:43:27'),
(892, 89, 93, 724, NULL, '2024-01-23 00:44:17', '2024-01-23 00:44:17'),
(893, 89, 94, 527, NULL, '2024-01-23 00:44:35', '2024-01-23 00:44:35'),
(894, 89, 95, 426, NULL, '2024-01-23 00:44:52', '2024-01-23 00:44:52'),
(895, 89, 96, 1336, NULL, '2024-01-23 00:53:20', '2024-01-23 00:53:20'),
(896, 89, 97, 1297, NULL, '2024-01-23 00:53:58', '2024-01-23 00:53:58'),
(897, 89, 98, 1461, NULL, '2024-01-23 00:54:39', '2024-01-23 00:54:39'),
(898, 89, 99, 2201, NULL, '2024-01-23 00:55:16', '2024-01-23 00:55:16'),
(899, 89, 100, 1235, NULL, '2024-01-23 00:55:35', '2024-01-23 00:55:35'),
(900, 89, 101, 1835, NULL, '2024-01-23 00:56:05', '2024-01-23 00:56:05'),
(901, 89, 102, 543, NULL, '2024-01-23 00:56:22', '2024-01-23 00:56:22'),
(902, 89, 103, 1134, NULL, '2024-01-23 00:56:55', '2024-01-23 00:56:55'),
(903, 89, 104, 1128, NULL, '2024-01-23 00:57:45', '2024-01-23 00:57:45'),
(904, 89, 105, 1288, NULL, '2024-01-23 00:58:09', '2024-01-23 00:58:09'),
(905, 89, 106, 1056, NULL, '2024-01-23 00:58:30', '2024-01-23 00:58:30'),
(906, 89, 107, 924, NULL, '2024-01-23 00:58:50', '2024-01-23 00:58:50'),
(907, 89, 108, 776, NULL, '2024-01-23 00:59:15', '2024-01-23 00:59:15'),
(908, 89, 109, 2391, NULL, '2024-01-23 01:01:06', '2024-01-23 01:01:06'),
(909, 89, 110, 1275, NULL, '2024-01-23 01:01:28', '2024-01-23 01:01:28'),
(910, 89, 111, 1661, NULL, '2024-01-23 01:01:45', '2024-01-23 01:01:45'),
(911, 89, 112, 702, NULL, '2024-01-23 01:02:06', '2024-01-23 01:02:06'),
(912, 89, 113, 2117, NULL, '2024-01-23 01:04:46', '2024-01-23 01:04:46'),
(913, 89, 114, 240, NULL, '2024-01-23 01:05:27', '2024-01-23 01:05:27'),
(914, 89, 115, 676, NULL, '2024-01-23 01:07:01', '2024-01-23 01:07:01'),
(915, 89, 116, 774, NULL, '2024-01-23 01:08:01', '2024-01-23 01:08:01'),
(916, 89, 117, 1139, NULL, '2024-01-23 01:10:04', '2024-01-23 01:10:04'),
(917, 90, 91, 157, NULL, '2024-01-25 22:21:48', '2024-01-25 22:21:48'),
(918, 90, 92, 88, NULL, '2024-01-25 22:22:10', '2024-01-25 22:22:10'),
(919, 90, 93, 558, NULL, '2024-01-25 22:22:39', '2024-01-25 22:22:39'),
(920, 91, 92, 235, NULL, '2024-01-26 09:17:32', '2024-01-26 16:46:55'),
(921, 91, 93, 702, NULL, '2024-01-26 09:19:14', '2024-01-26 16:47:51'),
(922, 91, 94, 502, NULL, '2024-01-26 09:22:16', '2024-01-26 16:59:06'),
(923, 91, 96, 1212, NULL, '2024-01-26 09:23:58', '2024-01-26 16:58:59'),
(924, 91, 97, 1156, NULL, '2024-01-26 09:24:25', '2024-01-26 16:57:50'),
(925, 91, 98, 1337, NULL, '2024-01-26 09:25:12', '2024-01-26 16:57:41'),
(926, 91, 99, 1825, NULL, '2024-01-26 09:26:17', '2024-01-26 16:57:29'),
(927, 91, 100, 858, NULL, '2024-01-26 09:26:47', '2024-01-26 16:57:20'),
(928, 91, 101, 1448, NULL, '2024-01-26 09:27:21', '2024-01-26 16:57:10'),
(929, 91, 102, 631, NULL, '2024-01-26 09:28:05', '2024-01-26 16:57:00'),
(930, 91, 103, 1175, NULL, '2024-01-26 09:28:38', '2024-01-26 16:56:48'),
(931, 91, 104, 1004, NULL, '2024-01-26 09:29:10', '2024-01-26 16:56:40'),
(932, 91, 105, 1246, NULL, '2024-01-26 09:32:26', '2024-01-26 16:56:30'),
(933, 91, 106, 961, NULL, '2024-01-26 09:32:51', '2024-01-26 16:56:20'),
(934, 91, 107, 800, NULL, '2024-01-26 09:33:14', '2024-01-26 16:54:41'),
(935, 91, 108, 1002, NULL, '2024-01-26 09:33:42', '2024-01-26 16:54:30'),
(936, 91, 109, 2014, NULL, '2024-01-26 09:36:08', '2024-01-26 16:53:49'),
(937, 91, 111, 2235, NULL, '2024-01-26 09:37:22', '2024-01-26 16:53:34'),
(938, 91, 110, 1660, NULL, '2024-01-26 09:37:54', '2024-01-26 16:53:22'),
(939, 91, 112, 1079, NULL, '2024-01-26 09:38:23', '2024-01-26 16:53:12'),
(940, 91, 113, 2075, NULL, '2024-01-26 09:39:04', '2024-01-26 16:52:59'),
(941, 91, 114, 617, NULL, '2024-01-26 09:39:40', '2024-01-26 16:50:12'),
(942, 91, 115, 1028, NULL, '2024-01-26 09:40:11', '2024-01-26 16:52:45'),
(943, 91, 116, 1155, NULL, '2024-01-26 09:40:37', '2024-01-26 16:49:31'),
(944, 91, 117, 1017, NULL, '2024-01-26 09:41:08', '2024-01-26 16:48:48'),
(945, 90, 94, 348, NULL, '2024-01-26 09:43:12', '2024-01-26 09:43:12'),
(946, 90, 95, 143, NULL, '2024-01-26 09:44:17', '2024-01-26 09:44:17'),
(947, 90, 96, 1342, NULL, '2024-01-26 17:01:13', '2024-01-26 17:01:13'),
(948, 90, 98, 1481, NULL, '2024-01-26 17:01:55', '2024-01-26 17:01:55'),
(949, 90, 99, 1980, NULL, '2024-01-26 17:02:35', '2024-01-26 17:02:35'),
(950, 90, 100, 1014, NULL, '2024-01-26 17:02:52', '2024-01-26 17:02:52'),
(951, 90, 101, 1613, NULL, '2024-01-26 17:03:24', '2024-01-26 17:03:24'),
(952, 90, 102, 716, NULL, '2024-01-26 17:03:44', '2024-01-26 17:03:44'),
(953, 90, 103, 1306, NULL, '2024-01-26 17:05:21', '2024-01-26 17:05:21'),
(954, 90, 104, 1148, NULL, '2024-01-26 17:05:53', '2024-01-26 17:05:53'),
(955, 90, 105, 1390, NULL, '2024-01-26 17:06:11', '2024-01-26 17:06:11'),
(956, 90, 106, 1105, NULL, '2024-01-26 17:06:35', '2024-01-26 17:06:35'),
(957, 90, 107, 944, NULL, '2024-01-26 17:06:56', '2024-01-26 17:06:56'),
(958, 90, 108, 1100, NULL, '2024-01-26 17:07:21', '2024-01-26 17:07:21'),
(959, 90, 109, 2169, NULL, '2024-01-26 17:08:38', '2024-01-26 17:08:38'),
(960, 90, 110, 1704, NULL, '2024-01-26 17:08:54', '2024-01-26 17:08:54'),
(961, 90, 111, 1617, NULL, '2024-01-26 17:09:11', '2024-01-26 17:09:11'),
(962, 90, 112, 1016, NULL, '2024-01-26 17:09:23', '2024-01-26 17:09:23'),
(963, 90, 113, 2219, NULL, '2024-01-26 17:09:37', '2024-01-26 17:09:37'),
(964, 90, 114, 554, NULL, '2024-01-26 17:09:52', '2024-01-26 17:09:52'),
(965, 90, 115, 990, NULL, '2024-01-26 17:10:05', '2024-01-26 17:10:05'),
(966, 90, 116, 1092, NULL, '2024-01-26 17:10:22', '2024-01-26 17:10:22'),
(967, 90, 117, 1159, NULL, '2024-01-26 17:11:21', '2024-01-26 17:11:21'),
(968, 92, 93, 470, NULL, '2024-01-26 17:13:05', '2024-01-26 17:13:05'),
(969, 92, 94, 273, NULL, '2024-01-26 17:13:22', '2024-01-26 17:13:22'),
(970, 92, 95, 216, NULL, '2024-01-26 17:14:15', '2024-01-26 17:14:15'),
(971, 92, 96, 216, NULL, '2024-01-26 18:39:51', '2024-01-26 18:39:51'),
(972, 92, 97, 1353, NULL, '2024-01-26 18:40:10', '2024-01-26 18:40:10'),
(973, 92, 98, 1503, NULL, '2024-01-26 18:40:36', '2024-01-26 18:40:36'),
(974, 92, 99, 2053, NULL, '2024-01-26 18:40:50', '2024-01-26 18:40:50'),
(975, 92, 100, 1101, NULL, '2024-01-26 18:41:09', '2024-01-26 18:41:09'),
(976, 92, 101, 1675, NULL, '2024-01-26 18:41:26', '2024-01-26 18:41:26'),
(977, 92, 102, 658, NULL, '2024-01-26 18:41:47', '2024-01-26 18:41:47'),
(978, 92, 104, 1183, NULL, '2024-01-26 18:42:17', '2024-01-26 18:42:17'),
(979, 92, 105, 1425, NULL, '2024-01-26 18:42:32', '2024-01-26 18:42:32'),
(980, 92, 106, 1141, NULL, '2024-01-26 18:42:53', '2024-01-26 18:42:53'),
(981, 92, 107, 979, NULL, '2024-01-26 18:43:11', '2024-01-26 18:43:11'),
(982, 92, 108, 1042, NULL, '2024-01-26 18:44:27', '2024-01-26 18:44:27'),
(983, 92, 109, 2242, NULL, '2024-01-26 18:44:53', '2024-01-26 18:44:53'),
(984, 92, 110, 1646, NULL, '2024-01-26 18:45:05', '2024-01-26 18:45:05'),
(985, 92, 111, 1520, NULL, '2024-01-26 18:45:27', '2024-01-26 18:45:27'),
(986, 92, 112, 953, NULL, '2024-01-26 18:45:42', '2024-01-26 18:45:42'),
(987, 92, 113, 2244, NULL, '2024-01-26 18:46:00', '2024-01-26 18:46:00'),
(988, 92, 114, 490, NULL, '2024-01-26 18:46:24', '2024-01-26 18:46:24'),
(989, 92, 115, 900, NULL, '2024-01-26 18:46:48', '2024-01-26 18:46:48'),
(990, 92, 116, 1028, NULL, '2024-01-26 18:47:03', '2024-01-26 18:47:03'),
(991, 92, 117, 1203, NULL, '2024-01-26 18:47:23', '2024-01-26 18:47:23'),
(992, 93, 94, 227, NULL, '2024-01-26 18:49:08', '2024-01-26 18:49:08'),
(993, 93, 95, 686, NULL, '2024-01-26 18:49:24', '2024-01-26 18:49:24'),
(994, 93, 96, 1841, NULL, '2024-01-26 18:49:40', '2024-01-26 18:49:40'),
(995, 93, 97, 1809, NULL, '2024-01-26 18:49:56', '2024-01-26 18:49:56'),
(996, 93, 98, 1953, NULL, '2024-01-26 19:58:11', '2024-01-26 19:58:11'),
(997, 93, 102, 1114, NULL, '2024-01-26 20:00:36', '2024-01-26 20:00:36'),
(998, 93, 101, 2145, NULL, '2024-01-26 20:00:40', '2024-01-26 20:00:40'),
(999, 93, 100, 1557, NULL, '2024-01-26 20:00:59', '2024-01-26 20:00:59'),
(1000, 93, 99, 2523, NULL, '2024-01-26 20:01:02', '2024-01-26 20:01:02'),
(1001, 93, 103, 1704, NULL, '2024-01-26 20:01:51', '2024-01-26 20:01:51'),
(1002, 93, 104, 1639, NULL, '2024-01-26 20:02:03', '2024-01-26 20:02:03'),
(1003, 93, 105, 1858, NULL, '2024-01-26 20:02:15', '2024-01-26 20:02:15'),
(1004, 93, 106, 1597, NULL, '2024-01-26 20:02:28', '2024-01-26 20:02:28'),
(1005, 93, 107, 1435, NULL, '2024-01-26 20:02:43', '2024-01-26 20:02:43'),
(1006, 93, 108, 1498, NULL, '2024-01-26 20:03:04', '2024-01-26 20:03:04'),
(1007, 93, 109, 2712, NULL, '2024-01-26 20:03:23', '2024-01-26 20:03:23'),
(1008, 93, 110, 1986, NULL, '2024-01-26 20:03:39', '2024-01-26 20:03:39'),
(1009, 93, 111, 1103, NULL, '2024-01-26 20:07:28', '2024-01-26 20:07:28'),
(1010, 93, 112, 1409, NULL, '2024-01-26 20:07:37', '2024-01-26 20:07:37'),
(1011, 93, 113, 2700, NULL, '2024-01-26 20:07:48', '2024-01-26 20:07:48'),
(1012, 93, 114, 946, NULL, '2024-01-26 20:07:59', '2024-01-26 20:07:59'),
(1013, 93, 115, 1356, NULL, '2024-01-26 20:08:11', '2024-01-26 20:08:11'),
(1014, 93, 116, 700, NULL, '2024-01-26 20:08:21', '2024-01-26 20:08:21'),
(1015, 93, 117, 1653, NULL, '2024-01-26 20:08:37', '2024-01-26 20:08:37'),
(1016, 94, 95, 471, NULL, '2024-01-26 23:03:11', '2024-01-26 23:03:11'),
(1017, 94, 96, 1649, NULL, '2024-01-26 23:03:38', '2024-01-26 23:03:38'),
(1018, 94, 97, 1610, NULL, '2024-01-26 23:04:00', '2024-01-26 23:04:00'),
(1019, 94, 98, 1760, NULL, '2024-01-26 23:04:19', '2024-01-26 23:04:19'),
(1020, 94, 99, 2324, NULL, '2024-01-26 23:04:35', '2024-01-26 23:04:35'),
(1021, 94, 100, 1358, NULL, '2024-01-26 23:04:56', '2024-01-26 23:04:56'),
(1022, 94, 101, 1946, NULL, '2024-01-26 23:05:21', '2024-01-26 23:05:38'),
(1023, 94, 102, 915, NULL, '2024-01-26 23:05:55', '2024-01-26 23:05:55'),
(1024, 94, 103, 1505, NULL, '2024-01-26 23:06:27', '2024-01-26 23:06:27'),
(1025, 94, 104, 1440, NULL, '2024-01-26 23:06:49', '2024-01-26 23:06:49'),
(1026, 94, 105, 1659, NULL, '2024-01-26 23:07:04', '2024-01-26 23:07:04'),
(1027, 94, 105, 1659, NULL, '2024-01-26 23:07:06', '2024-01-26 23:07:06'),
(1028, 94, 106, 1398, NULL, '2024-01-26 23:07:28', '2024-01-26 23:07:28'),
(1029, 94, 107, 1236, NULL, '2024-01-26 23:07:48', '2024-01-26 23:07:48'),
(1030, 94, 108, 1299, NULL, '2024-01-26 23:08:03', '2024-01-26 23:08:03'),
(1031, 94, 109, 2513, NULL, '2024-01-26 23:08:19', '2024-01-26 23:08:19'),
(1032, 94, 110, 1903, NULL, '2024-01-26 23:08:35', '2024-01-26 23:08:35'),
(1033, 94, 111, 1273, NULL, '2024-01-26 23:08:49', '2024-01-26 23:08:49'),
(1034, 94, 112, 1209, NULL, '2024-01-26 23:09:09', '2024-01-26 23:09:09'),
(1035, 94, 113, 2501, NULL, '2024-01-26 23:09:24', '2024-01-26 23:09:24'),
(1036, 94, 114, 747, NULL, '2024-01-26 23:29:37', '2024-01-26 23:29:37'),
(1037, 94, 115, 1157, NULL, '2024-01-26 23:29:56', '2024-01-26 23:29:56'),
(1038, 94, 116, 901, NULL, '2024-01-26 23:30:13', '2024-01-26 23:30:13'),
(1039, 94, 117, 1454, NULL, '2024-01-26 23:30:32', '2024-01-26 23:30:32'),
(1040, 95, 96, 1233, NULL, '2024-01-26 23:31:09', '2024-01-26 23:31:09'),
(1041, 95, 97, 1180, NULL, '2024-01-26 23:31:29', '2024-01-26 23:31:29'),
(1042, 95, 98, 1364, NULL, '2024-01-26 23:32:12', '2024-01-26 23:32:12'),
(1043, 95, 99, 1857, NULL, '2024-01-26 23:32:34', '2024-01-26 23:32:34'),
(1044, 95, 100, 891, NULL, '2024-01-26 23:32:51', '2024-01-26 23:32:51'),
(1045, 95, 101, 1483, NULL, '2024-01-26 23:33:09', '2024-01-26 23:33:52'),
(1046, 95, 102, 658, NULL, '2024-01-26 23:33:33', '2024-01-26 23:33:33'),
(1047, 95, 103, 1202, NULL, '2024-01-26 23:34:13', '2024-01-26 23:34:13'),
(1048, 95, 104, 1031, NULL, '2024-01-26 23:34:29', '2024-01-26 23:34:29'),
(1049, 95, 105, 1273, NULL, '2024-01-26 23:34:48', '2024-01-26 23:34:48'),
(1050, 95, 106, 989, NULL, '2024-01-26 23:34:50', '2024-01-26 23:35:10'),
(1051, 95, 107, 827, NULL, '2024-01-26 23:35:26', '2024-01-26 23:35:26'),
(1052, 95, 108, 1031, NULL, '2024-01-26 23:35:44', '2024-01-26 23:35:44'),
(1053, 95, 109, 2047, NULL, '2024-01-26 23:36:09', '2024-01-26 23:36:09'),
(1054, 95, 110, 1684, NULL, '2024-01-26 23:36:16', '2024-01-26 23:37:01'),
(1055, 95, 111, 1732, NULL, '2024-01-26 23:36:41', '2024-01-26 23:36:41'),
(1056, 95, 112, 1106, NULL, '2024-01-26 23:37:26', '2024-01-26 23:37:26'),
(1057, 95, 113, 2102, NULL, '2024-01-26 23:37:40', '2024-01-26 23:37:40'),
(1058, 95, 114, 644, NULL, '2024-01-26 23:37:56', '2024-01-26 23:37:56'),
(1059, 95, 115, 1054, NULL, '2024-01-26 23:38:13', '2024-01-26 23:38:13'),
(1060, 95, 116, 1182, NULL, '2024-01-26 23:38:28', '2024-01-26 23:38:28'),
(1061, 95, 117, 1043, NULL, '2024-01-26 23:38:43', '2024-01-26 23:38:43'),
(1062, 96, 97, 78, NULL, '2024-01-26 23:39:10', '2024-01-26 23:39:10'),
(1063, 96, 98, 537, NULL, '2024-01-26 23:39:33', '2024-01-26 23:39:33'),
(1064, 96, 99, 2298, NULL, '2024-01-26 23:40:24', '2024-01-26 23:40:24'),
(1065, 96, 100, 1534, NULL, '2024-01-26 23:40:46', '2024-01-26 23:40:46'),
(1066, 96, 101, 1773, NULL, '2024-01-26 23:41:13', '2024-01-26 23:41:13'),
(1067, 96, 102, 823, NULL, '2024-01-26 23:41:29', '2024-01-26 23:41:29'),
(1068, 96, 103, 659, NULL, '2024-01-26 23:41:47', '2024-01-26 23:41:47'),
(1069, 96, 104, 233, NULL, '2024-01-26 23:42:01', '2024-01-26 23:42:01'),
(1070, 96, 105, 451, NULL, '2024-01-26 23:42:32', '2024-01-26 23:42:32'),
(1071, 96, 106, 260, NULL, '2024-01-26 23:42:50', '2024-01-26 23:42:50'),
(1072, 96, 107, 439, NULL, '2024-01-26 23:43:06', '2024-01-26 23:43:28'),
(1073, 96, 108, 879, NULL, '2024-01-26 23:43:44', '2024-01-26 23:43:44'),
(1074, 96, 109, 2235, NULL, '2024-01-26 23:44:02', '2024-01-26 23:44:02'),
(1075, 96, 110, 1193, NULL, '2024-01-26 23:44:20', '2024-01-26 23:44:20'),
(1076, 96, 111, 2858, NULL, '2024-01-26 23:44:37', '2024-01-26 23:44:37'),
(1077, 96, 112, 1394, NULL, '2024-01-26 23:44:53', '2024-01-26 23:44:53'),
(1078, 96, 113, 1282, NULL, '2024-01-26 23:45:08', '2024-01-26 23:45:08'),
(1079, 96, 114, 1234, NULL, '2024-01-26 23:45:35', '2024-01-26 23:45:35'),
(1080, 96, 115, 1213, NULL, '2024-01-26 23:45:53', '2024-01-26 23:45:53'),
(1081, 96, 116, 1724, NULL, '2024-01-26 23:46:18', '2024-01-26 23:46:18'),
(1082, 96, 117, 208, NULL, '2024-01-26 23:46:35', '2024-01-26 23:46:35'),
(1083, 97, 98, 371, '2024-01-26 23:56:54', '2024-01-26 23:47:37', '2024-01-26 23:56:54'),
(1084, 97, 99, 2240, '2024-01-26 23:57:12', '2024-01-26 23:48:16', '2024-01-26 23:57:12'),
(1085, 97, 100, 1474, '2024-01-26 23:57:50', '2024-01-26 23:49:18', '2024-01-26 23:57:50'),
(1086, 97, 101, 1713, '2024-01-26 23:57:38', '2024-01-26 23:50:14', '2024-01-26 23:57:38'),
(1087, 107, 108, 396, '2024-01-26 23:53:06', '2024-01-26 23:50:50', '2024-01-26 23:53:06'),
(1088, 107, 109, 2306, NULL, '2024-01-26 23:51:08', '2024-01-26 23:51:08'),
(1089, 97, 102, 838, '2024-01-26 23:57:26', '2024-01-26 23:51:37', '2024-01-26 23:57:26'),
(1090, 107, 110, 1077, NULL, '2024-01-26 23:51:37', '2024-01-26 23:51:37'),
(1091, 107, 111, 2380, NULL, '2024-01-26 23:52:24', '2024-01-26 23:52:24'),
(1092, 107, 112, 964, NULL, '2024-01-26 23:52:39', '2024-01-26 23:52:39'),
(1093, 107, 113, 1310, NULL, '2024-01-26 23:52:55', '2024-01-26 23:52:55'),
(1094, 107, 114, 801, NULL, '2024-01-26 23:53:14', '2024-01-26 23:53:14'),
(1095, 107, 115, 802, NULL, '2024-01-26 23:53:33', '2024-01-26 23:53:33'),
(1096, 107, 116, 1294, NULL, '2024-01-26 23:53:59', '2024-01-26 23:53:59'),
(1097, 107, 117, 396, NULL, '2024-01-26 23:53:59', '2024-01-26 23:58:22'),
(1098, 97, 98, 371, NULL, '2024-01-26 23:59:27', '2024-01-26 23:59:27'),
(1099, 97, 99, 2240, NULL, '2024-01-27 00:00:47', '2024-01-27 00:00:47'),
(1100, 97, 100, 1474, NULL, '2024-01-27 00:01:32', '2024-01-27 00:01:32'),
(1101, 97, 101, 1713, NULL, '2024-01-27 00:01:50', '2024-01-27 00:01:50'),
(1102, 97, 102, 838, NULL, '2024-01-27 00:02:23', '2024-01-27 00:02:23'),
(1103, 97, 103, 694, NULL, '2024-01-27 00:02:40', '2024-01-27 00:02:40'),
(1104, 97, 104, 222, NULL, '2024-01-27 00:02:56', '2024-01-27 00:02:56'),
(1105, 97, 105, 486, NULL, '2024-01-27 00:03:29', '2024-01-27 00:03:29'),
(1106, 97, 106, 255, NULL, '2024-01-27 00:03:56', '2024-01-27 00:04:16'),
(1107, 97, 107, 454, NULL, '2024-01-27 00:04:38', '2024-01-27 00:04:38'),
(1108, 97, 108, 909, NULL, '2024-01-27 00:04:56', '2024-01-27 00:04:56'),
(1109, 97, 109, 2175, NULL, '2024-01-27 00:05:19', '2024-01-27 00:05:19'),
(1110, 97, 110, 1229, NULL, '2024-01-27 00:05:39', '2024-01-27 00:05:39'),
(1111, 97, 111, 2873, NULL, '2024-01-27 00:05:58', '2024-01-27 00:05:58'),
(1112, 97, 112, 1409, NULL, '2024-01-27 00:06:25', '2024-01-27 00:06:25'),
(1113, 97, 113, 1318, NULL, '2024-01-27 00:06:47', '2024-01-27 00:06:47'),
(1114, 97, 114, 1245, NULL, '2024-01-27 00:07:04', '2024-01-27 00:07:04'),
(1115, 97, 115, 1201, NULL, '2024-01-27 00:07:26', '2024-01-27 00:07:26'),
(1116, 97, 116, 1739, NULL, '2024-01-27 00:07:41', '2024-01-27 00:07:41'),
(1117, 97, 117, 150, NULL, '2024-01-27 00:07:55', '2024-01-27 00:07:55'),
(1118, 98, 99, 2254, NULL, '2024-01-27 00:08:33', '2024-01-27 00:08:33'),
(1119, 98, 100, 1504, NULL, '2024-01-27 00:09:09', '2024-01-27 00:09:09'),
(1120, 98, 101, 1727, NULL, '2024-01-27 00:09:56', '2024-01-27 00:09:56'),
(1121, 98, 102, 1107, NULL, '2024-01-27 00:10:13', '2024-01-27 00:10:13'),
(1122, 98, 103, 1100, NULL, '2024-01-27 00:10:31', '2024-01-27 00:10:31'),
(1123, 98, 104, 569, NULL, '2024-01-27 00:10:49', '2024-01-27 00:10:49'),
(1124, 98, 105, 927, NULL, '2024-01-27 00:11:10', '2024-01-27 00:11:10'),
(1125, 98, 106, 588, NULL, '2024-01-27 00:11:42', '2024-01-27 00:11:42'),
(1126, 98, 107, 765, NULL, '2024-01-27 00:12:00', '2024-01-27 00:12:00'),
(1127, 98, 108, 1267, NULL, '2024-01-27 00:12:26', '2024-01-27 00:12:26'),
(1128, 98, 109, 2189, NULL, '2024-01-27 00:12:59', '2024-01-27 00:12:59'),
(1129, 98, 110, 1634, NULL, '2024-01-27 00:13:22', '2024-01-27 00:13:22'),
(1130, 98, 111, 3184, NULL, '2024-01-27 00:13:38', '2024-01-27 00:13:38'),
(1131, 98, 112, 1720, NULL, '2024-01-27 00:14:00', '2024-01-27 00:14:21'),
(1132, 98, 113, 1745, NULL, '2024-01-27 00:14:46', '2024-01-27 00:14:46'),
(1133, 98, 114, 1506, NULL, '2024-01-27 00:15:03', '2024-01-27 00:15:03'),
(1134, 98, 115, 1634, NULL, '2024-01-27 00:15:21', '2024-01-27 00:15:21'),
(1135, 98, 116, 2056, NULL, '2024-01-27 00:15:42', '2024-01-27 00:15:42'),
(1136, 98, 117, 366, NULL, '2024-01-27 00:16:06', '2024-01-27 00:16:06'),
(1137, 99, 100, 969, NULL, '2024-01-27 00:17:02', '2024-01-27 00:17:02'),
(1138, 99, 101, 534, NULL, '2024-01-27 00:17:36', '2024-01-27 00:17:36'),
(1139, 99, 102, 2329, NULL, '2024-01-27 00:18:10', '2024-01-27 00:18:10'),
(1140, 99, 103, 2834, NULL, '2024-01-27 00:18:34', '2024-01-27 00:18:34'),
(1141, 99, 104, 2288, NULL, '2024-01-27 00:19:02', '2024-01-27 00:19:02'),
(1142, 99, 105, 2685, NULL, '2024-01-27 00:19:20', '2024-01-27 00:19:20'),
(1143, 99, 106, 2290, NULL, '2024-01-27 00:19:41', '2024-01-27 00:19:41'),
(1144, 99, 107, 2291, NULL, '2024-01-27 00:20:06', '2024-01-27 00:20:06'),
(1145, 99, 108, 2677, NULL, '2024-01-27 00:20:27', '2024-01-27 00:20:27'),
(1146, 99, 109, 657, NULL, '2024-01-27 00:20:46', '2024-01-27 00:20:46'),
(1147, 99, 110, 3314, NULL, '2024-01-27 00:21:06', '2024-01-27 00:21:06'),
(1148, 99, 111, 3606, NULL, '2024-01-27 00:21:39', '2024-01-27 00:21:39'),
(1149, 99, 112, 2882, NULL, '2024-01-27 00:22:00', '2024-01-27 00:22:00'),
(1150, 99, 113, 3509, NULL, '2024-01-27 00:22:20', '2024-01-27 00:22:20'),
(1151, 99, 114, 2420, NULL, '2024-01-27 00:22:40', '2024-01-27 00:22:40'),
(1152, 99, 115, 2826, NULL, '2024-01-27 00:23:32', '2024-01-27 00:23:32'),
(1153, 99, 116, 2954, NULL, '2024-01-27 00:23:55', '2024-01-27 00:23:55'),
(1154, 99, 117, 2101, NULL, '2024-01-27 00:24:18', '2024-01-27 00:24:18'),
(1155, 100, 101, 624, NULL, '2024-01-27 00:24:47', '2024-01-27 00:24:47'),
(1156, 100, 102, 1367, NULL, '2024-01-27 00:25:15', '2024-01-27 00:25:15'),
(1157, 100, 103, 1867, NULL, '2024-01-27 00:26:25', '2024-01-27 00:26:25'),
(1158, 100, 104, 1393, NULL, '2024-01-27 00:26:41', '2024-01-27 00:26:41'),
(1159, 100, 105, 1815, NULL, '2024-01-27 00:27:06', '2024-01-27 00:27:06'),
(1160, 100, 106, 1362, NULL, '2024-01-27 00:27:21', '2024-01-27 00:27:21'),
(1161, 100, 107, 1329, NULL, '2024-01-27 00:27:38', '2024-01-27 00:27:38'),
(1162, 100, 108, 1715, NULL, '2024-01-27 00:27:54', '2024-01-27 00:27:54'),
(1163, 100, 109, 1242, NULL, '2024-01-27 00:28:31', '2024-01-27 00:28:31'),
(1164, 100, 110, 2352, NULL, '2024-01-27 00:28:59', '2024-01-27 00:28:59'),
(1165, 100, 111, 2565, NULL, '2024-01-27 00:29:24', '2024-01-27 00:29:24'),
(1166, 100, 112, 1920, NULL, '2024-01-27 00:29:40', '2024-01-27 00:29:40'),
(1167, 100, 113, 2598, NULL, '2024-01-27 00:29:59', '2024-01-27 00:29:59'),
(1168, 100, 114, 1458, NULL, '2024-01-27 00:30:22', '2024-01-27 00:30:22'),
(1169, 100, 115, 1864, NULL, '2024-01-27 00:30:39', '2024-01-27 00:30:39'),
(1170, 100, 116, 1991, NULL, '2024-01-27 00:30:56', '2024-01-27 00:30:56'),
(1171, 100, 117, 1338, NULL, '2024-01-27 00:31:13', '2024-01-27 00:31:13'),
(1172, 100, 117, 1338, '2024-01-27 00:31:36', '2024-01-27 00:31:17', '2024-01-27 00:31:36'),
(1173, 101, 102, 1967, NULL, '2024-01-27 12:49:40', '2024-01-27 12:49:40'),
(1174, 101, 103, 2325, NULL, '2024-01-27 12:49:52', '2024-01-27 12:49:52'),
(1175, 101, 104, 1766, NULL, '2024-01-27 12:50:05', '2024-01-27 12:50:05'),
(1176, 101, 105, 2169, NULL, '2024-01-27 12:50:19', '2024-01-27 12:50:19'),
(1177, 101, 106, 1768, NULL, '2024-01-27 12:50:34', '2024-01-27 12:50:34'),
(1178, 101, 107, 1838, NULL, '2024-01-27 12:50:55', '2024-01-27 12:50:55'),
(1179, 101, 108, 2241, NULL, '2024-01-27 12:51:07', '2024-01-27 12:51:07'),
(1180, 101, 109, 621, NULL, '2024-01-27 12:51:21', '2024-01-27 12:51:21'),
(1181, 101, 110, 2858, NULL, '2024-01-27 12:51:32', '2024-01-27 12:51:32'),
(1182, 101, 111, 3170, NULL, '2024-01-27 12:51:44', '2024-01-27 12:51:44'),
(1183, 101, 112, 2525, NULL, '2024-01-27 12:51:58', '2024-01-27 12:51:58'),
(1184, 101, 113, 2987, NULL, '2024-01-27 12:52:20', '2024-01-27 12:52:20'),
(1185, 101, 114, 2063, NULL, '2024-01-27 12:52:30', '2024-01-27 12:52:30'),
(1186, 101, 115, 2468, NULL, '2024-01-27 12:52:42', '2024-01-27 12:52:42'),
(1187, 101, 116, 2597, NULL, '2024-01-27 12:52:53', '2024-01-27 12:52:53'),
(1188, 101, 117, 1578, NULL, '2024-01-27 12:53:14', '2024-01-27 12:53:14'),
(1189, 102, 103, 588, NULL, '2024-01-27 12:54:56', '2024-01-27 12:54:56'),
(1190, 102, 104, 616, NULL, '2024-01-27 12:55:09', '2024-01-27 12:55:09'),
(1191, 102, 105, 778, NULL, '2024-01-27 12:56:26', '2024-01-27 12:56:26'),
(1192, 102, 106, 573, NULL, '2024-01-27 12:56:35', '2024-01-27 12:56:35'),
(1193, 102, 107, 392, NULL, '2024-01-27 12:56:48', '2024-01-27 12:56:48'),
(1194, 102, 108, 368, NULL, '2024-01-27 12:57:05', '2024-01-27 12:57:05'),
(1195, 102, 109, 2428, NULL, '2024-01-27 12:57:13', '2024-01-27 12:57:13'),
(1196, 102, 110, 1072, NULL, '2024-01-27 12:57:25', '2024-01-27 12:57:25'),
(1197, 102, 111, 2032, NULL, '2024-01-27 12:57:38', '2024-01-27 12:57:38'),
(1198, 102, 112, 651, NULL, '2024-01-27 12:57:52', '2024-01-27 12:57:52'),
(1199, 102, 113, 1607, NULL, '2024-01-27 12:58:10', '2024-01-27 12:58:10'),
(1200, 102, 114, 409, NULL, '2024-01-27 12:58:19', '2024-01-27 12:58:19'),
(1201, 102, 115, 488, NULL, '2024-01-27 12:58:29', '2024-01-27 12:58:29'),
(1202, 102, 116, 946, NULL, '2024-01-27 12:58:40', '2024-01-27 12:58:40'),
(1203, 102, 117, 754, NULL, '2024-01-27 12:58:50', '2024-01-27 12:58:50'),
(1204, 103, 104, 564, NULL, '2024-01-27 13:00:28', '2024-01-27 13:00:28'),
(1205, 103, 105, 289, NULL, '2024-01-27 13:02:30', '2024-01-27 13:02:30'),
(1206, 103, 106, 573, NULL, '2024-01-27 13:02:51', '2024-01-27 13:02:51'),
(1207, 103, 107, 545, NULL, '2024-01-27 13:03:00', '2024-01-27 13:03:00'),
(1208, 103, 108, 351, NULL, '2024-01-27 13:03:14', '2024-01-27 13:03:14'),
(1209, 103, 109, 2779, NULL, '2024-01-27 13:03:26', '2024-01-27 13:03:26'),
(1210, 103, 110, 574, NULL, '2024-01-27 13:03:37', '2024-01-27 13:03:37'),
(1211, 103, 111, 2345, NULL, '2024-01-27 13:03:48', '2024-01-27 13:03:48'),
(1212, 103, 112, 856, NULL, '2024-01-27 13:04:00', '2024-01-27 13:04:00'),
(1213, 103, 113, 1027, NULL, '2024-01-27 13:04:13', '2024-01-27 13:04:13'),
(1214, 103, 114, 967, NULL, '2024-01-27 13:04:28', '2024-01-27 13:04:28'),
(1215, 103, 115, 685, NULL, '2024-01-27 13:04:42', '2024-01-27 13:04:42'),
(1216, 103, 116, 1385, NULL, '2024-01-27 13:04:55', '2024-01-27 13:04:55'),
(1217, 103, 117, 754, NULL, '2024-01-27 13:05:12', '2024-01-27 13:05:12'),
(1218, 104, 105, 402, NULL, '2024-01-27 13:06:40', '2024-01-27 13:06:40'),
(1219, 104, 106, 42, NULL, '2024-01-27 13:07:57', '2024-01-27 13:07:57'),
(1220, 104, 107, 228, NULL, '2024-01-27 13:08:08', '2024-01-27 13:08:08'),
(1221, 104, 108, 74, NULL, '2024-01-27 13:08:19', '2024-01-27 13:08:19'),
(1222, 104, 109, 2213, NULL, '2024-01-27 13:08:30', '2024-01-27 13:08:30'),
(1223, 104, 110, 1096, NULL, '2024-01-27 13:08:42', '2024-01-27 13:08:42'),
(1224, 104, 111, 2647, NULL, '2024-01-27 13:09:07', '2024-01-27 13:09:07'),
(1225, 104, 112, 1183, NULL, '2024-01-27 13:09:18', '2024-01-27 13:09:18'),
(1226, 104, 113, 1209, NULL, '2024-01-27 13:09:27', '2024-01-27 13:09:27'),
(1227, 104, 114, 1020, NULL, '2024-01-27 13:09:36', '2024-01-27 13:09:36'),
(1228, 104, 115, 1021, NULL, '2024-01-27 13:09:45', '2024-01-27 13:09:45'),
(1229, 104, 116, 1513, NULL, '2024-01-27 13:09:57', '2024-01-27 13:09:57'),
(1230, 104, 117, 201, NULL, '2024-01-27 13:10:11', '2024-01-27 13:10:11'),
(1231, 105, 106, 425, NULL, '2024-01-27 13:12:41', '2024-01-27 13:12:41'),
(1232, 105, 107, 190, NULL, '2024-01-27 13:12:55', '2024-01-27 13:12:55'),
(1233, 105, 108, 692, NULL, '2024-01-27 13:13:09', '2024-01-27 13:13:09'),
(1234, 105, 109, 2209, NULL, '2024-01-27 13:13:18', '2024-01-27 13:13:18'),
(1235, 105, 110, 1110, NULL, '2024-01-27 13:13:46', '2024-01-27 13:13:46'),
(1236, 105, 111, 2610, NULL, '2024-01-27 13:13:57', '2024-01-27 13:13:57'),
(1237, 105, 112, 1146, NULL, '2024-01-27 13:14:07', '2024-01-27 13:14:07'),
(1238, 105, 113, 1226, NULL, '2024-01-27 13:14:28', '2024-01-27 13:14:28'),
(1239, 105, 114, 983, NULL, '2024-01-27 13:14:38', '2024-01-27 13:14:38'),
(1240, 105, 115, 983, NULL, '2024-01-27 13:14:50', '2024-01-27 13:14:50'),
(1241, 105, 116, 1475, NULL, '2024-01-27 13:15:02', '2024-01-27 13:15:02'),
(1242, 105, 117, 209, NULL, '2024-01-27 13:15:18', '2024-01-27 13:15:18'),
(1243, 106, 107, 189, NULL, '2024-01-27 13:24:10', '2024-01-27 13:24:10'),
(1244, 106, 108, 511, NULL, '2024-01-27 13:24:18', '2024-01-27 13:24:18'),
(1245, 106, 109, 2307, NULL, '2024-01-27 13:24:28', '2024-01-27 13:24:28'),
(1246, 106, 110, 1077, NULL, '2024-01-27 13:24:37', '2024-01-27 13:24:37'),
(1247, 106, 111, 2380, NULL, '2024-01-27 13:24:49', '2024-01-27 13:24:49'),
(1248, 106, 112, 964, NULL, '2024-01-27 13:25:01', '2024-01-27 13:25:01'),
(1249, 106, 113, 1310, NULL, '2024-01-27 13:25:25', '2024-01-27 13:25:25'),
(1250, 106, 114, 801, NULL, '2024-01-27 13:25:33', '2024-01-27 13:25:33'),
(1251, 106, 115, 802, NULL, '2024-01-27 13:25:46', '2024-01-27 13:25:46'),
(1252, 106, 116, 1294, NULL, '2024-01-27 13:26:03', '2024-01-27 13:26:03'),
(1253, 106, 117, 396, NULL, '2024-01-27 13:26:12', '2024-01-27 13:26:12'),
(1254, 108, 109, 2687, NULL, '2024-01-27 13:27:37', '2024-01-27 13:27:37'),
(1255, 108, 110, 3306, NULL, '2024-01-27 13:27:50', '2024-01-27 13:27:50'),
(1256, 108, 112, 3149, NULL, '2024-01-27 13:29:09', '2024-01-27 13:29:09'),
(1257, 108, 113, 3412, NULL, '2024-01-27 13:29:23', '2024-01-27 13:29:23'),
(1258, 108, 114, 3412, NULL, '2024-01-27 13:30:36', '2024-01-27 13:30:36'),
(1259, 108, 115, 2932, NULL, '2024-01-27 13:34:20', '2024-01-27 13:34:20'),
(1260, 108, 116, 3223, NULL, '2024-01-27 13:34:42', '2024-01-27 13:34:42'),
(1261, 108, 117, 2027, NULL, '2024-01-27 13:35:01', '2024-01-27 13:35:01'),
(1262, 109, 110, 3308, NULL, '2024-01-27 13:38:50', '2024-01-27 13:38:50'),
(1263, 109, 111, 2249, NULL, '2024-01-27 13:39:06', '2024-01-27 13:39:06'),
(1264, 109, 112, 861, NULL, '2024-01-27 13:39:22', '2024-01-27 13:39:22'),
(1265, 109, 113, 1510, NULL, '2024-01-27 13:39:51', '2024-01-27 13:39:51'),
(1266, 109, 114, 1047, NULL, '2024-01-27 13:40:18', '2024-01-27 13:40:18'),
(1267, 109, 115, 664, NULL, '2024-01-27 13:40:39', '2024-01-27 13:40:39'),
(1268, 109, 116, 1288, NULL, '2024-01-27 13:40:51', '2024-01-27 13:40:51'),
(1269, 109, 117, 1292, NULL, '2024-01-27 13:41:06', '2024-01-27 13:41:06'),
(1270, 110, 111, 2325, NULL, '2024-01-27 13:41:34', '2024-01-27 13:41:34'),
(1271, 110, 112, 861, NULL, '2024-01-27 13:41:48', '2024-01-27 13:41:48'),
(1272, 110, 113, 1510, NULL, '2024-01-27 13:42:10', '2024-01-27 13:42:10'),
(1273, 110, 114, 1047, NULL, '2024-01-27 13:42:27', '2024-01-27 13:42:27'),
(1274, 110, 115, 664, NULL, '2024-01-27 13:42:45', '2024-01-27 13:42:45'),
(1275, 110, 116, 1365, NULL, '2024-01-27 13:43:09', '2024-01-27 13:43:09'),
(1276, 110, 117, 1292, NULL, '2024-01-27 13:43:20', '2024-01-27 13:43:20'),
(1277, 111, 112, 1467, NULL, '2024-01-27 13:44:21', '2024-01-27 13:44:21'),
(1278, 111, 112, 1467, NULL, '2024-01-27 13:44:23', '2024-01-27 13:44:23'),
(1279, 111, 112, 1467, NULL, '2024-01-27 13:44:25', '2024-01-27 13:44:25'),
(1280, 111, 113, 3361, NULL, '2024-01-27 13:44:39', '2024-01-27 13:44:39'),
(1281, 111, 114, 1624, NULL, '2024-01-27 13:44:52', '2024-01-27 13:44:52'),
(1282, 111, 115, 1660, NULL, '2024-01-27 13:45:07', '2024-01-27 13:45:07'),
(1283, 111, 116, 1087, NULL, '2024-01-27 13:45:19', '2024-01-27 13:45:19'),
(1284, 111, 117, 2772, NULL, '2024-01-27 13:45:46', '2024-01-27 13:45:46'),
(1285, 112, 113, 1889, NULL, '2024-01-27 13:46:20', '2024-01-27 13:46:20'),
(1286, 112, 114, 462, NULL, '2024-01-27 13:46:36', '2024-01-27 13:46:36'),
(1287, 112, 115, 201, NULL, '2024-01-27 13:46:49', '2024-01-27 13:46:49'),
(1288, 112, 116, 532, NULL, '2024-01-27 13:47:07', '2024-01-27 13:47:07'),
(1289, 112, 117, 1352, NULL, '2024-01-27 13:47:29', '2024-01-27 13:47:29'),
(1290, 113, 114, 2004, NULL, '2024-01-27 13:48:43', '2024-01-27 13:48:43'),
(1291, 113, 115, 1691, NULL, '2024-01-27 13:49:01', '2024-01-27 13:49:01'),
(1292, 113, 116, 2491, NULL, '2024-01-27 13:49:12', '2024-01-27 13:49:12'),
(1293, 113, 117, 1393, NULL, '2024-01-27 13:49:26', '2024-01-27 13:49:26'),
(1294, 114, 115, 450, NULL, '2024-01-27 13:49:45', '2024-01-27 13:49:45'),
(1295, 114, 116, 540, NULL, '2024-01-27 13:49:58', '2024-01-27 13:49:58'),
(1296, 114, 117, 1190, NULL, '2024-01-27 13:50:13', '2024-01-27 13:50:13'),
(1297, 115, 116, 704, NULL, '2024-01-27 13:50:27', '2024-01-27 13:50:27'),
(1298, 115, 117, 1187, NULL, '2024-01-27 13:50:42', '2024-01-27 13:50:42'),
(1299, 116, 117, 1681, NULL, '2024-01-27 13:51:11', '2024-01-27 13:51:11');

-- --------------------------------------------------------

--
-- Table structure for table `city_form_city_to_duration_vehicle_service`
--

CREATE TABLE `city_form_city_to_duration_vehicle_service` (
  `id` int(11) NOT NULL,
  `city_form_id` int(11) NOT NULL,
  `city_to_id` int(11) NOT NULL,
  `vehicle_id` int(11) DEFAULT NULL,
  `vehicles_group_id` int(11) DEFAULT NULL,
  `service_id` int(11) NOT NULL,
  `duration_id` int(11) NOT NULL,
  `price_type` enum('day','hour','night') NOT NULL,
  `price` double NOT NULL,
  `deleted_at` timestamp NULL DEFAULT NULL,
  `created_at` timestamp NULL DEFAULT NULL,
  `updated_at` timestamp NULL DEFAULT NULL
) ENGINE=InnoDB DEFAULT CHARSET=utf8 COLLATE=utf8_general_ci;

--
-- Dumping data for table `city_form_city_to_duration_vehicle_service`
--

INSERT INTO `city_form_city_to_duration_vehicle_service` (`id`, `city_form_id`, `city_to_id`, `vehicle_id`, `vehicles_group_id`, `service_id`, `duration_id`, `price_type`, `price`, `deleted_at`, `created_at`, `updated_at`) VALUES
(30, 26, 26, 3, NULL, 4, 0, 'day', 55, NULL, '2024-01-15 00:11:34', '2024-01-15 00:11:34'),
(31, 13, 0, 3, NULL, 5, 8, 'day', 55, NULL, '2024-01-15 19:01:34', '2024-01-15 19:01:34'),
(32, 67, 0, 4, NULL, 5, 8, 'day', 55, NULL, '2024-01-16 21:39:45', '2024-01-16 21:39:45'),
(33, 67, 0, 3, NULL, 6, 4, 'night', 450, NULL, '2024-01-16 21:49:07', '2024-01-16 22:14:39'),
(34, 68, 0, 3, NULL, 6, 4, 'night', 550, NULL, '2024-01-16 21:49:26', '2024-01-16 22:14:29'),
(35, 102, 0, 3, NULL, 6, 4, 'night', 650, NULL, '2024-01-16 21:49:47', '2024-01-16 22:14:19'),
(36, 67, 0, 3, NULL, 3, 0, 'night', 200, NULL, '2024-01-16 22:28:14', '2024-01-16 22:28:14');

-- --------------------------------------------------------

--
-- Table structure for table `company_services`
--

CREATE TABLE `company_services` (
  `id` int(10) UNSIGNED NOT NULL,
  `title` varchar(255) DEFAULT NULL,
  `image` varchar(255) DEFAULT NULL,
  `description` text DEFAULT NULL,
  `deleted_at` timestamp NULL DEFAULT NULL,
  `created_at` timestamp NULL DEFAULT NULL,
  `updated_at` timestamp NULL DEFAULT NULL
) ENGINE=InnoDB DEFAULT CHARSET=utf8 COLLATE=utf8_unicode_ci;

--
-- Dumping data for table `company_services`
--

INSERT INTO `company_services` (`id`, `title`, `image`, `description`, `deleted_at`, `created_at`, `updated_at`) VALUES
(1, 'Best price guranteed', 'fleet-bestprice.png', 'Lorem ipsum dolor sit amet, consectetur adipisicing elit.Neque at, nobis repudiandae dolores.', NULL, '2021-11-20 07:03:45', '2021-11-20 07:03:45'),
(2, '24/7 Customer care', 'fleet-care.png', 'Lorem ipsum dolor sit amet, consectetur adipisicing elit.Neque at, nobis repudiandae dolores.', NULL, '2021-11-20 07:03:45', '2021-11-20 07:03:45'),
(3, 'Home pickups', 'fleet-homepickup.png', 'Lorem ipsum dolor sit amet, consectetur adipisicing elit.Neque at, nobis repudiandae dolores.', NULL, '2021-11-20 07:03:45', '2021-11-20 07:03:45'),
(4, 'Easy Bookings', 'fleet-easybooking.png', 'Lorem ipsum dolor sit amet, consectetur adipisicing elit.Neque at, nobis repudiandae dolores.', NULL, '2021-11-20 07:03:45', '2021-11-20 07:03:45');

-- --------------------------------------------------------

--
-- Table structure for table `driver_logs`
--

CREATE TABLE `driver_logs` (
  `id` int(10) UNSIGNED NOT NULL,
  `vehicle_id` int(11) NOT NULL,
  `driver_id` int(11) NOT NULL,
  `date` timestamp NULL DEFAULT NULL,
  `created_at` timestamp NULL DEFAULT NULL,
  `updated_at` timestamp NULL DEFAULT NULL
) ENGINE=InnoDB DEFAULT CHARSET=utf8 COLLATE=utf8_unicode_ci;

--
-- Dumping data for table `driver_logs`
--

INSERT INTO `driver_logs` (`id`, `vehicle_id`, `driver_id`, `date`, `created_at`, `updated_at`) VALUES
(1, 1, 6, '2021-11-20 07:03:53', '2021-11-20 07:03:53', '2021-11-20 07:03:53'),
(2, 2, 8, '2021-11-22 23:02:01', '2021-11-22 23:02:01', '2021-11-22 23:02:01');

-- --------------------------------------------------------

--
-- Table structure for table `driver_payments`
--

CREATE TABLE `driver_payments` (
  `id` int(10) UNSIGNED NOT NULL,
  `user_id` int(11) DEFAULT NULL,
  `driver_id` int(11) NOT NULL,
  `amount` double(10,2) NOT NULL DEFAULT 0.00,
  `notes` text DEFAULT NULL,
  `created_at` timestamp NULL DEFAULT NULL,
  `updated_at` timestamp NULL DEFAULT NULL,
  `deleted_at` timestamp NULL DEFAULT NULL
) ENGINE=InnoDB DEFAULT CHARSET=utf8 COLLATE=utf8_unicode_ci;

-- --------------------------------------------------------

--
-- Table structure for table `driver_vehicle`
--

CREATE TABLE `driver_vehicle` (
  `id` int(10) UNSIGNED NOT NULL,
  `vehicle_id` int(11) DEFAULT NULL,
  `driver_id` int(11) DEFAULT NULL,
  `created_at` timestamp NULL DEFAULT NULL,
  `updated_at` timestamp NULL DEFAULT NULL
) ENGINE=InnoDB DEFAULT CHARSET=utf8 COLLATE=utf8_unicode_ci;

-- --------------------------------------------------------

--
-- Table structure for table `duration`
--

CREATE TABLE `duration` (
  `id` int(11) NOT NULL,
  `duration` int(11) NOT NULL,
  `deleted_at` timestamp NULL DEFAULT NULL,
  `created_at` timestamp NULL DEFAULT NULL,
  `updated_at` timestamp NULL DEFAULT NULL
) ENGINE=InnoDB DEFAULT CHARSET=utf8 COLLATE=utf8_general_ci;

--
-- Dumping data for table `duration`
--

INSERT INTO `duration` (`id`, `duration`, `deleted_at`, `created_at`, `updated_at`) VALUES
(4, 8, NULL, '2023-12-25 22:41:55', '2023-12-25 22:41:55'),
(6, 10, NULL, '2024-01-06 22:54:57', '2024-01-06 22:54:57'),
(8, 4, NULL, '2024-01-14 19:56:44', '2024-01-14 19:56:44'),
(9, 6, NULL, '2024-01-14 19:56:59', '2024-01-14 19:56:59'),
(12, 5, NULL, '2024-01-14 20:58:15', '2024-01-14 20:58:15'),
(13, 7, NULL, '2024-01-14 20:58:20', '2024-01-14 20:58:20'),
(14, 9, NULL, '2024-01-14 20:58:26', '2024-01-14 20:58:26'),
(15, 11, NULL, '2024-01-14 20:58:34', '2024-01-14 21:01:13'),
(20, 24, NULL, '2024-01-14 21:02:26', '2024-01-14 21:02:26'),
(21, 12, NULL, '2024-01-14 21:03:13', '2024-01-14 21:03:13');

-- --------------------------------------------------------

--
-- Table structure for table `email_content`
--

CREATE TABLE `email_content` (
  `id` int(10) UNSIGNED NOT NULL,
  `key` varchar(255) DEFAULT NULL,
  `value` text DEFAULT NULL,
  `created_at` timestamp NULL DEFAULT NULL,
  `updated_at` timestamp NULL DEFAULT NULL,
  `deleted_at` timestamp NULL DEFAULT NULL
) ENGINE=InnoDB DEFAULT CHARSET=utf8 COLLATE=utf8_unicode_ci;

--
-- Dumping data for table `email_content`
--

INSERT INTO `email_content` (`id`, `key`, `value`, `created_at`, `updated_at`, `deleted_at`) VALUES
(1, 'insurance', 'vehicle insurance email content', '2021-11-20 07:04:07', '2021-11-20 07:04:07', NULL),
(2, 'vehicle_licence', 'vehicle licence email content', '2021-11-20 07:04:07', '2021-11-20 07:04:07', NULL),
(3, 'driving_licence', 'driving licence email content', '2021-11-20 07:04:07', '2021-11-20 07:04:07', NULL),
(4, 'registration', 'vehicle registration email content', '2021-11-20 07:04:07', '2021-11-20 07:04:07', NULL),
(5, 'service_reminder', 'service reminder email content', '2021-11-20 07:04:07', '2021-11-20 07:04:07', NULL),
(6, 'users', '', '2021-11-20 07:04:07', '2021-11-20 07:04:07', NULL),
(7, 'options', '', '2021-11-20 07:04:07', '2021-11-20 07:04:07', NULL),
(8, 'email', '0', '2021-11-20 07:04:07', '2021-11-20 07:04:07', NULL);

-- --------------------------------------------------------

--
-- Table structure for table `expense`
--

CREATE TABLE `expense` (
  `id` int(10) UNSIGNED NOT NULL,
  `booking_id` int(11) NOT NULL,
  `vehicle_id` int(11) DEFAULT NULL,
  `exp_id` int(11) DEFAULT NULL,
  `type` varchar(10) NOT NULL DEFAULT 'e',
  `amount` double(10,2) NOT NULL DEFAULT 0.00,
  `driver_amount` double(10,2) DEFAULT NULL,
  `user_id` int(11) DEFAULT NULL,
  `expense_type` int(11) DEFAULT NULL,
  `comment` text DEFAULT NULL,
  `date` date DEFAULT NULL,
  `created_at` timestamp NULL DEFAULT NULL,
  `updated_at` timestamp NULL DEFAULT NULL,
  `deleted_at` timestamp NULL DEFAULT NULL,
  `vendor_id` int(11) DEFAULT NULL
) ENGINE=InnoDB DEFAULT CHARSET=utf8 COLLATE=utf8_unicode_ci;

--
-- Dumping data for table `expense`
--

INSERT INTO `expense` (`id`, `booking_id`, `vehicle_id`, `exp_id`, `type`, `amount`, `driver_amount`, `user_id`, `expense_type`, `comment`, `date`, `created_at`, `updated_at`, `deleted_at`, `vendor_id`) VALUES
(1, 0, 1, NULL, 'e', 1763.00, 0.00, 2, 1, 'Sample Comment', '2021-11-19', '2021-11-20 07:03:50', '2024-01-14 21:30:06', '2024-01-14 21:30:06', NULL),
(2, 0, 2, NULL, 'e', 1312.00, 0.00, 3, 4, 'Sample Comment', '2021-11-15', '2021-11-20 07:03:51', '2024-01-14 21:30:00', '2024-01-14 21:30:00', NULL),
(3, 0, 1, 1, 'e', 500.00, 0.00, 2, 8, 'Sample Comment', '2021-11-18', '2021-11-20 07:03:53', '2024-01-14 21:30:06', '2024-01-14 21:30:06', NULL),
(4, 0, 1, 2, 'e', 500.00, 0.00, 2, 8, 'Sample Comment', '2021-11-30', '2021-11-20 07:03:53', '2024-01-14 21:30:06', '2024-01-14 21:30:06', NULL),
(5, 0, 1, NULL, 'e', 200.00, NULL, 8, 4, 'test', '2023-12-26', '2023-12-25 22:06:07', '2024-01-14 21:30:06', '2024-01-14 21:30:06', 1),
(6, 0, 1, NULL, 'e', 200.00, NULL, 1, 10, NULL, '2023-12-27', '2023-12-25 22:15:49', '2024-01-14 21:30:06', '2024-01-14 21:30:06', NULL),
(7, 0, 1, NULL, 'e', 300.00, NULL, 1, 10, NULL, '2023-12-28', '2023-12-25 22:17:57', '2024-01-14 21:30:06', '2024-01-14 21:30:06', 2),
(8, 0, 1, NULL, 'e', 300.00, NULL, 1, 10, NULL, '2023-12-26', '2023-12-25 22:18:54', '2024-01-14 21:30:06', '2024-01-14 21:30:06', 1),
(9, 0, 1, NULL, 'e', 12.00, NULL, 1, 2, NULL, '2024-01-06', '2024-01-06 21:30:33', '2024-01-14 21:30:06', '2024-01-14 21:30:06', 1),
(10, 4, 1, NULL, 'e', 21.00, NULL, 1, 1, NULL, '2024-01-06', '2024-01-06 21:35:03', '2024-01-14 21:30:06', '2024-01-14 21:30:06', 1),
(11, 11, 1, NULL, 'e', 12.00, NULL, 1, 2, NULL, '2024-01-07', '2024-01-06 21:35:59', '2024-01-14 21:30:06', '2024-01-14 21:30:06', 1);

-- --------------------------------------------------------

--
-- Table structure for table `expense_cat`
--

CREATE TABLE `expense_cat` (
  `id` int(10) UNSIGNED NOT NULL,
  `name` varchar(100) DEFAULT NULL,
  `user_id` int(11) DEFAULT NULL,
  `type` varchar(5) DEFAULT NULL,
  `created_at` timestamp NULL DEFAULT NULL,
  `updated_at` timestamp NULL DEFAULT NULL,
  `deleted_at` timestamp NULL DEFAULT NULL
) ENGINE=InnoDB DEFAULT CHARSET=utf8 COLLATE=utf8_unicode_ci;

--
-- Dumping data for table `expense_cat`
--

INSERT INTO `expense_cat` (`id`, `name`, `user_id`, `type`, `created_at`, `updated_at`, `deleted_at`) VALUES
(1, 'Insurance', 1, 'd', '2021-11-20 07:03:54', '2021-11-20 07:03:54', NULL),
(2, 'Patente', 1, 'd', '2021-11-20 07:03:54', '2021-11-20 07:03:54', NULL),
(3, 'Mechanics', 1, 'd', '2021-11-20 07:03:55', '2021-11-20 07:03:55', NULL),
(4, 'Car wash', 1, 'd', '2021-11-20 07:03:55', '2021-11-20 07:03:55', NULL),
(5, 'Vignette', 1, 'd', '2021-11-20 07:03:55', '2021-11-20 07:03:55', NULL),
(6, 'Maintenance', 1, 'd', '2021-11-20 07:03:55', '2021-11-20 07:03:55', NULL),
(7, 'Parking', 1, 'd', '2021-11-20 07:03:55', '2021-11-20 07:03:55', NULL),
(8, 'Fuel', 1, 'd', '2021-11-20 07:03:55', '2021-11-20 07:03:55', NULL),
(9, 'Car Services', 1, 'd', '2021-11-20 07:03:55', '2021-11-20 07:03:55', NULL),
(10, 'Hotel', 1, 'u', '2023-12-25 22:15:14', '2023-12-25 22:15:14', NULL);

-- --------------------------------------------------------

--
-- Table structure for table `fare_settings`
--

CREATE TABLE `fare_settings` (
  `id` int(10) UNSIGNED NOT NULL,
  `key_name` varchar(255) DEFAULT NULL,
  `key_value` text DEFAULT NULL,
  `created_at` timestamp NULL DEFAULT NULL,
  `updated_at` timestamp NULL DEFAULT NULL,
  `deleted_at` timestamp NULL DEFAULT NULL,
  `type_id` int(11) DEFAULT NULL
) ENGINE=InnoDB DEFAULT CHARSET=utf8 COLLATE=utf8_unicode_ci;

--
-- Dumping data for table `fare_settings`
--

INSERT INTO `fare_settings` (`id`, `key_name`, `key_value`, `created_at`, `updated_at`, `deleted_at`, `type_id`) VALUES
(1, 'hatchback_base_fare', '500', '2021-11-20 07:03:59', '2021-11-20 07:03:59', NULL, 1),
(2, 'hatchback_base_km', '10', '2021-11-20 07:03:59', '2021-11-20 07:03:59', NULL, 1),
(3, 'hatchback_base_time', '2', '2021-11-20 07:03:59', '2021-11-20 07:03:59', NULL, 1),
(4, 'hatchback_std_fare', '20', '2021-11-20 07:03:59', '2021-11-20 07:03:59', NULL, 1),
(5, 'hatchback_weekend_base_fare', '500', '2021-11-20 07:03:59', '2021-11-20 07:03:59', NULL, 1),
(6, 'hatchback_weekend_base_km', '10', '2021-11-20 07:03:59', '2021-11-20 07:03:59', NULL, 1),
(7, 'hatchback_weekend_wait_time', '2', '2021-11-20 07:03:59', '2021-11-20 07:03:59', NULL, 1),
(8, 'hatchback_weekend_std_fare', '20', '2021-11-20 07:04:00', '2021-11-20 07:04:00', NULL, 1),
(9, 'hatchback_night_base_fare', '500', '2021-11-20 07:04:00', '2021-11-20 07:04:00', NULL, 1),
(10, 'hatchback_night_base_km', '10', '2021-11-20 07:04:00', '2021-11-20 07:04:00', NULL, 1),
(11, 'hatchback_night_wait_time', '2', '2021-11-20 07:04:00', '2021-11-20 07:04:00', NULL, 1),
(12, 'hatchback_night_std_fare', '20', '2021-11-20 07:04:00', '2021-11-20 07:04:00', NULL, 1),
(13, 'sedan_base_fare', '500', '2021-11-20 07:04:00', '2021-11-20 07:04:00', NULL, 2),
(14, 'sedan_base_km', '10', '2021-11-20 07:04:00', '2021-11-20 07:04:00', NULL, 2),
(15, 'sedan_base_time', '2', '2021-11-20 07:04:00', '2021-11-20 07:04:00', NULL, 2),
(16, 'sedan_std_fare', '20', '2021-11-20 07:04:01', '2021-11-20 07:04:01', NULL, 2),
(17, 'sedan_weekend_base_fare', '500', '2021-11-20 07:04:01', '2021-11-20 07:04:01', NULL, 2),
(18, 'sedan_weekend_base_km', '10', '2021-11-20 07:04:01', '2021-11-20 07:04:01', NULL, 2),
(19, 'sedan_weekend_wait_time', '2', '2021-11-20 07:04:01', '2021-11-20 07:04:01', NULL, 2),
(20, 'sedan_weekend_std_fare', '20', '2021-11-20 07:04:01', '2021-11-20 07:04:01', NULL, 2),
(21, 'sedan_night_base_fare', '500', '2021-11-20 07:04:01', '2021-11-20 07:04:01', NULL, 2),
(22, 'sedan_night_base_km', '10', '2021-11-20 07:04:01', '2021-11-20 07:04:01', NULL, 2),
(23, 'sedan_night_wait_time', '2', '2021-11-20 07:04:01', '2021-11-20 07:04:01', NULL, 2),
(24, 'sedan_night_std_fare', '20', '2021-11-20 07:04:02', '2021-11-20 07:04:02', NULL, 2),
(25, 'minivan_base_fare', '500', '2021-11-20 07:04:02', '2021-11-20 07:04:02', NULL, 3),
(26, 'minivan_base_km', '10', '2021-11-20 07:04:02', '2021-11-20 07:04:02', NULL, 3),
(27, 'minivan_base_time', '2', '2021-11-20 07:04:02', '2021-11-20 07:04:02', NULL, 3),
(28, 'minivan_std_fare', '20', '2021-11-20 07:04:02', '2021-11-20 07:04:02', NULL, 3),
(29, 'minivan_weekend_base_fare', '500', '2021-11-20 07:04:03', '2021-11-20 07:04:03', NULL, 3),
(30, 'minivan_weekend_base_km', '10', '2021-11-20 07:04:03', '2021-11-20 07:04:03', NULL, 3),
(31, 'minivan_weekend_wait_time', '2', '2021-11-20 07:04:03', '2021-11-20 07:04:03', NULL, 3),
(32, 'minivan_weekend_std_fare', '20', '2021-11-20 07:04:03', '2021-11-20 07:04:03', NULL, 3),
(33, 'minivan_night_base_fare', '500', '2021-11-20 07:04:03', '2021-11-20 07:04:03', NULL, 3),
(34, 'minivan_night_base_km', '10', '2021-11-20 07:04:03', '2021-11-20 07:04:03', NULL, 3),
(35, 'minivan_night_wait_time', '2', '2021-11-20 07:04:03', '2021-11-20 07:04:03', NULL, 3),
(36, 'minivan_night_std_fare', '20', '2021-11-20 07:04:03', '2021-11-20 07:04:03', NULL, 3),
(37, 'saloon_base_fare', '500', '2021-11-20 07:04:03', '2021-11-20 07:04:03', NULL, 4),
(38, 'saloon_base_km', '10', '2021-11-20 07:04:03', '2021-11-20 07:04:03', NULL, 4),
(39, 'saloon_base_time', '2', '2021-11-20 07:04:04', '2021-11-20 07:04:04', NULL, 4),
(40, 'saloon_std_fare', '20', '2021-11-20 07:04:04', '2021-11-20 07:04:04', NULL, 4),
(41, 'saloon_weekend_base_fare', '500', '2021-11-20 07:04:04', '2021-11-20 07:04:04', NULL, 4),
(42, 'saloon_weekend_base_km', '10', '2021-11-20 07:04:04', '2021-11-20 07:04:04', NULL, 4),
(43, 'saloon_weekend_wait_time', '2', '2021-11-20 07:04:04', '2021-11-20 07:04:04', NULL, 4),
(44, 'saloon_weekend_std_fare', '20', '2021-11-20 07:04:04', '2021-11-20 07:04:04', NULL, 4),
(45, 'saloon_night_base_fare', '500', '2021-11-20 07:04:04', '2021-11-20 07:04:04', NULL, 4),
(46, 'saloon_night_base_km', '10', '2021-11-20 07:04:04', '2021-11-20 07:04:04', NULL, 4),
(47, 'saloon_night_wait_time', '2', '2021-11-20 07:04:04', '2021-11-20 07:04:04', NULL, 4),
(48, 'saloon_night_std_fare', '20', '2021-11-20 07:04:04', '2021-11-20 07:04:04', NULL, 4),
(49, 'suv_base_fare', '500', '2021-11-20 07:04:04', '2021-11-20 07:04:04', NULL, 5),
(50, 'suv_base_km', '10', '2021-11-20 07:04:04', '2021-11-20 07:04:04', NULL, 5),
(51, 'suv_base_time', '2', '2021-11-20 07:04:04', '2021-11-20 07:04:04', NULL, 5),
(52, 'suv_std_fare', '20', '2021-11-20 07:04:04', '2021-11-20 07:04:04', NULL, 5),
(53, 'suv_weekend_base_fare', '500', '2021-11-20 07:04:04', '2021-11-20 07:04:04', NULL, 5),
(54, 'suv_weekend_base_km', '10', '2021-11-20 07:04:05', '2021-11-20 07:04:05', NULL, 5),
(55, 'suv_weekend_wait_time', '2', '2021-11-20 07:04:05', '2021-11-20 07:04:05', NULL, 5),
(56, 'suv_weekend_std_fare', '20', '2021-11-20 07:04:05', '2021-11-20 07:04:05', NULL, 5),
(57, 'suv_night_base_fare', '500', '2021-11-20 07:04:05', '2021-11-20 07:04:05', NULL, 5),
(58, 'suv_night_base_km', '10', '2021-11-20 07:04:05', '2021-11-20 07:04:05', NULL, 5),
(59, 'suv_night_wait_time', '2', '2021-11-20 07:04:05', '2021-11-20 07:04:05', NULL, 5),
(60, 'suv_night_std_fare', '20', '2021-11-20 07:04:05', '2021-11-20 07:04:05', NULL, 5),
(61, 'bus_base_fare', '500', '2021-11-20 07:04:05', '2021-11-20 07:04:05', NULL, 6),
(62, 'bus_base_km', '10', '2021-11-20 07:04:05', '2021-11-20 07:04:05', NULL, 6),
(63, 'bus_base_time', '2', '2021-11-20 07:04:05', '2021-11-20 07:04:05', NULL, 6),
(64, 'bus_std_fare', '20', '2021-11-20 07:04:05', '2021-11-20 07:04:05', NULL, 6),
(65, 'bus_weekend_base_fare', '500', '2021-11-20 07:04:05', '2021-11-20 07:04:05', NULL, 6),
(66, 'bus_weekend_base_km', '10', '2021-11-20 07:04:05', '2021-11-20 07:04:05', NULL, 6),
(67, 'bus_weekend_wait_time', '2', '2021-11-20 07:04:05', '2021-11-20 07:04:05', NULL, 6),
(68, 'bus_weekend_std_fare', '20', '2021-11-20 07:04:05', '2021-11-20 07:04:05', NULL, 6),
(69, 'bus_night_base_fare', '500', '2021-11-20 07:04:05', '2021-11-20 07:04:05', NULL, 6),
(70, 'bus_night_base_km', '10', '2021-11-20 07:04:05', '2021-11-20 07:04:05', NULL, 6),
(71, 'bus_night_wait_time', '2', '2021-11-20 07:04:05', '2021-11-20 07:04:05', NULL, 6),
(72, 'bus_night_std_fare', '20', '2021-11-20 07:04:05', '2021-11-20 07:04:05', NULL, 6),
(73, 'truck_base_fare', '500', '2021-11-20 07:04:06', '2021-11-20 07:04:06', NULL, 7),
(74, 'truck_base_km', '10', '2021-11-20 07:04:06', '2021-11-20 07:04:06', NULL, 7),
(75, 'truck_base_time', '2', '2021-11-20 07:04:06', '2021-11-20 07:04:06', NULL, 7),
(76, 'truck_std_fare', '20', '2021-11-20 07:04:06', '2021-11-20 07:04:06', NULL, 7),
(77, 'truck_weekend_base_fare', '500', '2021-11-20 07:04:06', '2021-11-20 07:04:06', NULL, 7),
(78, 'truck_weekend_base_km', '10', '2021-11-20 07:04:06', '2021-11-20 07:04:06', NULL, 7),
(79, 'truck_weekend_wait_time', '2', '2021-11-20 07:04:06', '2021-11-20 07:04:06', NULL, 7),
(80, 'truck_weekend_std_fare', '20', '2021-11-20 07:04:06', '2021-11-20 07:04:06', NULL, 7),
(81, 'truck_night_base_fare', '500', '2021-11-20 07:04:06', '2021-11-20 07:04:06', NULL, 7),
(82, 'truck_night_base_km', '10', '2021-11-20 07:04:06', '2021-11-20 07:04:06', NULL, 7),
(83, 'truck_night_wait_time', '2', '2021-11-20 07:04:06', '2021-11-20 07:04:06', NULL, 7),
(84, 'truck_night_std_fare', '20', '2021-11-20 07:04:06', '2021-11-20 07:04:06', NULL, 7);

-- --------------------------------------------------------

--
-- Table structure for table `frontend`
--

CREATE TABLE `frontend` (
  `id` int(10) UNSIGNED NOT NULL,
  `key_name` varchar(255) DEFAULT NULL,
  `key_value` text DEFAULT NULL,
  `created_at` timestamp NULL DEFAULT NULL,
  `updated_at` timestamp NULL DEFAULT NULL,
  `deleted_at` timestamp NULL DEFAULT NULL
) ENGINE=InnoDB DEFAULT CHARSET=utf8 COLLATE=utf8_unicode_ci;

--
-- Dumping data for table `frontend`
--

INSERT INTO `frontend` (`id`, `key_name`, `key_value`, `created_at`, `updated_at`, `deleted_at`) VALUES
(1, 'about_us', 'Lorem ipsum dolor sit amet, consectetur adipiscing elit, sed do eiusmod tempor incididunt ut labore et dolore magna aliqua.', '2021-11-20 07:04:08', '2021-11-20 07:04:08', NULL),
(2, 'contact_email', 'master@admin.com', '2021-11-20 07:04:08', '2021-11-20 07:04:08', NULL),
(3, 'contact_phone', '0123456789', '2021-11-20 07:04:08', '2021-11-20 07:04:08', NULL),
(4, 'customer_support', '0999988888', '2021-11-20 07:04:08', '2021-11-20 07:04:08', NULL),
(5, 'about_description', 'Lorem ipsum dolor sit amet, consectetur adipiscing elit, sed do eiusmod tempor incididunt ut labore et dolore magna aliqua.', '2021-11-20 07:04:08', '2021-11-20 07:04:08', NULL),
(6, 'about_title', 'Proudly serving you', '2021-11-20 07:04:08', '2021-11-20 07:04:08', NULL),
(7, 'facebook', NULL, '2021-11-20 07:04:08', '2021-11-20 07:04:08', NULL),
(8, 'twitter', NULL, '2021-11-20 07:04:08', '2021-11-20 07:04:08', NULL),
(9, 'instagram', NULL, '2021-11-20 07:04:08', '2021-11-20 07:04:08', NULL),
(10, 'linkedin', NULL, '2021-11-20 07:04:08', '2021-11-20 07:04:08', NULL),
(11, 'faq_link', NULL, '2021-11-20 07:04:08', '2021-11-20 07:04:08', NULL),
(12, 'cities', '5', '2021-11-20 07:04:08', '2021-11-20 07:04:08', NULL),
(13, 'vehicles', '10', '2021-11-20 07:04:08', '2021-11-20 07:04:08', NULL),
(14, 'cancellation', NULL, '2021-11-20 07:04:08', '2021-11-20 07:04:08', NULL),
(15, 'terms', NULL, '2021-11-20 07:04:09', '2021-11-20 07:04:09', NULL),
(16, 'privacy_policy', NULL, '2021-11-20 07:04:09', '2021-11-20 07:04:09', NULL),
(17, 'enable', '1', '2021-11-20 07:04:09', '2021-11-20 07:04:09', NULL),
(18, 'language', 'English-en', '2021-11-20 07:04:09', '2021-11-20 07:04:09', NULL),
(19, 'admin_approval', '1', '2021-11-20 07:04:09', '2021-11-20 07:04:09', NULL),
(20, 'booking_time', '1', '2022-01-05 16:00:09', '2022-01-05 16:00:09', NULL);

-- --------------------------------------------------------

--
-- Table structure for table `fuel`
--

CREATE TABLE `fuel` (
  `id` int(10) UNSIGNED NOT NULL,
  `vehicle_id` int(11) DEFAULT NULL,
  `user_id` int(11) DEFAULT NULL,
  `start_meter` varchar(255) DEFAULT NULL,
  `end_meter` varchar(255) DEFAULT NULL,
  `reference` varchar(255) DEFAULT NULL,
  `province` varchar(255) DEFAULT NULL,
  `note` text DEFAULT NULL,
  `vendor_name` varchar(255) DEFAULT NULL,
  `qty` double(10,2) DEFAULT NULL,
  `fuel_from` varchar(255) DEFAULT NULL,
  `cost_per_unit` varchar(255) DEFAULT NULL,
  `consumption` int(11) DEFAULT NULL,
  `complete` int(11) DEFAULT 0,
  `date` date DEFAULT NULL,
  `image` varchar(255) DEFAULT NULL,
  `created_at` timestamp NULL DEFAULT NULL,
  `updated_at` timestamp NULL DEFAULT NULL,
  `deleted_at` timestamp NULL DEFAULT NULL
) ENGINE=InnoDB DEFAULT CHARSET=utf8 COLLATE=utf8_unicode_ci;

--
-- Dumping data for table `fuel`
--

INSERT INTO `fuel` (`id`, `vehicle_id`, `user_id`, `start_meter`, `end_meter`, `reference`, `province`, `note`, `vendor_name`, `qty`, `fuel_from`, `cost_per_unit`, `consumption`, `complete`, `date`, `image`, `created_at`, `updated_at`, `deleted_at`) VALUES
(1, 1, 2, '1000', '2000', NULL, 'Gujarat', 'sample note', NULL, 10.00, 'Fuel Tank', '50', 100, 0, '2021-11-18', NULL, '2021-11-20 07:03:53', '2024-01-14 21:30:06', '2024-01-14 21:30:06'),
(2, 1, 2, '2000', '0', NULL, 'Gujarat', 'sample note', NULL, 10.00, 'Fuel Tank', '50', 0, 0, '2021-11-30', NULL, '2021-11-20 07:03:53', '2024-01-14 21:30:06', '2024-01-14 21:30:06');

-- --------------------------------------------------------

--
-- Table structure for table `income`
--

CREATE TABLE `income` (
  `id` int(10) UNSIGNED NOT NULL,
  `vehicle_id` int(11) DEFAULT NULL,
  `income_id` int(11) DEFAULT NULL,
  `amount` double(10,2) NOT NULL DEFAULT 0.00,
  `driver_amount` double(10,2) DEFAULT NULL,
  `user_id` int(11) DEFAULT NULL,
  `income_cat` int(11) DEFAULT NULL,
  `mileage` int(11) DEFAULT NULL,
  `date` date DEFAULT NULL,
  `created_at` timestamp NULL DEFAULT NULL,
  `updated_at` timestamp NULL DEFAULT NULL,
  `deleted_at` timestamp NULL DEFAULT NULL,
  `tax_percent` double(10,2) DEFAULT NULL,
  `tax_charge_rs` double(10,2) DEFAULT NULL
) ENGINE=InnoDB DEFAULT CHARSET=utf8 COLLATE=utf8_unicode_ci;

--
-- Dumping data for table `income`
--

INSERT INTO `income` (`id`, `vehicle_id`, `income_id`, `amount`, `driver_amount`, `user_id`, `income_cat`, `mileage`, `date`, `created_at`, `updated_at`, `deleted_at`, `tax_percent`, `tax_charge_rs`) VALUES
(1, 1, NULL, 4018.00, 0.00, 2, 1, NULL, '2021-11-15', '2021-11-20 07:03:50', '2024-01-14 21:30:06', '2024-01-14 21:30:06', 0.00, 0.00),
(2, 2, NULL, 3801.00, 0.00, 3, 1, NULL, '2021-11-19', '2021-11-20 07:03:51', '2024-01-14 21:30:00', '2024-01-14 21:30:00', 0.00, 0.00),
(3, 1, 1, 500.00, 0.00, 1, 1, 10, '2021-11-20', '2021-11-20 07:03:51', '2024-01-14 21:30:06', '2024-01-14 21:30:06', 0.00, 0.00),
(4, 1, 2, 500.00, 500.00, 5, 1, 10, '2023-12-23', '2023-12-23 21:34:45', '2024-01-14 21:30:06', '2024-01-14 21:30:06', 0.00, 0.00),
(5, 1, 5, 500.00, 500.00, 9, 1, 10, '2023-12-25', '2023-12-25 20:46:28', '2024-01-14 21:30:06', '2024-01-14 21:30:06', 0.00, 0.00),
(6, 1, 6, 500.00, NULL, 5, 1, 10, '2023-12-25', '2023-12-25 21:39:26', '2024-01-14 21:30:06', '2024-01-14 21:30:06', 0.00, 0.00),
(7, 1, 9, 0.00, NULL, 4, 1, 200, '2024-01-06', '2024-01-06 16:38:32', '2024-01-14 21:30:06', '2024-01-14 21:30:06', 0.00, 0.00),
(8, 2, 8, 500.00, 500.00, 9, 1, NULL, '2024-01-06', '2024-01-06 17:10:29', '2024-01-14 21:30:00', '2024-01-14 21:30:00', NULL, NULL),
(9, 2, 10, 100.00, NULL, 4, 1, NULL, '2024-01-06', '2024-01-06 19:06:54', '2024-01-14 21:30:00', '2024-01-14 21:30:00', NULL, NULL),
(10, 1, 11, 200.00, NULL, 4, 1, NULL, '2024-01-06', '2024-01-06 19:24:51', '2024-01-14 21:30:06', '2024-01-14 21:30:06', NULL, NULL),
(11, 3, 12, 2600.00, NULL, 4, 1, NULL, '2024-01-06', '2024-01-06 21:08:38', '2024-01-11 12:47:48', '2024-01-11 12:47:48', NULL, NULL),
(12, 3, 13, 7800.00, NULL, 4, 1, NULL, '2024-01-08', '2024-01-08 00:20:24', '2024-01-11 12:47:48', '2024-01-11 12:47:48', NULL, NULL),
(13, 4, 14, 660.00, NULL, 10, 1, NULL, '2024-01-16', '2024-01-16 21:43:45', '2024-01-16 21:43:45', NULL, NULL, NULL),
(14, 3, 15, 8450.00, NULL, 10, 1, NULL, '2024-01-16', '2024-01-16 21:57:41', '2024-01-16 22:20:25', '2024-01-16 22:20:25', NULL, NULL);

-- --------------------------------------------------------

--
-- Table structure for table `income_cat`
--

CREATE TABLE `income_cat` (
  `id` int(10) UNSIGNED NOT NULL,
  `name` varchar(100) DEFAULT NULL,
  `user_id` int(11) DEFAULT NULL,
  `type` varchar(5) DEFAULT NULL,
  `created_at` timestamp NULL DEFAULT NULL,
  `updated_at` timestamp NULL DEFAULT NULL,
  `deleted_at` timestamp NULL DEFAULT NULL
) ENGINE=InnoDB DEFAULT CHARSET=utf8 COLLATE=utf8_unicode_ci;

--
-- Dumping data for table `income_cat`
--

INSERT INTO `income_cat` (`id`, `name`, `user_id`, `type`, `created_at`, `updated_at`, `deleted_at`) VALUES
(1, 'Booking', 1, 'd', '2021-11-20 07:03:54', '2021-11-20 07:03:54', NULL);

-- --------------------------------------------------------

--
-- Table structure for table `limousine_booking`
--

CREATE TABLE `limousine_booking` (
  `id` int(11) NOT NULL,
  `booking_id` int(11) NOT NULL,
  `city_from_id` int(11) DEFAULT NULL,
  `duration_id` int(11) DEFAULT NULL,
  `pickup` timestamp NULL DEFAULT NULL,
  `dropoff` timestamp NULL DEFAULT NULL,
  `duration` int(11) DEFAULT NULL,
  `created_at` timestamp NULL DEFAULT NULL,
  `updated_at` timestamp NULL DEFAULT NULL,
  `deleted_at` timestamp NULL DEFAULT NULL
) ENGINE=InnoDB DEFAULT CHARSET=utf8 COLLATE=utf8_general_ci;

--
-- Dumping data for table `limousine_booking`
--

INSERT INTO `limousine_booking` (`id`, `booking_id`, `city_from_id`, `duration_id`, `pickup`, `dropoff`, `duration`, `created_at`, `updated_at`, `deleted_at`) VALUES
(1, 55, 4, 4, '2024-01-10 21:56:31', '2024-01-10 23:56:54', 120, '2024-01-07 22:23:12', '2024-01-07 22:23:12', NULL),
(2, 55, 5, 5, '2024-01-11 21:56:31', '2024-01-11 23:56:54', 120, '2024-01-07 22:23:12', '2024-01-07 22:23:12', NULL),
(3, 56, 4, 4, '2024-01-10 21:56:31', '2024-01-10 23:56:54', 120, '2024-01-07 22:35:23', '2024-01-07 22:35:23', NULL),
(4, 56, 5, 5, '2024-01-11 21:56:31', '2024-01-11 23:56:54', 120, '2024-01-07 22:35:23', '2024-01-07 22:35:23', NULL),
(5, 57, 4, 4, '2024-01-10 21:56:31', '2024-01-10 23:56:54', 120, '2024-01-07 22:35:42', '2024-01-07 22:35:42', NULL),
(6, 57, 5, 5, '2024-01-11 21:56:31', '2024-01-11 23:56:54', 120, '2024-01-07 22:35:42', '2024-01-07 22:35:42', NULL),
(7, 58, 4, 4, '2024-01-10 21:56:31', '2024-01-10 23:56:54', 120, '2024-01-07 22:36:54', '2024-01-07 22:36:54', NULL),
(8, 58, 5, 5, '2024-01-11 21:56:31', '2024-01-11 23:56:54', 120, '2024-01-07 22:36:54', '2024-01-07 22:36:54', NULL),
(9, 59, 4, 4, '2024-01-10 21:56:31', '2024-01-10 23:56:54', 120, '2024-01-07 22:37:37', '2024-01-07 22:37:37', NULL),
(10, 59, 5, 5, '2024-01-11 21:56:31', '2024-01-11 23:56:54', 120, '2024-01-07 22:37:37', '2024-01-07 22:37:37', NULL),
(11, 60, 4, 4, '2024-01-10 21:56:31', '2024-01-10 23:56:54', 120, '2024-01-07 22:38:08', '2024-01-07 22:38:08', NULL),
(12, 60, 5, 5, '2024-01-11 21:56:31', '2024-01-11 23:56:54', 120, '2024-01-07 22:38:08', '2024-01-07 22:38:08', NULL),
(13, 61, 7, 4, '2024-01-14 23:07:52', '2024-01-18 23:07:52', 5760, '2024-01-07 23:09:18', '2024-01-07 23:09:18', NULL),
(14, 61, 8, 4, '2024-01-18 23:07:52', '2024-01-22 23:07:52', 5760, '2024-01-07 23:09:18', '2024-01-07 23:09:18', NULL),
(15, 62, 7, 4, '2024-01-14 23:07:52', '2024-01-18 23:07:52', 5760, '2024-01-07 23:09:48', '2024-01-07 23:09:48', NULL),
(16, 62, 8, 4, '2024-01-18 23:07:52', '2024-01-22 23:07:52', 5760, '2024-01-07 23:09:48', '2024-01-07 23:09:48', NULL),
(17, 63, 7, 4, '2024-01-14 23:07:52', '2024-01-18 23:07:52', 5760, '2024-01-07 23:12:05', '2024-01-07 23:12:05', NULL),
(18, 63, 8, 4, '2024-01-18 23:07:52', '2024-01-22 23:07:52', 5760, '2024-01-07 23:12:05', '2024-01-07 23:12:05', NULL),
(19, 64, 7, 4, '2024-01-14 23:07:52', '2024-01-18 23:07:52', 5760, '2024-01-07 23:13:13', '2024-01-07 23:13:13', NULL),
(20, 64, 8, 4, '2024-01-18 23:07:52', '2024-01-22 23:07:52', 5760, '2024-01-07 23:13:13', '2024-01-07 23:13:13', NULL),
(21, 65, 7, 4, '2024-01-14 23:07:52', '2024-01-18 23:07:52', 5760, '2024-01-07 23:17:21', '2024-01-07 23:17:21', NULL),
(22, 65, 8, 4, '2024-01-18 23:07:52', '2024-01-22 23:07:52', 5760, '2024-01-07 23:17:21', '2024-01-07 23:17:21', NULL),
(23, 66, 7, 4, '2024-01-14 23:07:52', '2024-01-18 23:07:52', 5760, '2024-01-07 23:18:09', '2024-01-07 23:18:09', NULL),
(24, 66, 8, 4, '2024-01-18 23:07:52', '2024-01-22 23:07:52', 5760, '2024-01-07 23:18:09', '2024-01-07 23:18:09', NULL),
(25, 67, 7, 4, '2024-01-14 23:07:52', '2024-01-18 23:07:52', 5760, '2024-01-07 23:20:11', '2024-01-07 23:20:11', NULL),
(26, 67, 8, 4, '2024-01-18 23:07:52', '2024-01-22 23:07:52', 5760, '2024-01-07 23:20:11', '2024-01-07 23:20:11', NULL),
(27, 68, 7, 4, '2024-01-14 23:07:52', '2024-01-18 23:07:52', 5760, '2024-01-07 23:20:32', '2024-01-07 23:20:32', NULL),
(28, 68, 8, 4, '2024-01-18 23:07:52', '2024-01-22 23:07:52', 5760, '2024-01-07 23:20:32', '2024-01-07 23:20:32', NULL),
(29, 69, 7, 4, '2024-01-14 23:07:52', '2024-01-18 23:07:52', 5760, '2024-01-07 23:25:23', '2024-01-07 23:25:23', NULL),
(30, 69, 8, 4, '2024-01-18 23:07:52', '2024-01-22 23:07:52', 5760, '2024-01-07 23:25:23', '2024-01-07 23:25:23', NULL),
(31, 70, 7, 4, '2024-01-14 23:07:52', '2024-01-18 23:07:52', 5760, '2024-01-07 23:26:57', '2024-01-07 23:26:57', NULL),
(32, 70, 8, 4, '2024-01-18 23:07:52', '2024-01-22 23:07:52', 5760, '2024-01-07 23:26:57', '2024-01-07 23:26:57', NULL),
(33, 75, 68, 4, '2024-03-01 21:49:59', '2024-03-05 21:49:59', 5760, '2024-01-16 21:56:20', '2024-01-16 21:56:20', NULL),
(34, 75, 102, 4, '2024-03-05 21:49:59', '2024-03-09 21:49:59', 5760, '2024-01-16 21:56:20', '2024-01-16 21:56:20', NULL),
(35, 76, 68, 4, '2024-03-01 22:20:39', '2024-03-05 22:20:39', 5760, '2024-01-16 22:23:00', '2024-01-16 22:23:00', NULL),
(36, 76, 102, 4, '2024-03-05 22:20:39', '2024-03-09 22:20:39', 5760, '2024-01-16 22:23:00', '2024-01-16 22:23:00', NULL),
(37, 81, 81, 4, '2024-01-20 22:41:20', '2024-01-25 00:44:02', 5882, '2024-01-20 22:44:09', '2024-01-20 22:44:09', NULL);

-- --------------------------------------------------------

--
-- Table structure for table `mechanics`
--

CREATE TABLE `mechanics` (
  `id` bigint(20) UNSIGNED NOT NULL,
  `user_id` int(11) DEFAULT NULL,
  `name` varchar(255) DEFAULT NULL,
  `email` varchar(255) DEFAULT NULL,
  `contact_number` varchar(255) DEFAULT NULL,
  `category` varchar(255) DEFAULT NULL,
  `deleted_at` timestamp NULL DEFAULT NULL,
  `created_at` timestamp NULL DEFAULT NULL,
  `updated_at` timestamp NULL DEFAULT NULL
) ENGINE=InnoDB DEFAULT CHARSET=utf8 COLLATE=utf8_unicode_ci;

--
-- Dumping data for table `mechanics`
--

INSERT INTO `mechanics` (`id`, `user_id`, `name`, `email`, `contact_number`, `category`, `deleted_at`, `created_at`, `updated_at`) VALUES
(1, 1, 'Tracy Lakin', 'connelly.mckenna@example.com', '1-350-561-3982 x177', 'Electrical Engineering', NULL, '2021-11-20 07:04:11', '2021-11-20 07:04:11'),
(2, 1, 'Theresa Toy', 'chris.haley@example.net', '734-670-6060', 'Electrical Engineering', NULL, '2021-11-20 07:04:12', '2021-11-20 07:04:12');

-- --------------------------------------------------------

--
-- Table structure for table `message`
--

CREATE TABLE `message` (
  `id` int(10) UNSIGNED NOT NULL,
  `fcm_id` varchar(255) DEFAULT NULL,
  `user_id` int(11) DEFAULT NULL,
  `message` text DEFAULT NULL,
  `deleted_at` timestamp NULL DEFAULT NULL,
  `created_at` timestamp NULL DEFAULT NULL,
  `updated_at` timestamp NULL DEFAULT NULL,
  `name` varchar(255) DEFAULT NULL,
  `email` varchar(255) DEFAULT NULL
) ENGINE=InnoDB DEFAULT CHARSET=utf8 COLLATE=utf8_unicode_ci;

-- --------------------------------------------------------

--
-- Table structure for table `messages`
--

CREATE TABLE `messages` (
  `id` int(10) UNSIGNED NOT NULL,
  `from_user` int(10) UNSIGNED DEFAULT NULL,
  `to_user` int(10) UNSIGNED DEFAULT NULL,
  `content` text NOT NULL,
  `created_at` timestamp NULL DEFAULT NULL,
  `updated_at` timestamp NULL DEFAULT NULL
) ENGINE=InnoDB DEFAULT CHARSET=utf8 COLLATE=utf8_unicode_ci;

-- --------------------------------------------------------

--
-- Table structure for table `migrations`
--

CREATE TABLE `migrations` (
  `id` int(10) UNSIGNED NOT NULL,
  `migration` varchar(255) NOT NULL,
  `batch` int(11) NOT NULL
) ENGINE=InnoDB DEFAULT CHARSET=utf8 COLLATE=utf8_unicode_ci;

--
-- Dumping data for table `migrations`
--

INSERT INTO `migrations` (`id`, `migration`, `batch`) VALUES
(1, '2016_06_01_000001_create_oauth_auth_codes_table', 1),
(2, '2016_06_01_000002_create_oauth_access_tokens_table', 1),
(3, '2016_06_01_000003_create_oauth_refresh_tokens_table', 1),
(4, '2016_06_01_000004_create_oauth_clients_table', 1),
(5, '2016_06_01_000005_create_oauth_personal_access_clients_table', 1),
(6, '2017_06_03_134331_create_expense_table', 1),
(7, '2017_06_03_134332_create_expense_cat_table', 1),
(8, '2017_06_03_134332_create_income_table', 1),
(9, '2017_06_03_134333_create_income_cat_table', 1),
(10, '2017_06_03_134336_create_password_resets_table', 1),
(11, '2017_06_03_134337_create_users_table', 1),
(12, '2017_06_03_134338_create_vehicles_table', 1),
(13, '2017_07_24_080537_create_booking_table', 1),
(14, '2017_07_24_080643_create_settings_table', 1),
(15, '2017_08_01_073926_create_booking_income_table', 1),
(16, '2017_10_30_064357_create_notifications_table', 1),
(17, '2017_10_30_094858_create_fuel_table', 1),
(18, '2017_11_09_105729_create_vendors_table', 1),
(19, '2017_11_10_062609_create_work_orders_table', 1),
(20, '2017_11_10_095438_create_notes_table', 1),
(21, '2017_11_22_093559_create_vehicle_group_table', 1),
(22, '2017_12_28_091600_create_service_items_table', 1),
(23, '2017_12_28_122952_create_service_reminder_table', 1),
(24, '2017_12_28_174333_create_api_settings_table', 1),
(25, '2018_01_08_062105_create_driver_vehicle_table', 1),
(26, '2018_01_10_130517_users_meta', 1),
(27, '2018_01_13_050018_bookings_meta', 1),
(28, '2018_01_16_095657_fare_settings', 1),
(29, '2018_01_25_050939_create_vehicles_meta_table', 1),
(30, '2018_02_06_052302_create_message_table', 1),
(31, '2018_02_06_125252_create_reviews_table', 1),
(32, '2018_03_13_124424_create_addresses_table', 1),
(33, '2018_03_28_085735_create_reasons_table', 1),
(34, '2018_04_28_073004_create_email_content_table', 1),
(35, '2018_08_14_061757_create_vehicle_review_table', 1),
(36, '2019_01_18_063916_add_vendor_id_to_expense', 1),
(37, '2019_01_19_080738_add_udf_to_vendors', 1),
(38, '2019_01_19_103826_create_parts_table', 1),
(39, '2019_01_19_110823_create_vehicle_types_table', 1),
(40, '2019_01_22_101948_create_driver_logs_table', 1),
(41, '2019_01_23_113852_add_type_id_to_vehicles_table', 1),
(42, '2019_01_24_095115_add_type_id_to_fare_settings_table', 1),
(43, '2019_04_12_092111_create_parts_category_table', 1),
(44, '2019_04_19_053314_create_work_order_logs_table', 1),
(45, '2019_05_13_062039_create_push_notification_table', 1),
(46, '2019_07_18_110031_add_column_to_vendors', 1),
(47, '2019_07_31_082514_create_testimonials_table', 1),
(48, '2019_07_31_102801_create_frontend_table', 1),
(49, '2019_08_01_045837_add_columns_to_message_table', 1),
(50, '2019_08_19_101509_create_booking_quotation_table', 1),
(51, '2019_08_22_052138_create_parts_used_table', 1),
(52, '2019_08_22_113138_add_parts_price_to_work_order_logs_table', 1),
(53, '2019_08_29_104613_create_company_services_table', 1),
(54, '2019_09_16_085700_create_teams_table', 1),
(55, '2019_12_10_083547_add_columns_to_booking_quotation_table', 1),
(56, '2019_12_16_064152_add_indexes_to_users_table', 1),
(57, '2019_12_16_064951_add_indexes_to_addresses_table', 1),
(58, '2019_12_16_065511_add_indexes_to_bookings_table', 1),
(59, '2019_12_16_083315_add_indexes_to_booking_income_table', 1),
(60, '2019_12_16_084539_add_indexes_to_booking_quotation_table', 1),
(61, '2019_12_16_085312_add_indexes_to_driver_logs_table', 1),
(62, '2019_12_16_085505_add_indexes_to_driver_vehicle_table', 1),
(63, '2019_12_16_091010_add_indexes_to_email_content_table', 1),
(64, '2019_12_16_091713_add_indexes_to_expense_table', 1),
(65, '2019_12_16_094305_add_indexes_to_expense_cat_table', 1),
(66, '2019_12_16_094651_add_indexes_to_fare_settings_table', 1),
(67, '2019_12_16_095024_add_indexes_to_frontend_table', 1),
(68, '2019_12_16_095339_add_indexes_to_fuel_table', 1),
(69, '2019_12_16_095634_add_indexes_to_income_table', 1),
(70, '2019_12_16_095953_add_indexes_to_income_cat_table', 1),
(71, '2019_12_16_100221_add_indexes_to_notes_table', 1),
(72, '2019_12_16_100437_add_indexes_to_notifications_table', 1),
(73, '2019_12_16_100545_add_indexes_to_parts_table', 1),
(74, '2019_12_16_101113_add_indexes_to_parts_used_table', 1),
(75, '2019_12_16_101540_add_indexes_to_push_notification_table', 1),
(76, '2019_12_16_101851_add_indexes_to_reviews_table', 1),
(77, '2019_12_16_102259_add_indexes_to_service_reminder_table', 1),
(78, '2019_12_16_102555_add_indexes_to_vehicles_table', 1),
(79, '2019_12_16_104209_add_indexes_to_vehicle_review_table', 1),
(80, '2019_12_16_104440_add_indexes_to_vendors_table', 1),
(81, '2019_12_16_104704_add_indexes_to_work_orders_table', 1),
(82, '2019_12_16_105013_add_indexes_to_work_order_logs_table', 1),
(83, '2019_12_16_115309_add_indexes_to_api_settings_table', 1),
(84, '2019_12_17_080649_add_taxes_to_income_table', 1),
(85, '2019_12_19_052248_create_payment_settings_table', 1),
(86, '2019_12_19_063520_create_booking_payments_table', 1),
(87, '2021_01_04_113449_create_twilio_settings_table', 1),
(88, '2021_06_29_052236_add_udf_field_to_vehicle_review_table', 1),
(89, '2021_06_29_115538_create_mechanics_table', 1),
(90, '2021_07_02_051340_create_permission_tables', 1),
(91, '2021_07_02_052117_add_mechanic_work_order_table', 1),
(92, '2021_07_02_055514_add_mechanic_work_order_log_table', 1),
(93, '2021_07_22_071412_create_push_subscriptions_table', 1),
(94, '2021_07_22_113433_add_provider_to_oauth_clients_table', 1),
(95, '2021_08_27_121756_add_user_id_to_mechanics_table', 1),
(96, '2021_08_27_121856_add_user_id_to_parts_category_table', 1),
(97, '2021_08_27_121941_add_user_id_to_service_items_table', 1),
(98, '2021_08_27_122008_add_user_id_to_service_reminder_table', 1),
(99, '2021_08_27_122045_add_user_id_to_vehicle_group_table', 1),
(100, '2021_08_27_122127_add_user_id_to_vendors_table', 1),
(101, '2021_08_27_122155_add_user_id_to_work_orders_table', 1),
(102, '2021_08_27_122217_add_user_id_to_work_order_logs_table', 1),
(103, '2021_08_27_122259_add_user_id_to_notes_table', 1),
(104, '2021_09_07_070458_add_user_id_to_users_table', 1),
(105, '2021_08_07_063711_create_messages_table', 1),
(106, '2022_01_17_065748_create_chat_settings_table', 1);

-- --------------------------------------------------------

--
-- Table structure for table `model_has_permissions`
--

CREATE TABLE `model_has_permissions` (
  `permission_id` bigint(20) UNSIGNED NOT NULL,
  `model_type` varchar(255) NOT NULL,
  `model_id` bigint(20) UNSIGNED NOT NULL
) ENGINE=InnoDB DEFAULT CHARSET=utf8 COLLATE=utf8_unicode_ci;

--
-- Dumping data for table `model_has_permissions`
--

INSERT INTO `model_has_permissions` (`permission_id`, `model_type`, `model_id`) VALUES
(9, 'App\\Model\\User', 6),
(9, 'App\\Model\\User', 7),
(9, 'App\\Model\\User', 8),
(41, 'App\\Model\\User', 6),
(41, 'App\\Model\\User', 7),
(41, 'App\\Model\\User', 8),
(66, 'App\\Model\\User', 6),
(66, 'App\\Model\\User', 7),
(66, 'App\\Model\\User', 8),
(67, 'App\\Model\\User', 6),
(67, 'App\\Model\\User', 7),
(67, 'App\\Model\\User', 8),
(68, 'App\\Model\\User', 6),
(68, 'App\\Model\\User', 7),
(68, 'App\\Model\\User', 8),
(69, 'App\\Model\\User', 6),
(69, 'App\\Model\\User', 7),
(69, 'App\\Model\\User', 8),
(71, 'App\\Model\\User', 4),
(71, 'App\\Model\\User', 5),
(71, 'App\\Model\\User', 9),
(71, 'App\\Model\\User', 10),
(71, 'App\\Model\\User', 11),
(71, 'App\\Model\\User', 12),
(72, 'App\\Model\\User', 4),
(72, 'App\\Model\\User', 5),
(72, 'App\\Model\\User', 9),
(72, 'App\\Model\\User', 10),
(72, 'App\\Model\\User', 11),
(72, 'App\\Model\\User', 12),
(73, 'App\\Model\\User', 4),
(73, 'App\\Model\\User', 5),
(73, 'App\\Model\\User', 9),
(73, 'App\\Model\\User', 10),
(73, 'App\\Model\\User', 11),
(73, 'App\\Model\\User', 12),
(74, 'App\\Model\\User', 4),
(74, 'App\\Model\\User', 5),
(74, 'App\\Model\\User', 9),
(74, 'App\\Model\\User', 10),
(74, 'App\\Model\\User', 11),
(74, 'App\\Model\\User', 12),
(81, 'App\\Model\\User', 6),
(81, 'App\\Model\\User', 7),
(81, 'App\\Model\\User', 8),
(82, 'App\\Model\\User', 6),
(82, 'App\\Model\\User', 7),
(82, 'App\\Model\\User', 8),
(83, 'App\\Model\\User', 6),
(83, 'App\\Model\\User', 7),
(83, 'App\\Model\\User', 8),
(84, 'App\\Model\\User', 6),
(84, 'App\\Model\\User', 7),
(84, 'App\\Model\\User', 8),
(101, 'App\\Model\\User', 6),
(101, 'App\\Model\\User', 7),
(101, 'App\\Model\\User', 8),
(102, 'App\\Model\\User', 6),
(102, 'App\\Model\\User', 7),
(102, 'App\\Model\\User', 8),
(103, 'App\\Model\\User', 6),
(103, 'App\\Model\\User', 7),
(103, 'App\\Model\\User', 8),
(104, 'App\\Model\\User', 6),
(104, 'App\\Model\\User', 7),
(104, 'App\\Model\\User', 8);

-- --------------------------------------------------------

--
-- Table structure for table `model_has_roles`
--

CREATE TABLE `model_has_roles` (
  `role_id` bigint(20) UNSIGNED NOT NULL,
  `model_type` varchar(255) NOT NULL,
  `model_id` bigint(20) UNSIGNED NOT NULL
) ENGINE=InnoDB DEFAULT CHARSET=utf8 COLLATE=utf8_unicode_ci;

--
-- Dumping data for table `model_has_roles`
--

INSERT INTO `model_has_roles` (`role_id`, `model_type`, `model_id`) VALUES
(1, 'App\\Model\\User', 1),
(2, 'App\\Model\\User', 2),
(2, 'App\\Model\\User', 3);

-- --------------------------------------------------------

--
-- Table structure for table `notes`
--

CREATE TABLE `notes` (
  `id` int(10) UNSIGNED NOT NULL,
  `user_id` int(11) DEFAULT NULL,
  `vehicle_id` int(11) DEFAULT NULL,
  `customer_id` int(11) DEFAULT NULL,
  `note` text DEFAULT NULL,
  `submitted_on` date DEFAULT NULL,
  `status` varchar(255) DEFAULT NULL,
  `deleted_at` timestamp NULL DEFAULT NULL,
  `created_at` timestamp NULL DEFAULT NULL,
  `updated_at` timestamp NULL DEFAULT NULL
) ENGINE=InnoDB DEFAULT CHARSET=utf8 COLLATE=utf8_unicode_ci;

--
-- Dumping data for table `notes`
--

INSERT INTO `notes` (`id`, `user_id`, `vehicle_id`, `customer_id`, `note`, `submitted_on`, `status`, `deleted_at`, `created_at`, `updated_at`) VALUES
(1, 1, 1, 2, 'test', '2023-12-20', 'Pending', NULL, '2023-12-20 02:30:54', '2023-12-20 02:30:54');

-- --------------------------------------------------------

--
-- Table structure for table `notifications`
--

CREATE TABLE `notifications` (
  `id` char(36) NOT NULL,
  `type` varchar(255) NOT NULL,
  `notifiable_type` varchar(255) NOT NULL,
  `notifiable_id` bigint(20) UNSIGNED NOT NULL,
  `data` text NOT NULL,
  `read_at` timestamp NULL DEFAULT NULL,
  `created_at` timestamp NULL DEFAULT NULL,
  `updated_at` timestamp NULL DEFAULT NULL
) ENGINE=InnoDB DEFAULT CHARSET=utf8 COLLATE=utf8_unicode_ci;

-- --------------------------------------------------------

--
-- Table structure for table `oauth_access_tokens`
--

CREATE TABLE `oauth_access_tokens` (
  `id` varchar(100) NOT NULL,
  `user_id` bigint(20) DEFAULT NULL,
  `client_id` int(10) UNSIGNED NOT NULL,
  `name` varchar(255) DEFAULT NULL,
  `scopes` text DEFAULT NULL,
  `revoked` tinyint(1) NOT NULL,
  `created_at` timestamp NULL DEFAULT NULL,
  `updated_at` timestamp NULL DEFAULT NULL,
  `expires_at` datetime DEFAULT NULL
) ENGINE=InnoDB DEFAULT CHARSET=utf8 COLLATE=utf8_unicode_ci;

-- --------------------------------------------------------

--
-- Table structure for table `oauth_auth_codes`
--

CREATE TABLE `oauth_auth_codes` (
  `id` varchar(100) NOT NULL,
  `user_id` bigint(20) NOT NULL,
  `client_id` int(10) UNSIGNED NOT NULL,
  `scopes` text DEFAULT NULL,
  `revoked` tinyint(1) NOT NULL,
  `expires_at` datetime DEFAULT NULL
) ENGINE=InnoDB DEFAULT CHARSET=utf8 COLLATE=utf8_unicode_ci;

-- --------------------------------------------------------

--
-- Table structure for table `oauth_clients`
--

CREATE TABLE `oauth_clients` (
  `id` int(10) UNSIGNED NOT NULL,
  `user_id` bigint(20) DEFAULT NULL,
  `name` varchar(255) NOT NULL,
  `secret` varchar(100) NOT NULL,
  `provider` varchar(255) DEFAULT NULL,
  `redirect` text NOT NULL,
  `personal_access_client` tinyint(1) NOT NULL,
  `password_client` tinyint(1) NOT NULL,
  `revoked` tinyint(1) NOT NULL,
  `created_at` timestamp NULL DEFAULT NULL,
  `updated_at` timestamp NULL DEFAULT NULL
) ENGINE=InnoDB DEFAULT CHARSET=utf8 COLLATE=utf8_unicode_ci;

--
-- Dumping data for table `oauth_clients`
--

INSERT INTO `oauth_clients` (`id`, `user_id`, `name`, `secret`, `provider`, `redirect`, `personal_access_client`, `password_client`, `revoked`, `created_at`, `updated_at`) VALUES
(1, NULL, 'Fleet Manager Personal Access Client', 'RSgOa49VlbquB3GxT1WAO2jReLCnHoWndPfyrJ4p', NULL, 'http://localhost', 1, 0, 0, '2021-11-20 07:03:53', '2021-11-20 07:03:53'),
(2, NULL, 'Fleet Manager Password Grant Client', 'sX7qzt55VQ5pGjl4gkxyycwKz9yE6ngT4EoPEtRH', 'users', 'http://localhost', 0, 1, 0, '2021-11-20 07:03:53', '2021-11-20 07:03:53');

-- --------------------------------------------------------

--
-- Table structure for table `oauth_personal_access_clients`
--

CREATE TABLE `oauth_personal_access_clients` (
  `id` int(10) UNSIGNED NOT NULL,
  `client_id` int(10) UNSIGNED NOT NULL,
  `created_at` timestamp NULL DEFAULT NULL,
  `updated_at` timestamp NULL DEFAULT NULL
) ENGINE=InnoDB DEFAULT CHARSET=utf8 COLLATE=utf8_unicode_ci;

--
-- Dumping data for table `oauth_personal_access_clients`
--

INSERT INTO `oauth_personal_access_clients` (`id`, `client_id`, `created_at`, `updated_at`) VALUES
(1, 1, '2021-11-20 07:03:53', '2021-11-20 07:03:53');

-- --------------------------------------------------------

--
-- Table structure for table `oauth_refresh_tokens`
--

CREATE TABLE `oauth_refresh_tokens` (
  `id` varchar(100) NOT NULL,
  `access_token_id` varchar(100) NOT NULL,
  `revoked` tinyint(1) NOT NULL,
  `expires_at` datetime DEFAULT NULL
) ENGINE=InnoDB DEFAULT CHARSET=utf8 COLLATE=utf8_unicode_ci;

-- --------------------------------------------------------

--
-- Table structure for table `office`
--

CREATE TABLE `office` (
  `id` int(11) NOT NULL,
  `office` varchar(255) NOT NULL,
  `city_id` int(11) NOT NULL,
  `deleted_at` timestamp NULL DEFAULT NULL,
  `created_at` timestamp NULL DEFAULT NULL,
  `updated_at` timestamp NULL DEFAULT NULL
) ENGINE=InnoDB DEFAULT CHARSET=utf8 COLLATE=utf8_general_ci;

--
-- Dumping data for table `office`
--

INSERT INTO `office` (`id`, `office`, `city_id`, `deleted_at`, `created_at`, `updated_at`) VALUES
(1, 'geneve', 1, '2024-01-14 19:58:26', NULL, '2024-01-14 19:58:26'),
(2, 'romaa', 4, '2024-01-14 19:58:22', NULL, '2024-01-14 19:58:22'),
(3, 'roma2', 4, '2023-12-24 19:43:05', '2023-12-24 19:43:00', '2023-12-24 19:43:05'),
(4, 'Vienna Office', 5, NULL, '2024-01-14 19:58:11', '2024-01-14 19:58:11'),
(5, 'Geneva Office', 6, NULL, '2024-01-14 19:58:51', '2024-01-14 19:58:51'),
(6, 'Milano Office', 16, NULL, '2024-01-14 20:42:02', '2024-01-14 20:42:02');

-- --------------------------------------------------------

--
-- Table structure for table `office_vehicle`
--

CREATE TABLE `office_vehicle` (
  `id` int(11) NOT NULL,
  `vehicle_id` int(11) DEFAULT NULL,
  `office_id` int(11) DEFAULT NULL,
  `status` enum('in','out') NOT NULL,
  `created_at` timestamp NULL DEFAULT current_timestamp(),
  `updated_at` timestamp NULL DEFAULT current_timestamp()
) ENGINE=InnoDB DEFAULT CHARSET=latin1 COLLATE=latin1_swedish_ci;

--
-- Dumping data for table `office_vehicle`
--

INSERT INTO `office_vehicle` (`id`, `vehicle_id`, `office_id`, `status`, `created_at`, `updated_at`) VALUES
(1, 4, 6, 'in', '2024-01-20 22:37:03', '2024-01-20 22:37:03');

-- --------------------------------------------------------

--
-- Table structure for table `parts`
--

CREATE TABLE `parts` (
  `id` int(10) UNSIGNED NOT NULL,
  `category_id` int(11) DEFAULT NULL,
  `user_id` int(11) DEFAULT NULL,
  `status` varchar(255) DEFAULT NULL,
  `availability` int(11) DEFAULT NULL,
  `title` varchar(255) DEFAULT NULL,
  `year` varchar(255) DEFAULT NULL,
  `model` varchar(255) DEFAULT NULL,
  `image` varchar(255) DEFAULT NULL,
  `barcode` varchar(255) DEFAULT NULL,
  `number` varchar(255) DEFAULT NULL,
  `description` varchar(255) DEFAULT NULL,
  `unit_cost` int(11) DEFAULT NULL,
  `vendor_id` int(11) DEFAULT NULL,
  `manufacturer` varchar(255) DEFAULT NULL,
  `note` text DEFAULT NULL,
  `stock` int(11) DEFAULT NULL,
  `udf` text DEFAULT NULL,
  `created_at` timestamp NULL DEFAULT NULL,
  `updated_at` timestamp NULL DEFAULT NULL,
  `deleted_at` timestamp NULL DEFAULT NULL
) ENGINE=InnoDB DEFAULT CHARSET=utf8 COLLATE=utf8_unicode_ci;

-- --------------------------------------------------------

--
-- Table structure for table `parts_category`
--

CREATE TABLE `parts_category` (
  `id` int(10) UNSIGNED NOT NULL,
  `user_id` int(11) DEFAULT NULL,
  `name` varchar(255) DEFAULT NULL,
  `created_at` timestamp NULL DEFAULT NULL,
  `updated_at` timestamp NULL DEFAULT NULL,
  `deleted_at` timestamp NULL DEFAULT NULL
) ENGINE=InnoDB DEFAULT CHARSET=utf8 COLLATE=utf8_unicode_ci;

--
-- Dumping data for table `parts_category`
--

INSERT INTO `parts_category` (`id`, `user_id`, `name`, `created_at`, `updated_at`, `deleted_at`) VALUES
(1, 1, 'Engine Parts', '2021-11-20 07:03:50', '2021-11-20 07:03:50', NULL),
(2, 1, 'Electricals', '2021-11-20 07:03:50', '2021-11-20 07:03:50', NULL);

-- --------------------------------------------------------

--
-- Table structure for table `parts_used`
--

CREATE TABLE `parts_used` (
  `id` int(10) UNSIGNED NOT NULL,
  `part_id` int(11) DEFAULT NULL,
  `work_id` int(11) DEFAULT NULL,
  `qty` int(11) DEFAULT NULL,
  `price` double DEFAULT NULL,
  `total` double DEFAULT NULL,
  `deleted_at` timestamp NULL DEFAULT NULL,
  `created_at` timestamp NULL DEFAULT NULL,
  `updated_at` timestamp NULL DEFAULT NULL
) ENGINE=InnoDB DEFAULT CHARSET=utf8 COLLATE=utf8_unicode_ci;

-- --------------------------------------------------------

--
-- Table structure for table `password_resets`
--

CREATE TABLE `password_resets` (
  `email` varchar(255) NOT NULL,
  `token` varchar(255) NOT NULL,
  `created_at` timestamp NULL DEFAULT NULL
) ENGINE=InnoDB DEFAULT CHARSET=utf8 COLLATE=utf8_unicode_ci;

-- --------------------------------------------------------

--
-- Table structure for table `payment_settings`
--

CREATE TABLE `payment_settings` (
  `id` int(10) UNSIGNED NOT NULL,
  `name` varchar(255) NOT NULL,
  `value` longtext DEFAULT NULL,
  `created_at` timestamp NULL DEFAULT NULL,
  `updated_at` timestamp NULL DEFAULT NULL,
  `deleted_at` timestamp NULL DEFAULT NULL
) ENGINE=InnoDB DEFAULT CHARSET=utf8 COLLATE=utf8_unicode_ci;

--
-- Dumping data for table `payment_settings`
--

INSERT INTO `payment_settings` (`id`, `name`, `value`, `created_at`, `updated_at`, `deleted_at`) VALUES
(1, 'method', '[\"cash\"]', '2021-11-20 07:04:09', '2021-11-20 07:04:09', NULL),
(2, 'currency_code', 'INR', '2021-11-20 07:04:10', '2021-11-20 07:04:10', NULL),
(3, 'stripe_publishable_key', '', '2021-11-20 07:04:10', '2021-11-20 07:04:10', NULL),
(4, 'stripe_secret_key', '', '2021-11-20 07:04:10', '2021-11-20 07:04:10', NULL),
(5, 'razorpay_key', '', '2021-11-20 07:04:10', '2021-11-20 07:04:10', NULL),
(6, 'razorpay_secret', '', '2021-11-20 07:04:10', '2021-11-20 07:04:10', NULL),
(7, 'paystack_secret', '', '2021-11-20 07:04:10', '2021-11-20 07:04:10', NULL);

-- --------------------------------------------------------

--
-- Table structure for table `permissions`
--

CREATE TABLE `permissions` (
  `id` bigint(20) UNSIGNED NOT NULL,
  `name` varchar(255) NOT NULL,
  `guard_name` varchar(255) NOT NULL,
  `created_at` timestamp NULL DEFAULT NULL,
  `updated_at` timestamp NULL DEFAULT NULL
) ENGINE=InnoDB DEFAULT CHARSET=utf8 COLLATE=utf8_unicode_ci;

--
-- Dumping data for table `permissions`
--

INSERT INTO `permissions` (`id`, `name`, `guard_name`, `created_at`, `updated_at`) VALUES
(1, 'Users add', 'web', '2021-11-20 07:04:15', '2021-11-20 07:04:15'),
(2, 'Users edit', 'web', '2021-11-20 07:04:15', '2021-11-20 07:04:15'),
(3, 'Users delete', 'web', '2021-11-20 07:04:15', '2021-11-20 07:04:15'),
(4, 'Users list', 'web', '2021-11-20 07:04:15', '2021-11-20 07:04:15'),
(5, 'Users import', 'web', '2021-11-20 07:04:15', '2021-11-20 07:04:15'),
(6, 'Drivers add', 'web', '2021-11-20 07:04:15', '2021-11-20 07:04:15'),
(7, 'Drivers edit', 'web', '2021-11-20 07:04:15', '2021-11-20 07:04:15'),
(8, 'Drivers delete', 'web', '2021-11-20 07:04:15', '2021-11-20 07:04:15'),
(9, 'Drivers list', 'web', '2021-11-20 07:04:15', '2021-11-20 07:04:15'),
(10, 'Drivers import', 'web', '2021-11-20 07:04:15', '2021-11-20 07:04:15'),
(11, 'Customer add', 'web', '2021-11-20 07:04:15', '2021-11-20 07:04:15'),
(12, 'Customer edit', 'web', '2021-11-20 07:04:16', '2021-11-20 07:04:16'),
(13, 'Customer delete', 'web', '2021-11-20 07:04:16', '2021-11-20 07:04:16'),
(14, 'Customer list', 'web', '2021-11-20 07:04:16', '2021-11-20 07:04:16'),
(15, 'Customer import', 'web', '2021-11-20 07:04:16', '2021-11-20 07:04:16'),
(16, 'VehicleType add', 'web', '2021-11-20 07:04:16', '2021-11-20 07:04:16'),
(17, 'VehicleType edit', 'web', '2021-11-20 07:04:16', '2021-11-20 07:04:16'),
(18, 'VehicleType delete', 'web', '2021-11-20 07:04:16', '2021-11-20 07:04:16'),
(19, 'VehicleType list', 'web', '2021-11-20 07:04:16', '2021-11-20 07:04:16'),
(20, 'VehicleType import', 'web', '2021-11-20 07:04:16', '2021-11-20 07:04:16'),
(21, 'VehicleMaker add', 'web', '2021-11-20 07:04:16', '2021-11-20 07:04:16'),
(22, 'VehicleMaker edit', 'web', '2021-11-20 07:04:16', '2021-11-20 07:04:16'),
(23, 'VehicleMaker delete', 'web', '2021-11-20 07:04:16', '2021-11-20 07:04:16'),
(24, 'VehicleMaker list', 'web', '2021-11-20 07:04:17', '2021-11-20 07:04:17'),
(25, 'VehicleMaker import', 'web', '2021-11-20 07:04:17', '2021-11-20 07:04:17'),
(26, 'VehicleModels add', 'web', '2021-11-20 07:04:17', '2021-11-20 07:04:17'),
(27, 'VehicleModels edit', 'web', '2021-11-20 07:04:17', '2021-11-20 07:04:17'),
(28, 'VehicleModels delete', 'web', '2021-11-20 07:04:17', '2021-11-20 07:04:17'),
(29, 'VehicleModels list', 'web', '2021-11-20 07:04:17', '2021-11-20 07:04:17'),
(30, 'VehicleModels import', 'web', '2021-11-20 07:04:17', '2021-11-20 07:04:17'),
(31, 'VehicleColors add', 'web', '2021-11-20 07:04:17', '2021-11-20 07:04:17'),
(32, 'VehicleColors edit', 'web', '2021-11-20 07:04:17', '2021-11-20 07:04:17'),
(33, 'VehicleColors delete', 'web', '2021-11-20 07:04:17', '2021-11-20 07:04:17'),
(34, 'VehicleColors list', 'web', '2021-11-20 07:04:17', '2021-11-20 07:04:17'),
(35, 'VehicleColors import', 'web', '2021-11-20 07:04:17', '2021-11-20 07:04:17'),
(36, 'VehicleGroup add', 'web', '2021-11-20 07:04:18', '2021-11-20 07:04:18'),
(37, 'VehicleGroup edit', 'web', '2021-11-20 07:04:18', '2021-11-20 07:04:18'),
(38, 'VehicleGroup delete', 'web', '2021-11-20 07:04:18', '2021-11-20 07:04:18'),
(39, 'VehicleGroup list', 'web', '2021-11-20 07:04:18', '2021-11-20 07:04:18'),
(40, 'VehicleGroup import', 'web', '2021-11-20 07:04:18', '2021-11-20 07:04:18'),
(41, 'VehicleInspection add', 'web', '2021-11-20 07:04:18', '2021-11-20 07:04:18'),
(42, 'VehicleInspection edit', 'web', '2021-11-20 07:04:18', '2021-11-20 07:04:18'),
(43, 'VehicleInspection delete', 'web', '2021-11-20 07:04:18', '2021-11-20 07:04:18'),
(44, 'VehicleInspection list', 'web', '2021-11-20 07:04:18', '2021-11-20 07:04:18'),
(45, 'VehicleInspection import', 'web', '2021-11-20 07:04:18', '2021-11-20 07:04:18'),
(46, 'BookingQuotations add', 'web', '2021-11-20 07:04:18', '2021-11-20 07:04:18'),
(47, 'BookingQuotations edit', 'web', '2021-11-20 07:04:18', '2021-11-20 07:04:18'),
(48, 'BookingQuotations delete', 'web', '2021-11-20 07:04:19', '2021-11-20 07:04:19'),
(49, 'BookingQuotations list', 'web', '2021-11-20 07:04:19', '2021-11-20 07:04:19'),
(50, 'BookingQuotations import', 'web', '2021-11-20 07:04:19', '2021-11-20 07:04:19'),
(51, 'PartsCategory add', 'web', '2021-11-20 07:04:19', '2021-11-20 07:04:19'),
(52, 'PartsCategory edit', 'web', '2021-11-20 07:04:19', '2021-11-20 07:04:19'),
(53, 'PartsCategory delete', 'web', '2021-11-20 07:04:19', '2021-11-20 07:04:19'),
(54, 'PartsCategory list', 'web', '2021-11-20 07:04:19', '2021-11-20 07:04:19'),
(55, 'PartsCategory import', 'web', '2021-11-20 07:04:19', '2021-11-20 07:04:19'),
(56, 'Mechanics add', 'web', '2021-11-20 07:04:19', '2021-11-20 07:04:19'),
(57, 'Mechanics edit', 'web', '2021-11-20 07:04:20', '2021-11-20 07:04:20'),
(58, 'Mechanics delete', 'web', '2021-11-20 07:04:20', '2021-11-20 07:04:20'),
(59, 'Mechanics list', 'web', '2021-11-20 07:04:20', '2021-11-20 07:04:20'),
(60, 'Mechanics import', 'web', '2021-11-20 07:04:20', '2021-11-20 07:04:20'),
(61, 'Vehicles add', 'web', '2021-11-20 07:04:20', '2021-11-20 07:04:20'),
(62, 'Vehicles edit', 'web', '2021-11-20 07:04:20', '2021-11-20 07:04:20'),
(63, 'Vehicles delete', 'web', '2021-11-20 07:04:20', '2021-11-20 07:04:20'),
(64, 'Vehicles list', 'web', '2021-11-20 07:04:20', '2021-11-20 07:04:20'),
(65, 'Vehicles import', 'web', '2021-11-20 07:04:20', '2021-11-20 07:04:20'),
(66, 'Transactions add', 'web', '2021-11-20 07:04:20', '2021-11-20 07:04:20'),
(67, 'Transactions edit', 'web', '2021-11-20 07:04:21', '2021-11-20 07:04:21'),
(68, 'Transactions delete', 'web', '2021-11-20 07:04:21', '2021-11-20 07:04:21'),
(69, 'Transactions list', 'web', '2021-11-20 07:04:21', '2021-11-20 07:04:21'),
(70, 'Transactions import', 'web', '2021-11-20 07:04:21', '2021-11-20 07:04:21'),
(71, 'Bookings add', 'web', '2021-11-20 07:04:21', '2021-11-20 07:04:21'),
(72, 'Bookings edit', 'web', '2021-11-20 07:04:21', '2021-11-20 07:04:21'),
(73, 'Bookings delete', 'web', '2021-11-20 07:04:21', '2021-11-20 07:04:21'),
(74, 'Bookings list', 'web', '2021-11-20 07:04:21', '2021-11-20 07:04:21'),
(75, 'Bookings import', 'web', '2021-11-20 07:04:21', '2021-11-20 07:04:21'),
(76, 'Reports add', 'web', '2021-11-20 07:04:21', '2021-11-20 07:04:21'),
(77, 'Reports edit', 'web', '2021-11-20 07:04:22', '2021-11-20 07:04:22'),
(78, 'Reports delete', 'web', '2021-11-20 07:04:22', '2021-11-20 07:04:22'),
(79, 'Reports list', 'web', '2021-11-20 07:04:22', '2021-11-20 07:04:22'),
(80, 'Reports import', 'web', '2021-11-20 07:04:22', '2021-11-20 07:04:22'),
(81, 'Fuel add', 'web', '2021-11-20 07:04:22', '2021-11-20 07:04:22'),
(82, 'Fuel edit', 'web', '2021-11-20 07:04:22', '2021-11-20 07:04:22'),
(83, 'Fuel delete', 'web', '2021-11-20 07:04:22', '2021-11-20 07:04:22'),
(84, 'Fuel list', 'web', '2021-11-20 07:04:22', '2021-11-20 07:04:22'),
(85, 'Fuel import', 'web', '2021-11-20 07:04:22', '2021-11-20 07:04:22'),
(86, 'Vendors add', 'web', '2021-11-20 07:04:22', '2021-11-20 07:04:22'),
(87, 'Vendors edit', 'web', '2021-11-20 07:04:23', '2021-11-20 07:04:23'),
(88, 'Vendors delete', 'web', '2021-11-20 07:04:23', '2021-11-20 07:04:23'),
(89, 'Vendors list', 'web', '2021-11-20 07:04:23', '2021-11-20 07:04:23'),
(90, 'Vendors import', 'web', '2021-11-20 07:04:23', '2021-11-20 07:04:23'),
(91, 'Parts add', 'web', '2021-11-20 07:04:23', '2021-11-20 07:04:23'),
(92, 'Parts edit', 'web', '2021-11-20 07:04:23', '2021-11-20 07:04:23'),
(93, 'Parts delete', 'web', '2021-11-20 07:04:23', '2021-11-20 07:04:23'),
(94, 'Parts list', 'web', '2021-11-20 07:04:23', '2021-11-20 07:04:23'),
(95, 'Parts import', 'web', '2021-11-20 07:04:23', '2021-11-20 07:04:23'),
(96, 'WorkOrders add', 'web', '2021-11-20 07:04:23', '2021-11-20 07:04:23'),
(97, 'WorkOrders edit', 'web', '2021-11-20 07:04:23', '2021-11-20 07:04:23'),
(98, 'WorkOrders delete', 'web', '2021-11-20 07:04:24', '2021-11-20 07:04:24'),
(99, 'WorkOrders list', 'web', '2021-11-20 07:04:24', '2021-11-20 07:04:24'),
(100, 'WorkOrders import', 'web', '2021-11-20 07:04:24', '2021-11-20 07:04:24'),
(101, 'Notes add', 'web', '2021-11-20 07:04:24', '2021-11-20 07:04:24'),
(102, 'Notes edit', 'web', '2021-11-20 07:04:24', '2021-11-20 07:04:24'),
(103, 'Notes delete', 'web', '2021-11-20 07:04:24', '2021-11-20 07:04:24'),
(104, 'Notes list', 'web', '2021-11-20 07:04:25', '2021-11-20 07:04:25'),
(105, 'Notes import', 'web', '2021-11-20 07:04:25', '2021-11-20 07:04:25'),
(106, 'ServiceReminders add', 'web', '2021-11-20 07:04:25', '2021-11-20 07:04:25'),
(107, 'ServiceReminders edit', 'web', '2021-11-20 07:04:25', '2021-11-20 07:04:25'),
(108, 'ServiceReminders delete', 'web', '2021-11-20 07:04:25', '2021-11-20 07:04:25'),
(109, 'ServiceReminders list', 'web', '2021-11-20 07:04:25', '2021-11-20 07:04:25'),
(110, 'ServiceReminders import', 'web', '2021-11-20 07:04:25', '2021-11-20 07:04:25'),
(111, 'ServiceItems add', 'web', '2021-11-20 07:04:25', '2021-11-20 07:04:25'),
(112, 'ServiceItems edit', 'web', '2021-11-20 07:04:25', '2021-11-20 07:04:25'),
(113, 'ServiceItems delete', 'web', '2021-11-20 07:04:25', '2021-11-20 07:04:25'),
(114, 'ServiceItems list', 'web', '2021-11-20 07:04:25', '2021-11-20 07:04:25'),
(115, 'ServiceItems import', 'web', '2021-11-20 07:04:25', '2021-11-20 07:04:25'),
(116, 'Testimonials add', 'web', '2021-11-20 07:04:26', '2021-11-20 07:04:26'),
(117, 'Testimonials edit', 'web', '2021-11-20 07:04:26', '2021-11-20 07:04:26'),
(118, 'Testimonials delete', 'web', '2021-11-20 07:04:26', '2021-11-20 07:04:26'),
(119, 'Testimonials list', 'web', '2021-11-20 07:04:26', '2021-11-20 07:04:26'),
(120, 'Testimonials import', 'web', '2021-11-20 07:04:26', '2021-11-20 07:04:26'),
(121, 'Team add', 'web', '2021-11-20 07:04:26', '2021-11-20 07:04:26'),
(122, 'Team edit', 'web', '2021-11-20 07:04:26', '2021-11-20 07:04:26'),
(123, 'Team delete', 'web', '2021-11-20 07:04:27', '2021-11-20 07:04:27'),
(124, 'Team list', 'web', '2021-11-20 07:04:27', '2021-11-20 07:04:27'),
(125, 'Team import', 'web', '2021-11-20 07:04:27', '2021-11-20 07:04:27'),
(126, 'Settings add', 'web', '2021-11-20 07:04:27', '2021-11-20 07:04:27'),
(127, 'Settings edit', 'web', '2021-11-20 07:04:27', '2021-11-20 07:04:27'),
(128, 'Settings delete', 'web', '2021-11-20 07:04:27', '2021-11-20 07:04:27'),
(129, 'Settings list', 'web', '2021-11-20 07:04:27', '2021-11-20 07:04:27'),
(130, 'Settings import', 'web', '2021-11-20 07:04:27', '2021-11-20 07:04:27'),
(131, 'Inquiries add', 'web', '2021-11-20 07:04:27', '2021-11-20 07:04:27'),
(132, 'Inquiries edit', 'web', '2021-11-20 07:04:27', '2021-11-20 07:04:27'),
(133, 'Inquiries delete', 'web', '2021-11-20 07:04:27', '2021-11-20 07:04:27'),
(134, 'Inquiries list', 'web', '2021-11-20 07:04:27', '2021-11-20 07:04:27'),
(135, 'Inquiries import', 'web', '2021-11-20 07:04:28', '2021-11-20 07:04:28');

-- --------------------------------------------------------

--
-- Table structure for table `push_notification`
--

CREATE TABLE `push_notification` (
  `id` int(10) UNSIGNED NOT NULL,
  `user_id` int(11) DEFAULT NULL,
  `user_type` varchar(255) DEFAULT NULL,
  `authtoken` varchar(255) DEFAULT NULL,
  `contentencoding` varchar(255) DEFAULT NULL,
  `endpoint` varchar(255) DEFAULT NULL,
  `publickey` varchar(255) DEFAULT NULL
) ENGINE=InnoDB DEFAULT CHARSET=utf8 COLLATE=utf8_unicode_ci;

--
-- Dumping data for table `push_notification`
--

INSERT INTO `push_notification` (`id`, `user_id`, `user_type`, `authtoken`, `contentencoding`, `endpoint`, `publickey`) VALUES
(1, 1, 'S', 'ZjaBs89lxaxCodO+Cj9/OA==', 'aes128gcm', 'https://fcm.googleapis.com/fcm/send/czsDi-oxqbA:APA91bGE3aA41EzWLmZDqE4hio2Np_vYsIJKX6y5VJSuOjP2dDIh4hyQXl4mr_ZU31qfNjr0zNwc-5rhubajk6S9sQZ7Lxh1kYLeRcy05Mi1be7ljaVW9ir1tV3qovEFzl7NbdjsmQbo', 'BEe1EPQ5le+0bucoHdaAMocXDaPvzuIH/qA1VyScwvIg7ntUgjPEaXjoP/SJpWT7aDhlKoXTNLtn7m5jJ6XudIY='),
(2, 1, 'S', '3dQZ+FWFTOpCJRj6luwhGA==', 'aes128gcm', 'https://fcm.googleapis.com/fcm/send/enCQ9P9pRjA:APA91bGDfIrYBhjBXO0N8nRVlrX59yIut0t4XQiQ98remKEnd3W84_CFij_WMqQNQMUmTBiqPtm2xGKgG1mXPFxnplwtk_igWaNtCfvapZLARaFfjEw0ZHiklekYK-CBvh9ccaVxZ0dU', 'BKTR2DcqLTKsZVchvq9HG3eSw2XRRfetb8njZlfsJIoeSxY7ghTZ4/wVMZJi2NZLJ0gai/GTMmjU7t2JWy3LEGE='),
(3, 1, 'S', 'MGBymgNkBsJJN9IE7+/Mpg==', 'aes128gcm', 'https://fcm.googleapis.com/fcm/send/ce0zdW_pTPY:APA91bH2QiCAqQZZKrDPMQKaC6lQboo9wNGZL3WwDsb7t7czLyRQSitJaVWU9-tCf5iMSXeMPxXjwthmJPdoc9McxtVRpdr0kfVoD-H70oQxMYawQ8DyUGnKk_Kg_YletveRGTkI1CdC', 'BLf9eUuGlndMGrjFZaycdfYksEfyjyJsytYUmV1J2CaEWG1Y3WG9aBlmyC/XxV3PYpRxZvF+aeY+q+XWBbE6w+Y='),
(4, 1, 'S', 'OAQklp/KsIkAmuwuahJktQ==', 'aes128gcm', 'https://fcm.googleapis.com/fcm/send/foCwM1myRaI:APA91bE_ES3PypqzWxt7g1-Du0HTqj3IVwGWIS6nf_I9zxT9DghU7xxvmc0l_n--anOfbu87F8Z70fnSHj-wxWns9Prl19WUv25OAlW3IAWm-HC1ajOyFydlIt0AMG60d-SW-Wlbk8f2', 'BPmG01bFGrm77FZQhIaSoVyQvm3cyz3eZf6FwlW9qoEbg3tNpEzv2zJsZ6QsdgS1Fp+c4ku0PhxLdTyQDen9HB4=');

-- --------------------------------------------------------

--
-- Table structure for table `push_subscriptions`
--

CREATE TABLE `push_subscriptions` (
  `id` bigint(20) UNSIGNED NOT NULL,
  `subscribable_type` varchar(255) NOT NULL,
  `subscribable_id` bigint(20) UNSIGNED NOT NULL,
  `endpoint` varchar(255) NOT NULL,
  `public_key` varchar(255) DEFAULT NULL,
  `auth_token` varchar(255) DEFAULT NULL,
  `content_encoding` varchar(255) DEFAULT NULL,
  `created_at` timestamp NULL DEFAULT NULL,
  `updated_at` timestamp NULL DEFAULT NULL
) ENGINE=InnoDB DEFAULT CHARSET=utf8 COLLATE=utf8_unicode_ci;

-- --------------------------------------------------------

--
-- Table structure for table `reasons`
--

CREATE TABLE `reasons` (
  `id` int(10) UNSIGNED NOT NULL,
  `reason` text DEFAULT NULL,
  `deleted_at` timestamp NULL DEFAULT NULL,
  `created_at` timestamp NULL DEFAULT NULL,
  `updated_at` timestamp NULL DEFAULT NULL
) ENGINE=InnoDB DEFAULT CHARSET=utf8 COLLATE=utf8_unicode_ci;

--
-- Dumping data for table `reasons`
--

INSERT INTO `reasons` (`id`, `reason`, `deleted_at`, `created_at`, `updated_at`) VALUES
(1, 'No fuel', NULL, '2021-11-20 07:03:46', '2021-11-20 07:03:46'),
(2, 'Tire punctured', NULL, '2021-11-20 07:03:46', '2021-11-20 07:03:46');

-- --------------------------------------------------------

--
-- Table structure for table `reviews`
--

CREATE TABLE `reviews` (
  `id` int(10) UNSIGNED NOT NULL,
  `user_id` int(11) DEFAULT NULL,
  `booking_id` int(11) DEFAULT NULL,
  `driver_id` int(11) DEFAULT NULL,
  `ratings` double(8,2) DEFAULT NULL,
  `review_text` text DEFAULT NULL,
  `deleted_at` timestamp NULL DEFAULT NULL,
  `created_at` timestamp NULL DEFAULT NULL,
  `updated_at` timestamp NULL DEFAULT NULL
) ENGINE=InnoDB DEFAULT CHARSET=utf8 COLLATE=utf8_unicode_ci;

-- --------------------------------------------------------

--
-- Table structure for table `roles`
--

CREATE TABLE `roles` (
  `id` bigint(20) UNSIGNED NOT NULL,
  `name` varchar(255) NOT NULL,
  `guard_name` varchar(255) NOT NULL,
  `created_at` timestamp NULL DEFAULT NULL,
  `updated_at` timestamp NULL DEFAULT NULL
) ENGINE=InnoDB DEFAULT CHARSET=utf8 COLLATE=utf8_unicode_ci;

--
-- Dumping data for table `roles`
--

INSERT INTO `roles` (`id`, `name`, `guard_name`, `created_at`, `updated_at`) VALUES
(1, 'Super Admin', 'web', '2021-11-20 07:04:28', '2021-11-20 07:04:28'),
(2, 'Admin', 'web', '2021-11-20 07:04:36', '2021-11-20 07:04:36');

-- --------------------------------------------------------

--
-- Table structure for table `role_has_permissions`
--

CREATE TABLE `role_has_permissions` (
  `permission_id` bigint(20) UNSIGNED NOT NULL,
  `role_id` bigint(20) UNSIGNED NOT NULL
) ENGINE=InnoDB DEFAULT CHARSET=utf8 COLLATE=utf8_unicode_ci;

--
-- Dumping data for table `role_has_permissions`
--

INSERT INTO `role_has_permissions` (`permission_id`, `role_id`) VALUES
(1, 1),
(2, 1),
(3, 1),
(4, 1),
(5, 1),
(6, 1),
(6, 2),
(7, 1),
(7, 2),
(8, 1),
(8, 2),
(9, 1),
(9, 2),
(10, 1),
(11, 1),
(11, 2),
(12, 1),
(12, 2),
(13, 1),
(13, 2),
(14, 1),
(14, 2),
(15, 1),
(16, 1),
(17, 1),
(18, 1),
(19, 1),
(20, 1),
(21, 1),
(22, 1),
(23, 1),
(24, 1),
(25, 1),
(26, 1),
(27, 1),
(28, 1),
(29, 1),
(30, 1),
(31, 1),
(32, 1),
(33, 1),
(34, 1),
(35, 1),
(36, 1),
(37, 1),
(38, 1),
(39, 1),
(40, 1),
(41, 1),
(42, 1),
(43, 1),
(44, 1),
(45, 1),
(46, 1),
(47, 1),
(48, 1),
(49, 1),
(50, 1),
(51, 1),
(52, 1),
(53, 1),
(54, 1),
(55, 1),
(56, 1),
(57, 1),
(58, 1),
(59, 1),
(60, 1),
(61, 1),
(62, 1),
(63, 1),
(64, 1),
(65, 1),
(66, 1),
(67, 1),
(68, 1),
(69, 1),
(70, 1),
(71, 1),
(71, 2),
(72, 1),
(72, 2),
(73, 1),
(73, 2),
(74, 1),
(74, 2),
(75, 1),
(76, 1),
(77, 1),
(78, 1),
(79, 1),
(80, 1),
(81, 1),
(82, 1),
(83, 1),
(84, 1),
(85, 1),
(86, 1),
(87, 1),
(88, 1),
(89, 1),
(90, 1),
(91, 1),
(92, 1),
(93, 1),
(94, 1),
(95, 1),
(96, 1),
(97, 1),
(98, 1),
(99, 1),
(100, 1),
(101, 1),
(102, 1),
(103, 1),
(104, 1),
(105, 1),
(106, 1),
(107, 1),
(108, 1),
(109, 1),
(110, 1),
(111, 1),
(112, 1),
(113, 1),
(114, 1),
(115, 1),
(116, 1),
(117, 1),
(118, 1),
(119, 1),
(120, 1),
(121, 1),
(122, 1),
(123, 1),
(124, 1),
(125, 1),
(126, 1),
(127, 1),
(128, 1),
(129, 1),
(130, 1),
(131, 1),
(132, 1),
(133, 1),
(134, 1),
(135, 1);

-- --------------------------------------------------------

--
-- Table structure for table `service`
--

CREATE TABLE `service` (
  `id` int(11) NOT NULL,
  `slug` varchar(191) NOT NULL,
  `service` varchar(255) NOT NULL,
  `deleted_at` timestamp NULL DEFAULT NULL,
  `created_at` timestamp NULL DEFAULT NULL,
  `updated_at` timestamp NULL DEFAULT NULL
) ENGINE=InnoDB DEFAULT CHARSET=utf8 COLLATE=utf8_general_ci;

--
-- Dumping data for table `service`
--

INSERT INTO `service` (`id`, `slug`, `service`, `deleted_at`, `created_at`, `updated_at`) VALUES
(3, 'rent-car', 'Rent Car', NULL, '2023-12-20 18:58:04', '2023-12-20 19:13:19'),
(4, 'transfare', 'Transfar', NULL, '2023-12-20 18:58:53', '2023-12-20 18:58:53'),
(5, 'city-toure', 'City Tour', NULL, '2023-12-20 18:59:07', '2023-12-20 18:59:07'),
(6, 'limousine', 'Limousine', NULL, '2023-12-20 18:59:17', '2023-12-20 18:59:17');

-- --------------------------------------------------------

--
-- Table structure for table `service_items`
--

CREATE TABLE `service_items` (
  `id` int(10) UNSIGNED NOT NULL,
  `user_id` int(11) DEFAULT NULL,
  `description` text DEFAULT NULL,
  `time_interval` varchar(255) DEFAULT 'off',
  `overdue_time` varchar(255) DEFAULT NULL,
  `overdue_unit` varchar(255) DEFAULT NULL,
  `meter_interval` varchar(255) DEFAULT 'off',
  `overdue_meter` varchar(255) DEFAULT NULL,
  `show_time` varchar(255) DEFAULT 'off',
  `duesoon_time` varchar(255) DEFAULT NULL,
  `duesoon_unit` varchar(255) DEFAULT NULL,
  `show_meter` varchar(255) DEFAULT 'off',
  `duesoon_meter` varchar(255) DEFAULT NULL,
  `deleted_at` timestamp NULL DEFAULT NULL,
  `created_at` timestamp NULL DEFAULT NULL,
  `updated_at` timestamp NULL DEFAULT NULL
) ENGINE=InnoDB DEFAULT CHARSET=utf8 COLLATE=utf8_unicode_ci;

--
-- Dumping data for table `service_items`
--

INSERT INTO `service_items` (`id`, `user_id`, `description`, `time_interval`, `overdue_time`, `overdue_unit`, `meter_interval`, `overdue_meter`, `show_time`, `duesoon_time`, `duesoon_unit`, `show_meter`, `duesoon_meter`, `deleted_at`, `created_at`, `updated_at`) VALUES
(1, 1, 'Change oil', 'on', '60', 'day(s)', 'off', NULL, 'on', '2', 'day(s)', 'off', NULL, NULL, '2021-11-20 07:03:53', '2021-11-20 07:03:53');

-- --------------------------------------------------------

--
-- Table structure for table `service_reminder`
--

CREATE TABLE `service_reminder` (
  `id` int(10) UNSIGNED NOT NULL,
  `user_id` int(11) DEFAULT NULL,
  `vehicle_id` int(11) DEFAULT NULL,
  `service_id` int(11) DEFAULT NULL,
  `last_date` varchar(255) DEFAULT NULL,
  `last_meter` int(11) DEFAULT NULL,
  `deleted_at` timestamp NULL DEFAULT NULL,
  `created_at` timestamp NULL DEFAULT NULL,
  `updated_at` timestamp NULL DEFAULT NULL
) ENGINE=InnoDB DEFAULT CHARSET=utf8 COLLATE=utf8_unicode_ci;

-- --------------------------------------------------------

--
-- Table structure for table `settings`
--

CREATE TABLE `settings` (
  `id` int(10) UNSIGNED NOT NULL,
  `label` varchar(255) NOT NULL,
  `name` varchar(255) NOT NULL,
  `value` longtext NOT NULL,
  `created_at` timestamp NULL DEFAULT NULL,
  `updated_at` timestamp NULL DEFAULT NULL,
  `deleted_at` timestamp NULL DEFAULT NULL
) ENGINE=InnoDB DEFAULT CHARSET=utf8 COLLATE=utf8_unicode_ci;

--
-- Dumping data for table `settings`
--

INSERT INTO `settings` (`id`, `label`, `name`, `value`, `created_at`, `updated_at`, `deleted_at`) VALUES
(1, 'Website Name', 'app_name', 'Fleet Manager', '2021-11-20 07:03:56', '2024-01-08 14:27:34', NULL),
(2, 'Business Address 1', 'badd1', 'Company Address 1', '2021-11-20 07:03:56', '2024-01-08 14:27:34', NULL),
(3, 'Business Address 2', 'badd2', 'Company Address 2', '2021-11-20 07:03:56', '2024-01-08 14:27:34', NULL),
(4, 'Email Address', 'email', 'master@admin.com', '2021-11-20 07:03:56', '2024-01-08 14:27:34', NULL),
(5, 'City', 'city', 'Bhavnagar', '2021-11-20 07:03:56', '2024-01-08 14:27:34', NULL),
(6, 'State', 'state', 'Gujarat', '2021-11-20 07:03:56', '2024-01-08 14:27:34', NULL),
(7, 'Country', 'country', 'India', '2021-11-20 07:03:56', '2024-01-08 14:27:34', NULL),
(8, 'Distence Format', 'dis_format', 'km', '2021-11-20 07:03:56', '2024-01-08 14:27:34', NULL),
(9, 'Language', 'language', 'English-en', '2021-11-20 07:03:57', '2024-01-08 14:27:34', NULL),
(10, 'Currency', 'currency', '€', '2021-11-20 07:03:57', '2024-01-08 14:27:34', NULL),
(11, 'Tax No', 'tax_no', 'ABCD8735XXX', '2021-11-20 07:03:57', '2024-01-08 14:27:34', NULL),
(12, 'Invoice Text', 'invoice_text', 'Etsy doostang zoodles disqus groupon greplin oooj voxy zoodles, weebly ning heekya handango imeem plugg dopplr jibjab, movity jajah plickers sifteo edmodo ifttt zimbra.', '2021-11-20 07:03:57', '2024-01-08 14:27:34', NULL),
(13, 'Small Logo', 'icon_img', 'logo-40.png', '2021-11-20 07:03:57', '2021-11-20 07:03:57', NULL),
(14, 'Main Logo', 'logo_img', 'logo.png', '2021-11-20 07:03:57', '2021-11-20 07:03:57', NULL),
(15, 'Time Interval', 'time_interval', '30', '2021-11-20 07:03:57', '2024-01-08 14:27:34', NULL),
(16, 'Tax Charge', 'tax_charge', 'null', '2021-11-20 07:03:57', '2024-01-08 14:27:34', NULL),
(17, 'Fuel Unit', 'fuel_unit', 'gallon', '2021-11-20 07:03:57', '2024-01-08 14:27:34', NULL),
(18, 'Date Format', 'date_format', 'd-m-Y', '2021-11-20 07:03:57', '2024-01-08 14:27:34', NULL),
(19, 'Website Footer', 'web_footer', '<p><span style=\"font-size: 16px;\">© Hyvikk Solutions 2023. All Rights Reserved.&nbsp;<span class=\"vertical-spacer d-none d-lg-inline\">|</span>&nbsp;Powered By&nbsp;</span><a href=\"https://hyvikk.com/\" target=\"_blank\" class=\"link\"><span style=\"font-size: 16px;\">Hyvikk</span></a></p>', '2021-11-20 07:03:57', '2024-01-08 14:27:34', NULL),
(20, 'Fuel enable for Driver', 'fuel_enable_driver', '1', '2021-11-20 07:03:57', '2024-01-08 14:27:34', NULL),
(21, 'Income enable for Driver', 'income_enable_driver', '1', '2021-11-20 07:03:57', '2024-01-08 14:27:34', NULL),
(22, 'Expense enable for Driver', 'expense_enable_driver', '1', '2021-11-20 07:03:57', '2024-01-08 14:27:34', NULL),
(23, 'traccar_enable', 'traccar_enable', '1', '2021-11-20 07:03:57', '2021-11-22 23:03:05', NULL),
(24, 'traccar_username', 'traccar_username', '', '2021-11-20 07:03:57', '2024-01-08 14:27:34', NULL),
(25, 'traccar_password', 'traccar_password', '', '2021-11-20 07:03:57', '2024-01-08 14:27:34', NULL),
(26, 'traccar_server_link', 'traccar_server_link', '', '2021-11-20 07:03:57', '2024-01-08 14:27:34', NULL),
(27, 'traccar_map_key', 'traccar_map_key', '', '2021-11-20 07:03:57', '2021-11-22 23:03:05', NULL),
(28, 'vehicle_interval', 'vehicle_interval', '10000000', '2021-11-20 07:03:57', '2024-01-08 14:27:34', NULL),
(29, 'driver_interval', 'driver_interval', '60', '2021-11-20 07:03:57', '2024-01-08 14:27:34', NULL);

-- --------------------------------------------------------

--
-- Table structure for table `team`
--

CREATE TABLE `team` (
  `id` int(10) UNSIGNED NOT NULL,
  `name` varchar(255) DEFAULT NULL,
  `details` text DEFAULT NULL,
  `designation` varchar(255) DEFAULT NULL,
  `image` varchar(255) DEFAULT NULL,
  `created_at` timestamp NULL DEFAULT NULL,
  `updated_at` timestamp NULL DEFAULT NULL,
  `deleted_at` timestamp NULL DEFAULT NULL
) ENGINE=InnoDB DEFAULT CHARSET=utf8 COLLATE=utf8_unicode_ci;

--
-- Dumping data for table `team`
--

INSERT INTO `team` (`id`, `name`, `details`, `designation`, `image`, `created_at`, `updated_at`, `deleted_at`) VALUES
(1, 'Elliot Hirthe', 'Lorem ipsum dolor, sit amet consectetur adipisicing elit. Temporibus neque est nemo et ipsum fugiat, ab facere adipisci. Aliquam quibusdam molestias quisquam distinctio? Culpa, voluptatem voluptates exercitationem sequi velit quaerat.', 'Owner', NULL, '2021-11-20 07:03:45', '2021-11-20 07:03:45', NULL),
(2, 'Kathlyn Wisoky IV', 'Lorem ipsum dolor, sit amet consectetur adipisicing elit. Temporibus neque est nemo et ipsum fugiat, ab facere adipisci. Aliquam quibusdam molestias quisquam distinctio? Culpa, voluptatem voluptates exercitationem sequi velit quaerat.', 'Owner', NULL, '2021-11-20 07:03:45', '2021-11-20 07:03:45', NULL),
(3, 'Prof. Juliana Mante', 'Lorem ipsum dolor, sit amet consectetur adipisicing elit. Temporibus neque est nemo et ipsum fugiat, ab facere adipisci. Aliquam quibusdam molestias quisquam distinctio? Culpa, voluptatem voluptates exercitationem sequi velit quaerat.', 'Owner', NULL, '2021-11-20 07:03:45', '2021-11-20 07:03:45', NULL),
(4, 'Deron Ortiz', 'Lorem ipsum dolor, sit amet consectetur adipisicing elit. Temporibus neque est nemo et ipsum fugiat, ab facere adipisci. Aliquam quibusdam molestias quisquam distinctio? Culpa, voluptatem voluptates exercitationem sequi velit quaerat.', 'Owner', NULL, '2021-11-20 07:03:45', '2021-11-20 07:03:45', NULL),
(5, 'Dr. Jailyn Feil', 'Lorem ipsum dolor, sit amet consectetur adipisicing elit. Temporibus neque est nemo et ipsum fugiat, ab facere adipisci. Aliquam quibusdam molestias quisquam distinctio? Culpa, voluptatem voluptates exercitationem sequi velit quaerat.', 'Owner', NULL, '2021-11-20 07:03:45', '2021-11-20 07:03:45', NULL);

-- --------------------------------------------------------

--
-- Table structure for table `testimonials`
--

CREATE TABLE `testimonials` (
  `id` int(10) UNSIGNED NOT NULL,
  `name` varchar(255) DEFAULT NULL,
  `details` text DEFAULT NULL,
  `image` varchar(255) DEFAULT NULL,
  `created_at` timestamp NULL DEFAULT NULL,
  `updated_at` timestamp NULL DEFAULT NULL,
  `deleted_at` timestamp NULL DEFAULT NULL
) ENGINE=InnoDB DEFAULT CHARSET=utf8 COLLATE=utf8_unicode_ci;

--
-- Dumping data for table `testimonials`
--

INSERT INTO `testimonials` (`id`, `name`, `details`, `image`, `created_at`, `updated_at`, `deleted_at`) VALUES
(1, 'Dahlia Goldner', 'Lorem ipsum dolor sit amet, consectetur adipisicing elit. Amet animi doloribus, repudiandae iusto magnam soluta voluptates, expedita aspernatur consectetur! Ex fugit ducimus itaque, quibusdam nemo in animi quae libero repellendus!', NULL, '2021-11-20 07:03:45', '2021-11-20 07:03:45', NULL),
(2, 'Franz Stokes', 'Lorem ipsum dolor sit amet, consectetur adipisicing elit. Amet animi doloribus, repudiandae iusto magnam soluta voluptates, expedita aspernatur consectetur! Ex fugit ducimus itaque, quibusdam nemo in animi quae libero repellendus!', NULL, '2021-11-20 07:03:45', '2021-11-20 07:03:45', NULL),
(3, 'Albert Gleason', 'Lorem ipsum dolor sit amet, consectetur adipisicing elit. Amet animi doloribus, repudiandae iusto magnam soluta voluptates, expedita aspernatur consectetur! Ex fugit ducimus itaque, quibusdam nemo in animi quae libero repellendus!', NULL, '2021-11-20 07:03:45', '2021-11-20 07:03:45', NULL),
(4, 'Vanessa Bechtelar PhD', 'Lorem ipsum dolor sit amet, consectetur adipisicing elit. Amet animi doloribus, repudiandae iusto magnam soluta voluptates, expedita aspernatur consectetur! Ex fugit ducimus itaque, quibusdam nemo in animi quae libero repellendus!', NULL, '2021-11-20 07:03:45', '2021-11-20 07:03:45', NULL),
(5, 'Adah Rau', 'Lorem ipsum dolor sit amet, consectetur adipisicing elit. Amet animi doloribus, repudiandae iusto magnam soluta voluptates, expedita aspernatur consectetur! Ex fugit ducimus itaque, quibusdam nemo in animi quae libero repellendus!', NULL, '2021-11-20 07:03:45', '2021-11-20 07:03:45', NULL);

-- --------------------------------------------------------

--
-- Table structure for table `twilio_settings`
--

CREATE TABLE `twilio_settings` (
  `id` bigint(20) UNSIGNED NOT NULL,
  `name` varchar(255) NOT NULL,
  `value` longtext NOT NULL,
  `created_at` timestamp NULL DEFAULT NULL,
  `updated_at` timestamp NULL DEFAULT NULL,
  `deleted_at` timestamp NULL DEFAULT NULL
) ENGINE=InnoDB DEFAULT CHARSET=utf8 COLLATE=utf8_unicode_ci;

--
-- Dumping data for table `twilio_settings`
--

INSERT INTO `twilio_settings` (`id`, `name`, `value`, `created_at`, `updated_at`, `deleted_at`) VALUES
(1, 'sid', '', '2021-11-20 07:04:11', '2021-11-20 07:04:11', NULL),
(2, 'token', '', '2021-11-20 07:04:11', '2021-11-20 07:04:11', NULL),
(3, 'from', '', '2021-11-20 07:04:11', '2021-11-20 07:04:11', NULL),
(4, 'customer_message', '', '2021-11-20 07:04:11', '2021-11-20 07:04:11', NULL),
(5, 'driver_message', '', '2021-11-20 07:04:11', '2021-11-20 07:04:11', NULL);

-- --------------------------------------------------------

--
-- Table structure for table `users`
--

CREATE TABLE `users` (
  `id` int(10) UNSIGNED NOT NULL,
  `user_id` int(11) DEFAULT NULL,
  `name` varchar(255) DEFAULT NULL,
  `email` varchar(95) DEFAULT NULL,
  `password` varchar(255) DEFAULT NULL,
  `user_type` varchar(255) DEFAULT NULL,
  `group_id` int(11) DEFAULT NULL,
  `api_token` varchar(60) NOT NULL,
  `remember_token` varchar(100) DEFAULT NULL,
  `created_at` timestamp NULL DEFAULT NULL,
  `updated_at` timestamp NULL DEFAULT NULL,
  `deleted_at` timestamp NULL DEFAULT NULL
) ENGINE=InnoDB DEFAULT CHARSET=utf8 COLLATE=utf8_unicode_ci;

--
-- Dumping data for table `users`
--

INSERT INTO `users` (`id`, `user_id`, `name`, `email`, `password`, `user_type`, `group_id`, `api_token`, `remember_token`, `created_at`, `updated_at`, `deleted_at`) VALUES
(1, 1, 'Super Administrator', 'master@admin.com', '$2y$10$oRVwGqjS7RT.ae9rLPlbwevOJz88d7mUuDE1vPtWEsHBevanPCq6q', 'S', NULL, 'vNjY40dy2vWTYJqPfsOGRW331lIU8OY2qfUrqL5Oo4RTxnIvsxT9ZVIHlXFv', 'uJZ34onlzCMbkejWCxnkb9vZAXFaAMh2ylSxRMRiXTTKyMDFvXVNA4ZxJo6z', '2021-11-20 07:03:48', '2021-11-20 07:03:48', NULL),
(2, 1, 'User One', 'user1@admin.com', '$2y$10$0yL5QM7IVdb3B6FUi3m2HugbnC5VK2HncZR0VGr1cvsSEV/Nc/pc.', 'O', 1, '1TxP6fg9WPYmPse2PaRggJUAyt0De9xOYUivQeiSC0N92GYEFVOviNfQq6Qk', NULL, '2021-11-20 07:03:48', '2021-11-20 07:03:48', NULL),
(3, 1, 'User Two', 'user2@admin.com', '$2y$10$JPAnaeoH1aw5NIoomGPHyOi03VVOl0y6/iU4Po0Q/d8HaKsOpoPK.', 'O', 1, 'dLlOOjzxTrYzA2N9IEJeduRXnpLwrARmnaXvwbtLtPCFgpcZgeYIfErCQ6ja', NULL, '2021-11-20 07:03:48', '2021-11-20 07:03:48', NULL),
(4, 1, 'Customer One', 'customer1@gmail.com', '$2y$10$bt3dPDa3tHjUkB.IDINUM.1lqfLy.3M.TTd2qVWDqF5P3wCrVlpLq', 'C', NULL, 'TuaPjW443femKIauadpE0VskcpvSwBke0dsS39YeOaiAAkS8rsek1vuXx9F3', NULL, '2021-11-20 07:03:49', '2021-11-20 07:03:49', NULL),
(5, 1, 'Customer Two', 'customer2@gmail.com', '$2y$10$tMH0pfSWraNZLp1.nGhhDOMPhyxjC.tNykK6eXxg88CEZF0Zm.mdW', 'C', NULL, '0G1fjlmammOVOA7hxpsXAtw0Wp1oWLPC2xCxrCQoqS14m0U2d26sGHw15LuX', NULL, '2021-11-20 07:03:49', '2021-11-20 07:03:49', NULL),
(6, 1, 'Mariah Bahringer', 'nbode@example.net', '$2y$10$mRsCYSZSMw0lAle/kxMjGODZ6nt/G3FzB75AUWsTKb7jdq9KXL9ny', 'D', NULL, '4vyb77kPNaiMyuPG63WUFctB2G3NPjPx1kgafzjBOWWnhEsVS8rScIg7s98O', '5aN4c0pRUd', '2021-11-20 07:04:12', '2021-11-20 07:04:12', NULL),
(7, 1, 'Leland Schuppe', 'oabshire@example.org', '$2y$10$8xlqNIYjbsuuTrMho/4AieRd4AO8XFKL0UpO9L1c/4REs40OlSCXS', 'D', NULL, 'rDQOs9u7J4HX9gRG9ba6SHpDfpcpNqxmKVuZmhgGAc9EK1Zbfs60cBepetsr', 'yX9YRQfvBJ', '2021-11-20 07:04:13', '2021-11-20 07:05:06', NULL),
(8, 1, 'Noelle Stafford', 'kedim@mailinator.com', '$2y$10$oRVwGqjS7RT.ae9rLPlbwevOJz88d7mUuDE1vPtWEsHBevanPCq6q', 'D', NULL, 'pN1iP2z5R3KnjTtk2QiJHES7saG5MvxswgHjCaCu9Ob2CR32is6dD98c0txL', NULL, '2021-11-22 23:01:58', '2021-11-22 23:01:58', NULL),
(9, NULL, 'test55 test55', 'test@t.com', '$2y$10$YTEBpfUCFGNK2eLqsDsYSutMuK88xd1LZezRuxJA.sOnc73oZVGfe', 'C', NULL, '6KCikBNM2VOrjPeFOXf6OyhnydsUkKphSp70KUafQ6FE3I5qXgIqFgImzluF', NULL, '2023-12-25 20:02:18', '2023-12-25 20:02:18', NULL),
(10, 1, 'Yaser Ibrahim', 'ibrahim.yaser5@gmail.com', '$2y$10$jFwvFj4Hwma2MkD8mlcqBeGdkUyc69zSyuwbvk.dpuftiRs6ns0T.', 'C', NULL, 'feDZE6tWOj0A7kvoaX9999UBHyeNF43MtXemgD9OA6DD3Sz8YYko77IBPjBZ', NULL, '2024-01-14 22:12:22', '2024-01-14 22:12:22', NULL),
(11, 1, 'Yaser 1 Ibrahim', 'ibrahim.yaser51@gmail.com', '$2y$10$PY4a.kzR1ID8WBy9L2qtK.KlXRyWw6gPWIbdsMOG7Ole6KaZQJvtC', 'C', NULL, 'NDslDNcXl6H98ztubwLCi2HP5nqmxP1MxWhNAgTPS6JM0mc5rsKDWyHoi4A2', NULL, '2024-01-17 20:46:29', '2024-01-17 20:46:29', NULL),
(12, 1, 'Mohamed Mahmoud', 'mohamed.mahmoud15935@gmail.com', '$2y$10$CmRbhSTA1hhP/a9QfiwWYeNvZmfhSccOb66zxgEz9kcOlZFdOrbKS', 'OV', NULL, 'pdIHjFQL3cUu7XwOYW7FZ5VAfMy0AYXOeQhYK8mc8myFvt78RMF9JcWcn8Lv', NULL, '2024-01-20 22:36:51', '2024-01-20 22:36:51', NULL);

-- --------------------------------------------------------

--
-- Table structure for table `users_meta`
--

CREATE TABLE `users_meta` (
  `id` int(10) UNSIGNED NOT NULL,
  `user_id` int(10) UNSIGNED NOT NULL,
  `type` varchar(255) NOT NULL DEFAULT 'null',
  `key` varchar(255) NOT NULL,
  `value` text DEFAULT NULL,
  `deleted_at` timestamp NULL DEFAULT NULL,
  `created_at` timestamp NULL DEFAULT NULL,
  `updated_at` timestamp NULL DEFAULT NULL
) ENGINE=InnoDB DEFAULT CHARSET=utf8 COLLATE=utf8_unicode_ci;

--
-- Dumping data for table `users_meta`
--

INSERT INTO `users_meta` (`id`, `user_id`, `type`, `key`, `value`, `deleted_at`, `created_at`, `updated_at`) VALUES
(1, 1, 'string', 'profile_image', 'no-user.jpg', NULL, '2021-11-20 07:03:48', '2021-11-20 07:03:48'),
(2, 1, 'string', 'module', 'a:15:{i:0;i:0;i:1;i:1;i:2;i:2;i:3;i:3;i:4;i:4;i:5;i:5;i:6;i:6;i:7;i:7;i:8;i:8;i:9;i:9;i:10;i:10;i:11;i:12;i:12;i:13;i:13;i:14;i:14;i:15;}', NULL, '2021-11-20 07:03:48', '2021-11-20 07:03:48'),
(3, 2, 'string', 'module', 'a:15:{i:0;i:0;i:1;i:1;i:2;i:2;i:3;i:3;i:4;i:4;i:5;i:5;i:6;i:6;i:7;i:7;i:8;i:8;i:9;i:9;i:10;i:10;i:11;i:12;i:12;i:13;i:13;i:14;i:14;i:15;}', NULL, '2021-11-20 07:03:48', '2021-11-20 07:03:48'),
(4, 3, 'string', 'module', 'a:15:{i:0;i:0;i:1;i:1;i:2;i:2;i:3;i:3;i:4;i:4;i:5;i:5;i:6;i:6;i:7;i:7;i:8;i:8;i:9;i:9;i:10;i:10;i:11;i:12;i:12;i:13;i:13;i:14;i:14;i:15;}', NULL, '2021-11-20 07:03:48', '2021-11-20 07:03:48'),
(5, 4, 'string', 'first_name', 'Customer', NULL, '2021-11-20 07:03:49', '2021-11-20 07:03:49'),
(6, 4, 'string', 'last_name', 'One', NULL, '2021-11-20 07:03:49', '2021-11-20 07:03:49'),
(7, 4, 'string', 'address', '728 Evalyn Knolls Apt. 119 Lake Jaydenville, MD 74979-3406', NULL, '2021-11-20 07:03:49', '2021-11-20 07:03:49'),
(8, 4, 'string', 'mobno', '8639379915669', NULL, '2021-11-20 07:03:49', '2021-11-20 07:03:49'),
(9, 4, 'integer', 'gender', '0', NULL, '2021-11-20 07:03:49', '2021-11-20 07:03:49'),
(10, 5, 'string', 'first_name', 'Customer', NULL, '2021-11-20 07:03:49', '2021-11-20 07:03:49'),
(11, 5, 'string', 'last_name', 'Two', NULL, '2021-11-20 07:03:49', '2021-11-20 07:03:49'),
(12, 5, 'string', 'address', '91158 Luigi Cliffs Lake Darby, MA 39627-1727', NULL, '2021-11-20 07:03:49', '2021-11-20 07:03:49'),
(13, 5, 'string', 'mobno', '9773607007903', NULL, '2021-11-20 07:03:49', '2021-11-20 07:03:49'),
(14, 5, 'integer', 'gender', '1', NULL, '2021-11-20 07:03:49', '2021-11-20 07:03:49'),
(15, 6, 'string', 'first_name', 'Mariah', NULL, '2021-11-20 07:04:13', '2021-11-20 07:04:13'),
(16, 6, 'string', 'last_name', 'Bahringer', NULL, '2021-11-20 07:04:13', '2021-11-20 07:04:13'),
(17, 6, 'string', 'address', '842 Dicki Run\nPort Lewis, DC 61595-0469', NULL, '2021-11-20 07:04:13', '2021-11-20 07:04:13'),
(18, 6, 'string', 'phone', '03057119344690', NULL, '2021-11-20 07:04:13', '2021-11-20 07:04:13'),
(19, 6, 'string', 'issue_date', '2021-11-20', NULL, '2021-11-20 07:04:14', '2021-11-20 07:04:14'),
(20, 6, 'string', 'exp_date', '2022-01-20', NULL, '2021-11-20 07:04:14', '2021-11-20 07:04:14'),
(21, 6, 'string', 'start_date', '2021-11-20', NULL, '2021-11-20 07:04:14', '2021-11-20 07:04:14'),
(22, 6, 'string', 'end_date', '2021-12-20', NULL, '2021-11-20 07:04:14', '2021-11-20 07:04:14'),
(23, 6, 'integer', 'license_number', '256612', NULL, '2021-11-20 07:04:14', '2021-11-20 07:04:14'),
(24, 6, 'integer', 'contract_number', '5296', NULL, '2021-11-20 07:04:14', '2021-11-20 07:04:14'),
(25, 6, 'integer', 'emp_id', '5732787', NULL, '2021-11-20 07:04:14', '2021-11-20 07:04:14'),
(26, 7, 'string', 'first_name', 'Leland', NULL, '2021-11-20 07:04:14', '2021-11-20 07:04:14'),
(27, 7, 'string', 'last_name', 'Schuppe', NULL, '2021-11-20 07:04:14', '2021-11-20 07:04:14'),
(28, 7, 'string', 'address', '798 Ariel Causeway\nSouth Amirbury, GA 81164', NULL, '2021-11-20 07:04:14', '2021-11-20 07:04:14'),
(29, 7, 'string', 'phone', '04450210557668', NULL, '2021-11-20 07:04:14', '2021-11-20 07:04:14'),
(30, 7, 'string', 'issue_date', '2021-11-20', NULL, '2021-11-20 07:04:14', '2021-11-20 07:04:14'),
(31, 7, 'string', 'exp_date', '2022-01-20', NULL, '2021-11-20 07:04:14', '2021-11-20 07:04:14'),
(32, 7, 'string', 'start_date', '2021-11-20', NULL, '2021-11-20 07:04:14', '2021-11-20 07:04:14'),
(33, 7, 'string', 'end_date', '2021-12-20', NULL, '2021-11-20 07:04:14', '2021-11-20 07:04:14'),
(34, 7, 'integer', 'license_number', '812157', NULL, '2021-11-20 07:04:14', '2021-11-20 07:04:14'),
(35, 7, 'integer', 'contract_number', '7824', NULL, '2021-11-20 07:04:14', '2021-11-20 07:04:14'),
(36, 7, 'integer', 'emp_id', '4157602', NULL, '2021-11-20 07:04:15', '2021-11-20 07:04:15'),
(37, 6, 'integer', 'vehicle_id', '1', NULL, '2021-11-20 07:04:15', '2021-11-20 07:04:15'),
(38, 8, 'string', '_token', 'WmxrHtHiGbjZKGrmU10ipMeLfMppXKbHXTPrJMJl', NULL, '2021-11-22 23:01:58', '2021-11-22 23:01:58'),
(39, 8, 'string', 'is_active', '1', NULL, '2021-11-22 23:01:58', '2021-11-22 23:01:58'),
(40, 8, 'string', 'is_available', '0', NULL, '2021-11-22 23:01:58', '2021-11-22 23:01:58'),
(41, 8, 'string', 'first_name', 'Noelle', NULL, '2021-11-22 23:01:58', '2021-11-22 23:01:58'),
(42, 8, 'string', 'middle_name', 'Mona Rutledge', NULL, '2021-11-22 23:01:59', '2021-11-22 23:01:59'),
(43, 8, 'string', 'last_name', 'Stafford', NULL, '2021-11-22 23:01:59', '2021-11-22 23:01:59'),
(44, 8, 'string', 'vehicle_id', '2', NULL, '2021-11-22 23:01:59', '2021-11-22 23:01:59'),
(45, 8, 'string', 'address', 'Esse neque quos qui', NULL, '2021-11-22 23:01:59', '2021-11-22 23:01:59'),
(46, 8, 'string', 'email', 'kedim@mailinator.com', NULL, '2021-11-22 23:01:59', '2021-11-22 23:01:59'),
(47, 8, 'string', 'phone_code', '+49', NULL, '2021-11-22 23:01:59', '2021-11-22 23:01:59'),
(48, 8, 'string', 'phone', '869', NULL, '2021-11-22 23:01:59', '2021-11-22 23:01:59'),
(49, 8, 'string', 'emp_id', 'Nisi sit ab ea plac', NULL, '2021-11-22 23:01:59', '2021-11-22 23:01:59'),
(50, 8, 'string', 'contract_number', '533', NULL, '2021-11-22 23:02:00', '2021-11-22 23:02:00'),
(51, 8, 'string', 'license_number', '417', NULL, '2021-11-22 23:02:00', '2021-11-22 23:02:00'),
(52, 8, 'string', 'issue_date', '2020-02-19', NULL, '2021-11-22 23:02:00', '2021-11-22 23:02:00'),
(53, 8, 'string', 'exp_date', '2022-05-15', NULL, '2021-11-22 23:02:00', '2021-11-22 23:02:00'),
(54, 8, 'string', 'start_date', '2006-07-24', NULL, '2021-11-22 23:02:00', '2021-11-22 23:02:00'),
(55, 8, 'string', 'end_date', '2022-02-11', NULL, '2021-11-22 23:02:00', '2021-11-22 23:02:00'),
(56, 8, 'string', 'password', 'password', NULL, '2021-11-22 23:02:00', '2021-11-22 23:02:00'),
(57, 8, 'string', 'gender', '1', NULL, '2021-11-22 23:02:00', '2021-11-22 23:02:00'),
(58, 8, 'string', 'econtact', 'Et placeat excepteu', NULL, '2021-11-22 23:02:00', '2021-11-22 23:02:00'),
(59, 1, 'string', 'language', 'English-en', NULL, '2021-11-22 23:03:04', '2024-01-08 14:27:34'),
(60, 9, 'string', 'first_name', 'test55', NULL, '2023-12-25 20:02:18', '2023-12-25 20:02:18'),
(61, 9, 'string', 'last_name', 'test55', NULL, '2023-12-25 20:02:18', '2023-12-25 20:02:18'),
(62, 9, 'string', 'address', 'test', NULL, '2023-12-25 20:02:18', '2023-12-25 20:02:18'),
(63, 9, 'string', 'mobno', '1003209934', NULL, '2023-12-25 20:02:18', '2023-12-25 20:02:18'),
(64, 9, 'string', 'gender', '1', NULL, '2023-12-25 20:02:18', '2023-12-25 20:02:18'),
(65, 10, 'string', 'first_name', 'Yaser', NULL, '2024-01-14 22:12:22', '2024-01-14 22:12:22'),
(66, 10, 'string', 'last_name', 'Ibrahim', NULL, '2024-01-14 22:12:22', '2024-01-14 22:12:22'),
(67, 10, 'string', 'address', 'S', NULL, '2024-01-14 22:12:22', '2024-01-14 22:12:22'),
(68, 10, 'string', 'mobno', '6767715678', NULL, '2024-01-14 22:12:22', '2024-01-14 22:12:22'),
(69, 10, 'string', 'gender', '1', NULL, '2024-01-14 22:12:22', '2024-01-14 22:12:22'),
(70, 11, 'string', 'first_name', 'Yaser 1', NULL, '2024-01-17 20:46:29', '2024-01-17 20:46:29'),
(71, 11, 'string', 'last_name', 'Ibrahim', NULL, '2024-01-17 20:46:29', '2024-01-17 20:46:29'),
(72, 11, 'string', 'mobno', '00436767715678', NULL, '2024-01-17 20:46:29', '2024-01-17 20:46:29'),
(73, 11, 'string', 'gender', '1', NULL, '2024-01-17 20:46:29', '2024-01-17 20:46:29'),
(74, 11, 'string', 'way_contact', 'Whats', NULL, '2024-01-17 20:46:29', '2024-01-17 20:46:29'),
(75, 12, 'string', 'first_name', 'Mohamed', NULL, '2024-01-20 22:36:51', '2024-01-20 22:36:51'),
(76, 12, 'string', 'last_name', 'Mahmoud', NULL, '2024-01-20 22:36:51', '2024-01-20 22:36:51'),
(77, 12, 'string', 'mobno', '01003209935', NULL, '2024-01-20 22:36:51', '2024-01-20 22:36:51');

-- --------------------------------------------------------

--
-- Table structure for table `vehicles`
--

CREATE TABLE `vehicles` (
  `id` int(10) UNSIGNED NOT NULL,
  `make_name` varchar(100) DEFAULT NULL,
  `model_name` varchar(100) DEFAULT NULL,
  `color_name` varchar(100) DEFAULT NULL,
  `year` varchar(255) DEFAULT NULL,
  `group_id` int(11) DEFAULT NULL,
  `lic_exp_date` date DEFAULT NULL,
  `reg_exp_date` date DEFAULT NULL,
  `vehicle_image` varchar(255) DEFAULT NULL,
  `engine_type` varchar(255) DEFAULT NULL,
  `horse_power` varchar(255) DEFAULT NULL,
  `travellers` int(11) NOT NULL,
  `vin` varchar(255) DEFAULT NULL,
  `license_plate` varchar(255) NOT NULL,
  `mileage` int(11) DEFAULT NULL,
  `in_service` tinyint(4) DEFAULT 0,
  `user_id` int(11) DEFAULT NULL,
  `created_at` timestamp NULL DEFAULT NULL,
  `updated_at` timestamp NULL DEFAULT NULL,
  `deleted_at` timestamp NULL DEFAULT NULL,
  `int_mileage` int(11) DEFAULT NULL,
  `type_id` int(11) DEFAULT NULL
) ENGINE=InnoDB DEFAULT CHARSET=utf8 COLLATE=utf8_unicode_ci;

--
-- Dumping data for table `vehicles`
--

INSERT INTO `vehicles` (`id`, `make_name`, `model_name`, `color_name`, `year`, `group_id`, `lic_exp_date`, `reg_exp_date`, `vehicle_image`, `engine_type`, `horse_power`, `travellers`, `vin`, `license_plate`, `mileage`, `in_service`, `user_id`, `created_at`, `updated_at`, `deleted_at`, `int_mileage`, `type_id`) VALUES
(1, 'Tata', 'Punch', 'Red', '2015', 1, '2022-07-28', '2022-04-19', '32cca23d-8cd6-4af8-9b2b-813b3a07409c.jpeg', 'Petrol', '190', 2, '2342342', '9191bh', 45464, 1, 1, '2021-11-20 07:03:50', '2024-01-14 21:30:06', NULL, 50, 3),
(2, 'Maruti', 'Suzuki', 'Blue', '2012', 1, '2022-11-20', '2022-02-18', 'car1.png', 'Petrol', '150', 3, '124578', '1245ab', 45464, 1, 1, '2021-11-20 07:03:50', '2024-01-14 21:30:00', NULL, 40, 3),
(3, 'Mercedes Benz', 'Vito', 'Black', '2022', 1, '2025-03-29', '2023-12-31', NULL, 'Diesel', '2', 9, '2', '2', NULL, 1, 1, '2024-01-06 19:38:14', '2024-01-14 22:48:56', NULL, 2, 3),
(4, 'Mercedes Benz', 'GLE', 'Dark Blue', '2023', 2, '2024-01-31', '2024-12-31', '32cca23d-8cd6-4af8-9b2b-813b3a07409c.jpeg', 'Diesel', '220', 5, '1111', 'W-81797N', NULL, 1, 1, '2024-01-14 19:44:50', '2024-01-14 22:49:19', NULL, 20000, 5);

-- --------------------------------------------------------

--
-- Table structure for table `vehicles_meta`
--

CREATE TABLE `vehicles_meta` (
  `id` int(10) UNSIGNED NOT NULL,
  `vehicle_id` int(10) UNSIGNED NOT NULL,
  `type` varchar(255) NOT NULL DEFAULT 'null',
  `key` varchar(255) NOT NULL,
  `value` longtext DEFAULT NULL,
  `deleted_at` timestamp NULL DEFAULT NULL,
  `created_at` timestamp NULL DEFAULT NULL,
  `updated_at` timestamp NULL DEFAULT NULL
) ENGINE=InnoDB DEFAULT CHARSET=utf8 COLLATE=utf8_unicode_ci;

--
-- Dumping data for table `vehicles_meta`
--

INSERT INTO `vehicles_meta` (`id`, `vehicle_id`, `type`, `key`, `value`, `deleted_at`, `created_at`, `updated_at`) VALUES
(1, 1, 'integer', 'driver_id', '6', NULL, '2021-11-20 07:03:50', '2021-11-20 07:03:50'),
(2, 1, 'double', 'average', '35.45', NULL, '2021-11-20 07:03:50', '2021-11-20 07:03:50'),
(3, 1, 'string', 'ins_number', '70651', NULL, '2021-11-20 07:03:50', '2021-11-20 07:03:50'),
(4, 1, 'string', 'ins_exp_date', '2022-05-29', NULL, '2021-11-20 07:03:50', '2021-11-20 07:03:50'),
(5, 2, 'double', 'average', '42.5', NULL, '2021-11-20 07:03:50', '2021-11-20 07:03:50'),
(6, 2, 'string', 'ins_number', '36945', NULL, '2021-11-20 07:03:50', '2021-11-20 07:03:50'),
(7, 2, 'string', 'ins_exp_date', '2022-05-29', NULL, '2021-11-20 07:03:50', '2021-11-20 07:03:50'),
(8, 2, 'integer', 'driver_id', '8', NULL, '2021-11-22 23:02:01', '2021-11-22 23:02:01'),
(9, 3, 'string', 'ins_number', '', NULL, '2024-01-06 19:38:14', '2024-01-06 19:38:14'),
(10, 3, 'string', 'ins_exp_date', '', NULL, '2024-01-06 19:38:14', '2024-01-06 19:38:14'),
(11, 3, 'string', 'documents', '', NULL, '2024-01-06 19:38:14', '2024-01-06 19:38:14'),
(12, 3, 'NULL', 'traccar_device_id', NULL, NULL, '2024-01-06 19:38:14', '2024-01-06 19:38:14'),
(13, 3, 'NULL', 'traccar_vehicle_id', NULL, NULL, '2024-01-06 19:38:14', '2024-01-06 19:38:14'),
(14, 3, 'string', 'udf', 'N;', NULL, '2024-01-06 19:38:14', '2024-01-06 19:38:14'),
(15, 3, 'string', 'average', '2', NULL, '2024-01-06 19:38:14', '2024-01-06 19:38:14'),
(16, 4, 'string', 'ins_number', '', NULL, '2024-01-14 19:44:50', '2024-01-14 19:44:50'),
(17, 4, 'string', 'ins_exp_date', '', NULL, '2024-01-14 19:44:50', '2024-01-14 19:44:50'),
(18, 4, 'string', 'documents', '', NULL, '2024-01-14 19:44:50', '2024-01-14 19:44:50'),
(19, 4, 'string', 'traccar_device_id', '1111', NULL, '2024-01-14 19:44:50', '2024-01-14 19:44:50'),
(20, 4, 'NULL', 'traccar_vehicle_id', NULL, NULL, '2024-01-14 19:44:50', '2024-01-14 19:44:50'),
(21, 4, 'string', 'udf', 'N;', NULL, '2024-01-14 19:44:50', '2024-01-14 19:44:50'),
(22, 4, 'string', 'average', '1', NULL, '2024-01-14 19:44:50', '2024-01-14 19:44:50'),
(23, 4, 'string', 'assign_office_id', '6', NULL, '2024-01-20 22:37:03', '2024-01-20 22:37:03');

-- --------------------------------------------------------

--
-- Table structure for table `vehicle_group`
--

CREATE TABLE `vehicle_group` (
  `id` int(10) UNSIGNED NOT NULL,
  `user_id` int(11) DEFAULT NULL,
  `name` varchar(50) DEFAULT NULL,
  `description` text DEFAULT NULL,
  `note` text DEFAULT NULL,
  `deleted_at` timestamp NULL DEFAULT NULL,
  `created_at` timestamp NULL DEFAULT NULL,
  `updated_at` timestamp NULL DEFAULT NULL
) ENGINE=InnoDB DEFAULT CHARSET=utf8 COLLATE=utf8_unicode_ci;

--
-- Dumping data for table `vehicle_group`
--

INSERT INTO `vehicle_group` (`id`, `user_id`, `name`, `description`, `note`, `deleted_at`, `created_at`, `updated_at`) VALUES
(1, 1, 'Default', 'Default vehicle group', 'Default vehicle group', NULL, '2021-11-20 07:03:49', '2021-11-20 07:03:49'),
(2, 1, 'PRSU', 'Premium SUV Cars', 'Premium SUV Cars: up to 100.000€', NULL, '2024-01-14 19:36:13', '2024-01-14 19:36:13');

-- --------------------------------------------------------

--
-- Table structure for table `vehicle_review`
--

CREATE TABLE `vehicle_review` (
  `id` int(10) UNSIGNED NOT NULL,
  `vehicle_id` int(11) NOT NULL,
  `user_id` int(11) DEFAULT NULL,
  `reg_no` varchar(255) DEFAULT NULL,
  `kms_outgoing` int(11) DEFAULT NULL,
  `kms_incoming` int(11) DEFAULT NULL,
  `fuel_level_out` int(11) DEFAULT NULL,
  `fuel_level_in` int(11) DEFAULT NULL,
  `datetime_outgoing` datetime DEFAULT NULL,
  `datetime_incoming` datetime DEFAULT NULL,
  `petrol_card` text DEFAULT NULL,
  `lights` text DEFAULT NULL,
  `invertor` text DEFAULT NULL,
  `car_mats` text DEFAULT NULL,
  `int_damage` text DEFAULT NULL,
  `int_lights` text DEFAULT NULL,
  `ext_car` text DEFAULT NULL,
  `tyre` text DEFAULT NULL,
  `ladder` text DEFAULT NULL,
  `leed` text DEFAULT NULL,
  `power_tool` text DEFAULT NULL,
  `ac` text DEFAULT NULL,
  `head_light` text DEFAULT NULL,
  `lock` text DEFAULT NULL,
  `windows` text DEFAULT NULL,
  `condition` text DEFAULT NULL,
  `oil_chk` text DEFAULT NULL,
  `suspension` text DEFAULT NULL,
  `tool_box` text DEFAULT NULL,
  `image` varchar(255) DEFAULT NULL,
  `deleted_at` timestamp NULL DEFAULT NULL,
  `created_at` timestamp NULL DEFAULT NULL,
  `updated_at` timestamp NULL DEFAULT NULL,
  `udf` varchar(255) DEFAULT NULL
) ENGINE=InnoDB DEFAULT CHARSET=utf8 COLLATE=utf8_unicode_ci;

--
-- Dumping data for table `vehicle_review`
--

INSERT INTO `vehicle_review` (`id`, `vehicle_id`, `user_id`, `reg_no`, `kms_outgoing`, `kms_incoming`, `fuel_level_out`, `fuel_level_in`, `datetime_outgoing`, `datetime_incoming`, `petrol_card`, `lights`, `invertor`, `car_mats`, `int_damage`, `int_lights`, `ext_car`, `tyre`, `ladder`, `leed`, `power_tool`, `ac`, `head_light`, `lock`, `windows`, `condition`, `oil_chk`, `suspension`, `tool_box`, `image`, `deleted_at`, `created_at`, `updated_at`, `udf`) VALUES
(1, 2, 8, '875', 15, 65, 3, 1, '2019-12-09 00:00:00', '1977-04-28 00:00:00', 'a:2:{s:4:\"flag\";s:1:\"1\";s:4:\"text\";s:20:\"Omnis facere aut cil\";}', 'a:2:{s:4:\"flag\";s:1:\"0\";s:4:\"text\";s:19:\"Obcaecati obcaecati\";}', 'a:2:{s:4:\"flag\";s:1:\"0\";s:4:\"text\";s:20:\"Quis doloremque repe\";}', 'a:2:{s:4:\"flag\";s:1:\"0\";s:4:\"text\";s:19:\"Fugit commodi quide\";}', 'a:2:{s:4:\"flag\";s:1:\"0\";s:4:\"text\";s:20:\"Numquam deserunt qui\";}', 'a:2:{s:4:\"flag\";s:1:\"0\";s:4:\"text\";s:20:\"Cupiditate dignissim\";}', 'a:2:{s:4:\"flag\";s:1:\"1\";s:4:\"text\";s:19:\"Quibusdam dicta qui\";}', 'a:2:{s:4:\"flag\";s:1:\"0\";s:4:\"text\";s:19:\"Necessitatibus fuga\";}', 'a:2:{s:4:\"flag\";s:1:\"1\";s:4:\"text\";s:20:\"Ut ut ullam omnis ad\";}', 'a:2:{s:4:\"flag\";s:1:\"0\";s:4:\"text\";s:20:\"Adipisci irure offic\";}', 'a:2:{s:4:\"flag\";s:1:\"1\";s:4:\"text\";s:19:\"Fuga Aperiam quaera\";}', 'a:2:{s:4:\"flag\";s:1:\"0\";s:4:\"text\";s:20:\"Ea ea modi earum ali\";}', 'a:2:{s:4:\"flag\";s:1:\"0\";s:4:\"text\";s:20:\"Nisi dolor officia e\";}', 'a:2:{s:4:\"flag\";s:1:\"1\";s:4:\"text\";s:19:\"Unde nisi culpa con\";}', 'a:2:{s:4:\"flag\";s:1:\"1\";s:4:\"text\";s:20:\"Quisquam eiusmod deb\";}', 'a:2:{s:4:\"flag\";s:1:\"0\";s:4:\"text\";s:20:\"Ex in beatae consequ\";}', 'a:2:{s:4:\"flag\";s:1:\"1\";s:4:\"text\";s:20:\"Do est ad et aliquid\";}', 'a:2:{s:4:\"flag\";s:1:\"0\";s:4:\"text\";s:19:\"Dolores ut eligendi\";}', 'a:2:{s:4:\"flag\";s:1:\"1\";s:4:\"text\";s:20:\"Doloremque dolores e\";}', NULL, '2024-01-14 21:30:00', '2021-11-22 23:02:36', '2024-01-14 21:30:00', 'N;');

-- --------------------------------------------------------

--
-- Table structure for table `vehicle_types`
--

CREATE TABLE `vehicle_types` (
  `id` int(10) UNSIGNED NOT NULL,
  `vehicletype` varchar(255) DEFAULT NULL,
  `displayname` varchar(255) DEFAULT NULL,
  `icon` varchar(255) DEFAULT NULL,
  `isenable` int(11) DEFAULT NULL,
  `seats` int(11) DEFAULT NULL,
  `created_at` timestamp NULL DEFAULT NULL,
  `updated_at` timestamp NULL DEFAULT NULL,
  `deleted_at` timestamp NULL DEFAULT NULL
) ENGINE=InnoDB DEFAULT CHARSET=utf8 COLLATE=utf8_unicode_ci;

--
-- Dumping data for table `vehicle_types`
--

INSERT INTO `vehicle_types` (`id`, `vehicletype`, `displayname`, `icon`, `isenable`, `seats`, `created_at`, `updated_at`, `deleted_at`) VALUES
(1, 'Hatchback', 'Hatchback', NULL, 1, 4, '2021-11-20 07:03:46', '2021-11-20 07:03:46', NULL),
(2, 'Sedan', 'Sedan', NULL, 1, 4, '2021-11-20 07:03:47', '2021-11-20 07:03:47', NULL),
(3, 'Mini van', 'Mini van', NULL, 1, 7, '2021-11-20 07:03:47', '2021-11-20 07:03:47', NULL),
(4, 'Saloon', 'Saloon', NULL, 1, 4, '2021-11-20 07:03:47', '2021-11-20 07:03:47', NULL),
(5, 'SUV', 'SUV', NULL, 1, 4, '2021-11-20 07:03:48', '2021-11-20 07:03:48', NULL),
(6, 'Bus', 'Bus', NULL, 1, 40, '2021-11-20 07:03:48', '2021-11-20 07:03:48', NULL),
(7, 'Truck', 'Truck', NULL, 1, 3, '2021-11-20 07:03:48', '2021-11-20 07:03:48', NULL);

-- --------------------------------------------------------

--
-- Table structure for table `vendors`
--

CREATE TABLE `vendors` (
  `id` int(10) UNSIGNED NOT NULL,
  `user_id` int(11) DEFAULT NULL,
  `name` varchar(255) DEFAULT NULL,
  `photo` varchar(255) DEFAULT NULL,
  `type` varchar(255) DEFAULT NULL,
  `website` varchar(255) DEFAULT NULL,
  `custom_type` varchar(255) DEFAULT NULL,
  `note` text DEFAULT NULL,
  `phone` varchar(255) DEFAULT NULL,
  `address1` varchar(255) DEFAULT NULL,
  `address2` varchar(255) DEFAULT NULL,
  `city` varchar(255) DEFAULT NULL,
  `province` varchar(255) DEFAULT NULL,
  `email` varchar(255) DEFAULT NULL,
  `deleted_at` timestamp NULL DEFAULT NULL,
  `created_at` timestamp NULL DEFAULT NULL,
  `updated_at` timestamp NULL DEFAULT NULL,
  `udf` text DEFAULT NULL,
  `country` varchar(255) DEFAULT NULL,
  `postal_code` varchar(255) DEFAULT NULL
) ENGINE=InnoDB DEFAULT CHARSET=utf8 COLLATE=utf8_unicode_ci;

--
-- Dumping data for table `vendors`
--

INSERT INTO `vendors` (`id`, `user_id`, `name`, `photo`, `type`, `website`, `custom_type`, `note`, `phone`, `address1`, `address2`, `city`, `province`, `email`, `deleted_at`, `created_at`, `updated_at`, `udf`, `country`, `postal_code`) VALUES
(1, 1, 'Prof. Hiram Kovacek', NULL, 'Fuel', 'http://www.example.com', NULL, 'default vendor', '04401670207973', '64150 Bonnie Way\nWest Nolan, MA 17783-5065', NULL, 'Satterfieldland', NULL, 'eladio99@example.org', NULL, '2021-11-20 07:04:11', '2021-11-20 07:04:11', NULL, NULL, NULL),
(2, 1, 'Melyssa Yost DDS', NULL, 'Parts', 'http://www.example.com', NULL, 'default vendor', '09923748210738', '3016 Newell Manors Suite 126\nWest Jackelineland, CO 52293-3742', NULL, 'West Raoul', NULL, 'williamson.melany@example.org', NULL, '2021-11-20 07:04:12', '2021-11-20 07:04:12', NULL, NULL, NULL);

-- --------------------------------------------------------

--
-- Table structure for table `work_orders`
--

CREATE TABLE `work_orders` (
  `id` int(10) UNSIGNED NOT NULL,
  `user_id` int(11) DEFAULT NULL,
  `created_on` date DEFAULT NULL,
  `required_by` date DEFAULT NULL,
  `vehicle_id` int(11) DEFAULT NULL,
  `vendor_id` int(11) DEFAULT NULL,
  `price` double(8,2) DEFAULT NULL,
  `status` varchar(255) DEFAULT NULL,
  `description` text DEFAULT NULL,
  `meter` int(11) DEFAULT NULL,
  `note` text DEFAULT NULL,
  `deleted_at` timestamp NULL DEFAULT NULL,
  `created_at` timestamp NULL DEFAULT NULL,
  `updated_at` timestamp NULL DEFAULT NULL,
  `mechanic_id` int(11) DEFAULT NULL
) ENGINE=InnoDB DEFAULT CHARSET=utf8 COLLATE=utf8_unicode_ci;

--
-- Dumping data for table `work_orders`
--

INSERT INTO `work_orders` (`id`, `user_id`, `created_on`, `required_by`, `vehicle_id`, `vendor_id`, `price`, `status`, `description`, `meter`, `note`, `deleted_at`, `created_at`, `updated_at`, `mechanic_id`) VALUES
(1, 1, '2021-11-20', '2021-11-25', 2, 1, 2000.00, 'Pending', 'Sample work order', 1398, 'sample work order', NULL, '2021-11-20 07:04:12', '2021-11-20 07:04:12', 1),
(2, 1, '2021-11-20', '2021-11-25', 1, 2, 3000.00, 'Pending', 'Sample work order', 2389, 'sample work order', NULL, '2021-11-20 07:04:12', '2021-11-20 07:04:12', 2);

-- --------------------------------------------------------

--
-- Table structure for table `work_order_logs`
--

CREATE TABLE `work_order_logs` (
  `id` int(10) UNSIGNED NOT NULL,
  `user_id` int(11) DEFAULT NULL,
  `created_on` date DEFAULT NULL,
  `required_by` date DEFAULT NULL,
  `vehicle_id` int(11) DEFAULT NULL,
  `vendor_id` int(11) DEFAULT NULL,
  `price` double(8,2) DEFAULT NULL,
  `status` varchar(255) DEFAULT NULL,
  `type` varchar(255) DEFAULT NULL,
  `description` text DEFAULT NULL,
  `meter` int(11) DEFAULT NULL,
  `note` text DEFAULT NULL,
  `created_at` timestamp NULL DEFAULT NULL,
  `updated_at` timestamp NULL DEFAULT NULL,
  `parts_price` double DEFAULT 0,
  `mechanic_id` int(11) DEFAULT NULL
) ENGINE=InnoDB DEFAULT CHARSET=utf8 COLLATE=utf8_unicode_ci;

--
-- Indexes for dumped tables
--

--
-- Indexes for table `addresses`
--
ALTER TABLE `addresses`
  ADD PRIMARY KEY (`id`),
  ADD KEY `addresses_customer_id_index` (`customer_id`);

--
-- Indexes for table `api_settings`
--
ALTER TABLE `api_settings`
  ADD PRIMARY KEY (`id`),
  ADD KEY `api_settings_key_name_index` (`key_name`);

--
-- Indexes for table `bookings`
--
ALTER TABLE `bookings`
  ADD PRIMARY KEY (`id`),
  ADD KEY `bookings_customer_id_driver_id_vehicle_id_user_id_index` (`customer_id`,`driver_id`,`vehicle_id`,`user_id`),
  ADD KEY `bookings_payment_status_index` (`payment`,`status`);

--
-- Indexes for table `bookings_meta`
--
ALTER TABLE `bookings_meta`
  ADD PRIMARY KEY (`id`),
  ADD KEY `bookings_meta_booking_id_index` (`booking_id`),
  ADD KEY `bookings_meta_key_index` (`key`);

--
-- Indexes for table `booking_income`
--
ALTER TABLE `booking_income`
  ADD PRIMARY KEY (`id`),
  ADD KEY `booking_income_booking_id_income_id_index` (`booking_id`,`income_id`);

--
-- Indexes for table `booking_payments`
--
ALTER TABLE `booking_payments`
  ADD PRIMARY KEY (`id`);

--
-- Indexes for table `booking_quotation`
--
ALTER TABLE `booking_quotation`
  ADD PRIMARY KEY (`id`),
  ADD KEY `booking_quotation_customer_id_user_id_vehicle_id_driver_id_index` (`customer_id`,`user_id`,`vehicle_id`,`driver_id`),
  ADD KEY `booking_quotation_status_payment_index` (`status`,`payment`);

--
-- Indexes for table `chat_settings`
--
ALTER TABLE `chat_settings`
  ADD PRIMARY KEY (`id`);

--
-- Indexes for table `city`
--
ALTER TABLE `city`
  ADD PRIMARY KEY (`id`);

--
-- Indexes for table `city_distance`
--
ALTER TABLE `city_distance`
  ADD PRIMARY KEY (`id`);

--
-- Indexes for table `city_form_city_to_duration_vehicle_service`
--
ALTER TABLE `city_form_city_to_duration_vehicle_service`
  ADD PRIMARY KEY (`id`);

--
-- Indexes for table `company_services`
--
ALTER TABLE `company_services`
  ADD PRIMARY KEY (`id`);

--
-- Indexes for table `driver_logs`
--
ALTER TABLE `driver_logs`
  ADD PRIMARY KEY (`id`),
  ADD KEY `driver_logs_driver_id_vehicle_id_index` (`driver_id`,`vehicle_id`);

--
-- Indexes for table `driver_payments`
--
ALTER TABLE `driver_payments`
  ADD PRIMARY KEY (`id`),
  ADD KEY `driver_payments_driver_id_user_id_index` (`driver_id`,`user_id`);

--
-- Indexes for table `driver_vehicle`
--
ALTER TABLE `driver_vehicle`
  ADD PRIMARY KEY (`id`),
  ADD KEY `driver_vehicle_driver_id_vehicle_id_index` (`driver_id`,`vehicle_id`);

--
-- Indexes for table `duration`
--
ALTER TABLE `duration`
  ADD PRIMARY KEY (`id`);

--
-- Indexes for table `email_content`
--
ALTER TABLE `email_content`
  ADD PRIMARY KEY (`id`),
  ADD KEY `email_content_key_index` (`key`);

--
-- Indexes for table `expense`
--
ALTER TABLE `expense`
  ADD PRIMARY KEY (`id`),
  ADD KEY `expense_vehicle_id_exp_id_user_id_expense_type_index` (`vehicle_id`,`exp_id`,`user_id`,`expense_type`),
  ADD KEY `expense_type_index` (`type`),
  ADD KEY `expense_date_index` (`date`);

--
-- Indexes for table `expense_cat`
--
ALTER TABLE `expense_cat`
  ADD PRIMARY KEY (`id`),
  ADD KEY `expense_cat_name_type_index` (`name`,`type`);

--
-- Indexes for table `fare_settings`
--
ALTER TABLE `fare_settings`
  ADD PRIMARY KEY (`id`),
  ADD KEY `fare_settings_key_name_index` (`key_name`),
  ADD KEY `fare_settings_type_id_index` (`type_id`);

--
-- Indexes for table `frontend`
--
ALTER TABLE `frontend`
  ADD PRIMARY KEY (`id`),
  ADD KEY `frontend_key_name_index` (`key_name`);

--
-- Indexes for table `fuel`
--
ALTER TABLE `fuel`
  ADD PRIMARY KEY (`id`),
  ADD KEY `fuel_vehicle_id_user_id_index` (`vehicle_id`,`user_id`),
  ADD KEY `fuel_date_index` (`date`);

--
-- Indexes for table `income`
--
ALTER TABLE `income`
  ADD PRIMARY KEY (`id`),
  ADD KEY `income_vehicle_id_income_id_user_id_income_cat_index` (`vehicle_id`,`income_id`,`user_id`,`income_cat`),
  ADD KEY `income_date_index` (`date`);

--
-- Indexes for table `income_cat`
--
ALTER TABLE `income_cat`
  ADD PRIMARY KEY (`id`),
  ADD KEY `income_cat_name_type_index` (`name`,`type`);

--
-- Indexes for table `limousine_booking`
--
ALTER TABLE `limousine_booking`
  ADD PRIMARY KEY (`id`);

--
-- Indexes for table `mechanics`
--
ALTER TABLE `mechanics`
  ADD PRIMARY KEY (`id`);

--
-- Indexes for table `message`
--
ALTER TABLE `message`
  ADD PRIMARY KEY (`id`);

--
-- Indexes for table `messages`
--
ALTER TABLE `messages`
  ADD PRIMARY KEY (`id`),
  ADD KEY `from_user` (`from_user`),
  ADD KEY `to_user` (`to_user`);

--
-- Indexes for table `migrations`
--
ALTER TABLE `migrations`
  ADD PRIMARY KEY (`id`);

--
-- Indexes for table `model_has_permissions`
--
ALTER TABLE `model_has_permissions`
  ADD PRIMARY KEY (`permission_id`,`model_id`,`model_type`),
  ADD KEY `model_has_permissions_model_id_model_type_index` (`model_id`,`model_type`);

--
-- Indexes for table `model_has_roles`
--
ALTER TABLE `model_has_roles`
  ADD PRIMARY KEY (`role_id`,`model_id`,`model_type`),
  ADD KEY `model_has_roles_model_id_model_type_index` (`model_id`,`model_type`);

--
-- Indexes for table `notes`
--
ALTER TABLE `notes`
  ADD PRIMARY KEY (`id`),
  ADD KEY `notes_vehicle_id_customer_id_index` (`vehicle_id`,`customer_id`);

--
-- Indexes for table `notifications`
--
ALTER TABLE `notifications`
  ADD PRIMARY KEY (`id`),
  ADD KEY `notifications_notifiable_type_notifiable_id_index` (`notifiable_type`,`notifiable_id`),
  ADD KEY `notifications_type_index` (`type`);

--
-- Indexes for table `oauth_access_tokens`
--
ALTER TABLE `oauth_access_tokens`
  ADD PRIMARY KEY (`id`),
  ADD KEY `oauth_access_tokens_user_id_index` (`user_id`);

--
-- Indexes for table `oauth_auth_codes`
--
ALTER TABLE `oauth_auth_codes`
  ADD PRIMARY KEY (`id`);

--
-- Indexes for table `oauth_clients`
--
ALTER TABLE `oauth_clients`
  ADD PRIMARY KEY (`id`),
  ADD KEY `oauth_clients_user_id_index` (`user_id`);

--
-- Indexes for table `oauth_personal_access_clients`
--
ALTER TABLE `oauth_personal_access_clients`
  ADD PRIMARY KEY (`id`),
  ADD KEY `oauth_personal_access_clients_client_id_index` (`client_id`);

--
-- Indexes for table `oauth_refresh_tokens`
--
ALTER TABLE `oauth_refresh_tokens`
  ADD PRIMARY KEY (`id`),
  ADD KEY `oauth_refresh_tokens_access_token_id_index` (`access_token_id`);

--
-- Indexes for table `office`
--
ALTER TABLE `office`
  ADD PRIMARY KEY (`id`);

--
-- Indexes for table `office_vehicle`
--
ALTER TABLE `office_vehicle`
  ADD PRIMARY KEY (`id`);

--
-- Indexes for table `parts`
--
ALTER TABLE `parts`
  ADD PRIMARY KEY (`id`),
  ADD KEY `parts_category_id_user_id_availability_index` (`category_id`,`user_id`,`availability`);

--
-- Indexes for table `parts_category`
--
ALTER TABLE `parts_category`
  ADD PRIMARY KEY (`id`);

--
-- Indexes for table `parts_used`
--
ALTER TABLE `parts_used`
  ADD PRIMARY KEY (`id`),
  ADD KEY `parts_used_part_id_work_id_index` (`part_id`,`work_id`);

--
-- Indexes for table `password_resets`
--
ALTER TABLE `password_resets`
  ADD KEY `password_resets_email_index` (`email`);

--
-- Indexes for table `payment_settings`
--
ALTER TABLE `payment_settings`
  ADD PRIMARY KEY (`id`),
  ADD UNIQUE KEY `payment_settings_name_unique` (`name`);

--
-- Indexes for table `permissions`
--
ALTER TABLE `permissions`
  ADD PRIMARY KEY (`id`);

--
-- Indexes for table `push_notification`
--
ALTER TABLE `push_notification`
  ADD PRIMARY KEY (`id`),
  ADD KEY `push_notification_user_id_index` (`user_id`),
  ADD KEY `push_notification_user_type_index` (`user_type`);

--
-- Indexes for table `push_subscriptions`
--
ALTER TABLE `push_subscriptions`
  ADD PRIMARY KEY (`id`),
  ADD UNIQUE KEY `push_subscriptions_endpoint_unique` (`endpoint`),
  ADD KEY `push_subscriptions_subscribable_type_subscribable_id_index` (`subscribable_type`,`subscribable_id`);

--
-- Indexes for table `reasons`
--
ALTER TABLE `reasons`
  ADD PRIMARY KEY (`id`);

--
-- Indexes for table `reviews`
--
ALTER TABLE `reviews`
  ADD PRIMARY KEY (`id`),
  ADD KEY `reviews_user_id_booking_id_driver_id_index` (`user_id`,`booking_id`,`driver_id`);

--
-- Indexes for table `roles`
--
ALTER TABLE `roles`
  ADD PRIMARY KEY (`id`);

--
-- Indexes for table `role_has_permissions`
--
ALTER TABLE `role_has_permissions`
  ADD PRIMARY KEY (`permission_id`,`role_id`),
  ADD KEY `role_has_permissions_role_id_foreign` (`role_id`);

--
-- Indexes for table `service`
--
ALTER TABLE `service`
  ADD PRIMARY KEY (`id`);

--
-- Indexes for table `service_items`
--
ALTER TABLE `service_items`
  ADD PRIMARY KEY (`id`);

--
-- Indexes for table `service_reminder`
--
ALTER TABLE `service_reminder`
  ADD PRIMARY KEY (`id`),
  ADD KEY `service_reminder_vehicle_id_service_id_index` (`vehicle_id`,`service_id`);

--
-- Indexes for table `settings`
--
ALTER TABLE `settings`
  ADD PRIMARY KEY (`id`),
  ADD UNIQUE KEY `settings_name_unique` (`name`);

--
-- Indexes for table `team`
--
ALTER TABLE `team`
  ADD PRIMARY KEY (`id`);

--
-- Indexes for table `testimonials`
--
ALTER TABLE `testimonials`
  ADD PRIMARY KEY (`id`);

--
-- Indexes for table `twilio_settings`
--
ALTER TABLE `twilio_settings`
  ADD PRIMARY KEY (`id`),
  ADD UNIQUE KEY `twilio_settings_name_unique` (`name`);

--
-- Indexes for table `users`
--
ALTER TABLE `users`
  ADD PRIMARY KEY (`id`),
  ADD UNIQUE KEY `users_api_token_unique` (`api_token`),
  ADD UNIQUE KEY `users_email_unique` (`email`),
  ADD KEY `users_user_type_index` (`user_type`);

--
-- Indexes for table `users_meta`
--
ALTER TABLE `users_meta`
  ADD PRIMARY KEY (`id`),
  ADD KEY `users_meta_user_id_index` (`user_id`),
  ADD KEY `users_meta_key_index` (`key`);

--
-- Indexes for table `vehicles`
--
ALTER TABLE `vehicles`
  ADD PRIMARY KEY (`id`),
  ADD KEY `vehicles_group_id_type_id_user_id_in_service_index` (`group_id`,`type_id`,`user_id`,`in_service`),
  ADD KEY `vehicles_lic_exp_date_reg_exp_date_index` (`lic_exp_date`,`reg_exp_date`),
  ADD KEY `vehicles_license_plate_index` (`license_plate`);

--
-- Indexes for table `vehicles_meta`
--
ALTER TABLE `vehicles_meta`
  ADD PRIMARY KEY (`id`),
  ADD KEY `vehicles_meta_vehicle_id_index` (`vehicle_id`),
  ADD KEY `vehicles_meta_key_index` (`key`);

--
-- Indexes for table `vehicle_group`
--
ALTER TABLE `vehicle_group`
  ADD PRIMARY KEY (`id`);

--
-- Indexes for table `vehicle_review`
--
ALTER TABLE `vehicle_review`
  ADD PRIMARY KEY (`id`),
  ADD KEY `vehicle_review_vehicle_id_user_id_index` (`vehicle_id`,`user_id`);

--
-- Indexes for table `vehicle_types`
--
ALTER TABLE `vehicle_types`
  ADD PRIMARY KEY (`id`);

--
-- Indexes for table `vendors`
--
ALTER TABLE `vendors`
  ADD PRIMARY KEY (`id`),
  ADD KEY `vendors_type_index` (`type`);

--
-- Indexes for table `work_orders`
--
ALTER TABLE `work_orders`
  ADD PRIMARY KEY (`id`),
  ADD KEY `work_orders_vehicle_id_vendor_id_index` (`vehicle_id`,`vendor_id`),
  ADD KEY `work_orders_status_index` (`status`);

--
-- Indexes for table `work_order_logs`
--
ALTER TABLE `work_order_logs`
  ADD PRIMARY KEY (`id`),
  ADD KEY `work_order_logs_vehicle_id_vendor_id_index` (`vehicle_id`,`vendor_id`),
  ADD KEY `work_order_logs_status_index` (`status`);

--
-- AUTO_INCREMENT for dumped tables
--

--
-- AUTO_INCREMENT for table `addresses`
--
ALTER TABLE `addresses`
  MODIFY `id` int(10) UNSIGNED NOT NULL AUTO_INCREMENT, AUTO_INCREMENT=10;

--
-- AUTO_INCREMENT for table `api_settings`
--
ALTER TABLE `api_settings`
  MODIFY `id` int(10) UNSIGNED NOT NULL AUTO_INCREMENT, AUTO_INCREMENT=13;

--
-- AUTO_INCREMENT for table `bookings`
--
ALTER TABLE `bookings`
  MODIFY `id` int(10) UNSIGNED NOT NULL AUTO_INCREMENT, AUTO_INCREMENT=16;

--
-- AUTO_INCREMENT for table `bookings_meta`
--
ALTER TABLE `bookings_meta`
  MODIFY `id` int(10) UNSIGNED NOT NULL AUTO_INCREMENT, AUTO_INCREMENT=183;

--
-- AUTO_INCREMENT for table `booking_income`
--
ALTER TABLE `booking_income`
  MODIFY `id` int(10) UNSIGNED NOT NULL AUTO_INCREMENT, AUTO_INCREMENT=13;

--
-- AUTO_INCREMENT for table `booking_payments`
--
ALTER TABLE `booking_payments`
  MODIFY `id` int(10) UNSIGNED NOT NULL AUTO_INCREMENT, AUTO_INCREMENT=7;

--
-- AUTO_INCREMENT for table `booking_quotation`
--
ALTER TABLE `booking_quotation`
  MODIFY `id` bigint(20) UNSIGNED NOT NULL AUTO_INCREMENT, AUTO_INCREMENT=84;

--
-- AUTO_INCREMENT for table `chat_settings`
--
ALTER TABLE `chat_settings`
  MODIFY `id` bigint(20) UNSIGNED NOT NULL AUTO_INCREMENT, AUTO_INCREMENT=5;

--
-- AUTO_INCREMENT for table `city`
--
ALTER TABLE `city`
  MODIFY `id` int(11) NOT NULL AUTO_INCREMENT, AUTO_INCREMENT=118;

--
-- AUTO_INCREMENT for table `city_distance`
--
ALTER TABLE `city_distance`
  MODIFY `id` int(11) NOT NULL AUTO_INCREMENT, AUTO_INCREMENT=1300;

--
-- AUTO_INCREMENT for table `city_form_city_to_duration_vehicle_service`
--
ALTER TABLE `city_form_city_to_duration_vehicle_service`
  MODIFY `id` int(11) NOT NULL AUTO_INCREMENT, AUTO_INCREMENT=37;

--
-- AUTO_INCREMENT for table `company_services`
--
ALTER TABLE `company_services`
  MODIFY `id` int(10) UNSIGNED NOT NULL AUTO_INCREMENT, AUTO_INCREMENT=5;

--
-- AUTO_INCREMENT for table `driver_logs`
--
ALTER TABLE `driver_logs`
  MODIFY `id` int(10) UNSIGNED NOT NULL AUTO_INCREMENT, AUTO_INCREMENT=3;

--
-- AUTO_INCREMENT for table `driver_payments`
--
ALTER TABLE `driver_payments`
  MODIFY `id` int(10) UNSIGNED NOT NULL AUTO_INCREMENT;

--
-- AUTO_INCREMENT for table `driver_vehicle`
--
ALTER TABLE `driver_vehicle`
  MODIFY `id` int(10) UNSIGNED NOT NULL AUTO_INCREMENT, AUTO_INCREMENT=3;

--
-- AUTO_INCREMENT for table `duration`
--
ALTER TABLE `duration`
  MODIFY `id` int(11) NOT NULL AUTO_INCREMENT, AUTO_INCREMENT=22;

--
-- AUTO_INCREMENT for table `email_content`
--
ALTER TABLE `email_content`
  MODIFY `id` int(10) UNSIGNED NOT NULL AUTO_INCREMENT, AUTO_INCREMENT=9;

--
-- AUTO_INCREMENT for table `expense`
--
ALTER TABLE `expense`
  MODIFY `id` int(10) UNSIGNED NOT NULL AUTO_INCREMENT, AUTO_INCREMENT=12;

--
-- AUTO_INCREMENT for table `expense_cat`
--
ALTER TABLE `expense_cat`
  MODIFY `id` int(10) UNSIGNED NOT NULL AUTO_INCREMENT, AUTO_INCREMENT=11;

--
-- AUTO_INCREMENT for table `fare_settings`
--
ALTER TABLE `fare_settings`
  MODIFY `id` int(10) UNSIGNED NOT NULL AUTO_INCREMENT, AUTO_INCREMENT=85;

--
-- AUTO_INCREMENT for table `frontend`
--
ALTER TABLE `frontend`
  MODIFY `id` int(10) UNSIGNED NOT NULL AUTO_INCREMENT, AUTO_INCREMENT=21;

--
-- AUTO_INCREMENT for table `fuel`
--
ALTER TABLE `fuel`
  MODIFY `id` int(10) UNSIGNED NOT NULL AUTO_INCREMENT, AUTO_INCREMENT=3;

--
-- AUTO_INCREMENT for table `income`
--
ALTER TABLE `income`
  MODIFY `id` int(10) UNSIGNED NOT NULL AUTO_INCREMENT, AUTO_INCREMENT=15;

--
-- AUTO_INCREMENT for table `income_cat`
--
ALTER TABLE `income_cat`
  MODIFY `id` int(10) UNSIGNED NOT NULL AUTO_INCREMENT, AUTO_INCREMENT=2;

--
-- AUTO_INCREMENT for table `limousine_booking`
--
ALTER TABLE `limousine_booking`
  MODIFY `id` int(11) NOT NULL AUTO_INCREMENT, AUTO_INCREMENT=38;

--
-- AUTO_INCREMENT for table `mechanics`
--
ALTER TABLE `mechanics`
  MODIFY `id` bigint(20) UNSIGNED NOT NULL AUTO_INCREMENT, AUTO_INCREMENT=3;

--
-- AUTO_INCREMENT for table `message`
--
ALTER TABLE `message`
  MODIFY `id` int(10) UNSIGNED NOT NULL AUTO_INCREMENT;

--
-- AUTO_INCREMENT for table `messages`
--
ALTER TABLE `messages`
  MODIFY `id` int(10) UNSIGNED NOT NULL AUTO_INCREMENT, AUTO_INCREMENT=5;

--
-- AUTO_INCREMENT for table `migrations`
--
ALTER TABLE `migrations`
  MODIFY `id` int(10) UNSIGNED NOT NULL AUTO_INCREMENT, AUTO_INCREMENT=111;

--
-- AUTO_INCREMENT for table `notes`
--
ALTER TABLE `notes`
  MODIFY `id` int(10) UNSIGNED NOT NULL AUTO_INCREMENT, AUTO_INCREMENT=2;

--
-- AUTO_INCREMENT for table `oauth_clients`
--
ALTER TABLE `oauth_clients`
  MODIFY `id` int(10) UNSIGNED NOT NULL AUTO_INCREMENT, AUTO_INCREMENT=3;

--
-- AUTO_INCREMENT for table `oauth_personal_access_clients`
--
ALTER TABLE `oauth_personal_access_clients`
  MODIFY `id` int(10) UNSIGNED NOT NULL AUTO_INCREMENT, AUTO_INCREMENT=2;

--
-- AUTO_INCREMENT for table `office`
--
ALTER TABLE `office`
  MODIFY `id` int(11) NOT NULL AUTO_INCREMENT, AUTO_INCREMENT=7;

--
-- AUTO_INCREMENT for table `office_vehicle`
--
ALTER TABLE `office_vehicle`
  MODIFY `id` int(11) NOT NULL AUTO_INCREMENT, AUTO_INCREMENT=2;

--
-- AUTO_INCREMENT for table `parts`
--
ALTER TABLE `parts`
  MODIFY `id` int(10) UNSIGNED NOT NULL AUTO_INCREMENT;

--
-- AUTO_INCREMENT for table `parts_category`
--
ALTER TABLE `parts_category`
  MODIFY `id` int(10) UNSIGNED NOT NULL AUTO_INCREMENT, AUTO_INCREMENT=3;

--
-- AUTO_INCREMENT for table `parts_used`
--
ALTER TABLE `parts_used`
  MODIFY `id` int(10) UNSIGNED NOT NULL AUTO_INCREMENT;

--
-- AUTO_INCREMENT for table `payment_settings`
--
ALTER TABLE `payment_settings`
  MODIFY `id` int(10) UNSIGNED NOT NULL AUTO_INCREMENT, AUTO_INCREMENT=8;

--
-- AUTO_INCREMENT for table `permissions`
--
ALTER TABLE `permissions`
  MODIFY `id` bigint(20) UNSIGNED NOT NULL AUTO_INCREMENT, AUTO_INCREMENT=136;

--
-- AUTO_INCREMENT for table `push_notification`
--
ALTER TABLE `push_notification`
  MODIFY `id` int(10) UNSIGNED NOT NULL AUTO_INCREMENT, AUTO_INCREMENT=5;

--
-- AUTO_INCREMENT for table `push_subscriptions`
--
ALTER TABLE `push_subscriptions`
  MODIFY `id` bigint(20) UNSIGNED NOT NULL AUTO_INCREMENT;

--
-- AUTO_INCREMENT for table `reasons`
--
ALTER TABLE `reasons`
  MODIFY `id` int(10) UNSIGNED NOT NULL AUTO_INCREMENT, AUTO_INCREMENT=3;

--
-- AUTO_INCREMENT for table `reviews`
--
ALTER TABLE `reviews`
  MODIFY `id` int(10) UNSIGNED NOT NULL AUTO_INCREMENT;

--
-- AUTO_INCREMENT for table `roles`
--
ALTER TABLE `roles`
  MODIFY `id` bigint(20) UNSIGNED NOT NULL AUTO_INCREMENT, AUTO_INCREMENT=3;

--
-- AUTO_INCREMENT for table `service`
--
ALTER TABLE `service`
  MODIFY `id` int(11) NOT NULL AUTO_INCREMENT, AUTO_INCREMENT=7;

--
-- AUTO_INCREMENT for table `service_items`
--
ALTER TABLE `service_items`
  MODIFY `id` int(10) UNSIGNED NOT NULL AUTO_INCREMENT, AUTO_INCREMENT=2;

--
-- AUTO_INCREMENT for table `service_reminder`
--
ALTER TABLE `service_reminder`
  MODIFY `id` int(10) UNSIGNED NOT NULL AUTO_INCREMENT;

--
-- AUTO_INCREMENT for table `settings`
--
ALTER TABLE `settings`
  MODIFY `id` int(10) UNSIGNED NOT NULL AUTO_INCREMENT, AUTO_INCREMENT=30;

--
-- AUTO_INCREMENT for table `team`
--
ALTER TABLE `team`
  MODIFY `id` int(10) UNSIGNED NOT NULL AUTO_INCREMENT, AUTO_INCREMENT=6;

--
-- AUTO_INCREMENT for table `testimonials`
--
ALTER TABLE `testimonials`
  MODIFY `id` int(10) UNSIGNED NOT NULL AUTO_INCREMENT, AUTO_INCREMENT=6;

--
-- AUTO_INCREMENT for table `twilio_settings`
--
ALTER TABLE `twilio_settings`
  MODIFY `id` bigint(20) UNSIGNED NOT NULL AUTO_INCREMENT, AUTO_INCREMENT=6;

--
-- AUTO_INCREMENT for table `users`
--
ALTER TABLE `users`
  MODIFY `id` int(10) UNSIGNED NOT NULL AUTO_INCREMENT, AUTO_INCREMENT=13;

--
-- AUTO_INCREMENT for table `users_meta`
--
ALTER TABLE `users_meta`
  MODIFY `id` int(10) UNSIGNED NOT NULL AUTO_INCREMENT, AUTO_INCREMENT=78;

--
-- AUTO_INCREMENT for table `vehicles`
--
ALTER TABLE `vehicles`
  MODIFY `id` int(10) UNSIGNED NOT NULL AUTO_INCREMENT, AUTO_INCREMENT=5;

--
-- AUTO_INCREMENT for table `vehicles_meta`
--
ALTER TABLE `vehicles_meta`
  MODIFY `id` int(10) UNSIGNED NOT NULL AUTO_INCREMENT, AUTO_INCREMENT=24;

--
-- AUTO_INCREMENT for table `vehicle_group`
--
ALTER TABLE `vehicle_group`
  MODIFY `id` int(10) UNSIGNED NOT NULL AUTO_INCREMENT, AUTO_INCREMENT=3;

--
-- AUTO_INCREMENT for table `vehicle_review`
--
ALTER TABLE `vehicle_review`
  MODIFY `id` int(10) UNSIGNED NOT NULL AUTO_INCREMENT, AUTO_INCREMENT=2;

--
-- AUTO_INCREMENT for table `vehicle_types`
--
ALTER TABLE `vehicle_types`
  MODIFY `id` int(10) UNSIGNED NOT NULL AUTO_INCREMENT, AUTO_INCREMENT=8;

--
-- AUTO_INCREMENT for table `vendors`
--
ALTER TABLE `vendors`
  MODIFY `id` int(10) UNSIGNED NOT NULL AUTO_INCREMENT, AUTO_INCREMENT=3;

--
-- AUTO_INCREMENT for table `work_orders`
--
ALTER TABLE `work_orders`
  MODIFY `id` int(10) UNSIGNED NOT NULL AUTO_INCREMENT, AUTO_INCREMENT=3;

--
-- AUTO_INCREMENT for table `work_order_logs`
--
ALTER TABLE `work_order_logs`
  MODIFY `id` int(10) UNSIGNED NOT NULL AUTO_INCREMENT;

--
-- Constraints for dumped tables
--

--
-- Constraints for table `model_has_permissions`
--
ALTER TABLE `model_has_permissions`
  ADD CONSTRAINT `model_has_permissions_permission_id_foreign` FOREIGN KEY (`permission_id`) REFERENCES `permissions` (`id`) ON DELETE CASCADE;

--
-- Constraints for table `model_has_roles`
--
ALTER TABLE `model_has_roles`
  ADD CONSTRAINT `model_has_roles_role_id_foreign` FOREIGN KEY (`role_id`) REFERENCES `roles` (`id`) ON DELETE CASCADE;

--
-- Constraints for table `role_has_permissions`
--
ALTER TABLE `role_has_permissions`
  ADD CONSTRAINT `role_has_permissions_permission_id_foreign` FOREIGN KEY (`permission_id`) REFERENCES `permissions` (`id`) ON DELETE CASCADE,
  ADD CONSTRAINT `role_has_permissions_role_id_foreign` FOREIGN KEY (`role_id`) REFERENCES `roles` (`id`) ON DELETE CASCADE;
COMMIT;

